Gardiner Family

Gardiner Family

Gardiner Family
NOAA style reports

NOAA-style Climate Reports

Select a Year or Month report

Notice: Undefined index: NOAA2017.TXT in E:\xampp\htdocs\gardiner\davis\noaa.php on line 289

Report for 2014 Apr
                   MONTHLY CLIMATOLOGICAL SUMMARY for APR. 2014

NAME: Kairos   CITY: Maddington   STATE: Western Australia 
ELEV:    20 m  LAT:  32 06' 00" S  LONG: 116 00' 00" E

                   TEMPERATURE (C), RAIN  (mm), WIND SPEED (km/hr)

                                      HEAT  COOL        AVG
    MEAN                              DEG   DEG         WIND                 DOM
DAY TEMP  HIGH   TIME   LOW    TIME   DAYS  DAYS  RAIN  SPEED HIGH   TIME    DIR
------------------------------------------------------------------------------------
 1  19.1  27.3   2:20p  12.7  11:30p   1.4   2.2   0.6   2.6  33.8  12:00m   SSW
 2  20.0  28.0   3:00p  13.6   5:50a   1.2   3.0   0.0  11.4  43.5   2:55a     E
 3  20.5  30.4   3:40p  14.0  12:00m   1.2   3.4   0.0   9.2  43.5   3:10a     E
 4  23.0  32.6   1:35p  13.9  12:15a   0.2   4.9   0.0   6.4  35.4   4:50a     E
 5  23.2  34.2  12:40p  16.6   7:10a   0.2   5.1   0.0   2.1  20.9   4:00a    SW
 6  20.2  29.2   1:35p  14.2   5:55a   1.1   3.0   0.0   3.5  33.8   4:45p    SW
 7  20.1  29.0   1:00p  13.9   5:30a   1.2   3.0   0.0   4.0  33.8   2:45p    SW
 8  22.3  32.2   2:20p  14.2   1:10a   0.7   4.7   0.0  10.1  45.1   5:45a     E
 9  25.4  30.9   3:25p  21.1   6:50a   0.0   7.1   0.0  10.1  38.6   4:05a     E
10  27.1  34.5   2:10p  22.4   6:25a   0.0   8.8   0.0   8.2  33.8   2:35a     E
11  28.3  37.1   2:55p  22.2   7:05a   0.0  10.0   0.0   7.1  30.6   1:25a     E
12  27.6  35.5   2:50p  18.6  12:00m   0.0   9.3   0.0   4.5  25.7  12:40a    SW
13  26.2  37.1   2:50p  18.3  12:20a   0.0   7.9   0.0   4.3  30.6   3:00a    SW
14  25.1  33.7  12:20p  19.2   1:00a   0.0   6.8   0.0   3.7  22.5   1:55a   WSW
15  21.2  27.7  11:45a  15.8   6:40a   0.3   3.2   0.0   3.1  30.6   4:30p    SW
16  20.0  28.3   2:15p  13.4  12:00m   0.6   2.3   0.0   3.1  24.1   4:35p    SW
17  18.7  28.2   2:50p  10.6   6:25a   2.5   2.9   0.0   2.4  25.7  12:40p    SW
18  21.1  31.3   2:35p  15.2  12:00m   0.6   3.3   0.0   9.0  45.1   6:15a     E
19  18.7  29.3   2:40p  10.8   6:55a   2.4   2.8   0.0   2.6  20.9   3:35p    SW
20  19.3  28.9   1:50p  13.7   1:25a   1.5   2.5   0.0   3.2  29.0   5:00p   SSW
21  17.3  25.7   2:10p   9.3   7:10a   3.0   2.0   0.0   2.7  29.0   4:40p   SSW
22  17.7  27.2  12:55p  10.3   3:15a   3.0   2.4   0.0   4.3  29.0   6:00a    SW
23  19.1  29.3   2:45p   8.6   4:30a   2.8   3.6   0.0   4.0  40.2  10:50p     E
24  20.8  25.8  12:35p  17.8  11:55p   0.1   2.6   0.4   7.2  45.1   5:00a     E
25  20.4  27.6   1:40p  15.9   7:40a   0.4   2.6   0.2   1.1  17.7   3:25p   WSW
26  19.4  22.1  12:35p  16.3   7:10a   0.2   1.3  12.2   6.6  48.3  10:50a     E
27  19.3  24.3   1:25p  15.6   9:55p   0.5   1.5   7.4   4.8  35.4   4:15p   SSW
28  14.6  19.8   1:55p   9.9  12:00m   3.8   0.1   4.6   3.1  35.4   2:00p    SW
29  14.1  22.0   1:15p   6.9   7:10a   5.0   0.7   0.0   1.3  17.7   1:30p   SSW
30  15.5  23.4  12:05p   9.6   1:55a   4.0   1.2   0.2   1.8  22.5   4:35p    SW
-------------------------------------------------------------------------------------
    20.8  37.1    11     6.9    29    37.8 113.9  25.6   4.9  48.3    26       E

Max >=  32.0:  8
Max <=   0.0:  0
Min <=   0.0:  0
Min <= -18.0:  0
Max Rain: 12.19 ON 26/04/14
Days of Rain: 7 (> .2 mm) 3 (> 2 mm) 0 (> 20 mm)
Heat Base:  18.3  Cool Base:  18.3  Method: Integration
Gardiner Family