Gardiner Family

Gardiner Family

Gardiner Family
NOAA style reports

NOAA-style Climate Reports

Select a Year or Month report

Notice: Undefined index: NOAA2017.TXT in E:\xampp\htdocs\gardiner\davis\noaa.php on line 289

Report for 2014 Jan
                   MONTHLY CLIMATOLOGICAL SUMMARY for DEC. 2013

NAME: Kairos   CITY: Maddington   STATE: Western Australia 
ELEV:    20 m  LAT:  32 06' 00" S  LONG: 116 00' 00" E

                   TEMPERATURE (C), RAIN  (mm), WIND SPEED (km/hr)

                                      HEAT  COOL        AVG
    MEAN                              DEG   DEG         WIND                 DOM
DAY TEMP  HIGH   TIME   LOW    TIME   DAYS  DAYS  RAIN  SPEED HIGH   TIME    DIR
------------------------------------------------------------------------------------
 1  20.4  28.1   2:25p  15.1  12:00m   0.7   2.8   0.0   4.7  29.0   3:10p    SW
 2  19.3  26.8  12:15p  13.4   2:35a   1.5   2.5   0.0   6.8  38.6   4:30p    SW
 3  19.2  27.8   2:45p  12.3   3:30a   1.5   2.4   0.0   7.9  40.2   4:15p     S
 4  21.2  29.2   3:10p  12.3   5:30a   1.3   4.3   0.0   7.9  38.6   7:35a   ESE
 5  23.5  32.2   2:55p  13.6   5:25a   1.0   6.2   0.0  16.6  64.4   5:25a     E
 6  26.4  35.3  12:35p  19.9  12:00m   0.0   8.1   2.4   9.7  43.5   2:00a   SSW
 7  23.4  29.4  11:55a  18.5   5:35a   0.0   5.1   0.0   4.2  30.6   1:35p    SW
 8  20.9  29.1   1:20p  15.6  12:00m   0.5   3.1   0.0   6.9  37.0   3:10p   SSW
 9  21.7  30.8   3:15p  13.8   5:10a   1.0   4.4   0.0   6.8  45.1  11:30p    SW
10  25.1  33.8   3:35p  15.3   5:15a   0.4   7.2   0.0  11.4  51.5   1:00a     E
11  25.8  35.9   2:55p  17.3   5:35a   0.0   7.5   0.0  12.9  59.5  12:45a     E
12  28.3  39.0   1:30p  19.6  12:20a   0.0  10.0   0.0  10.0  48.3   6:55a     E
13  30.1  42.4   2:30p  21.2   5:35a   0.0  11.7   0.0  10.3  53.1   6:20a     E
14  31.5  43.9   1:05p  19.7   1:15a   0.0  13.2   0.0   6.1  30.6   5:35a    SW
15  30.2  42.1   2:50p  18.1   5:35a   0.0  11.9   0.0   3.5  41.8  11:30p    SW
16  31.5  42.4   1:15p  21.7  12:00m   0.0  13.2   0.0   7.9  46.7   5:20a     E
17  24.4  32.0  10:30a  17.9   5:30a   0.0   6.2   0.0   5.0  24.1   4:30p    SW
18  23.6  30.5   1:25p  18.8   5:40a   0.0   5.3   0.0   6.9  30.6   4:25p   SSW
19  23.9  32.3   3:05p  17.8   4:50a   0.0   5.7   0.0   7.6  43.5  12:10a   ESE
20  22.4  29.4   2:35p  16.0   5:40a   0.3   4.4   0.0  12.4  43.5   2:25a   ESE
21  21.4  30.3   4:15p  14.1   5:10a   0.9   4.0   0.0  11.1  49.9   3:35a     E
22  23.2  32.4   4:40p  15.6   5:35a   0.4   5.2   0.0  11.3  51.5   6:50a     E
23  25.2  36.9   1:45p  13.8   5:05a   0.9   7.8   0.0   3.9  29.0   2:50p   SSW
24  22.9  33.2  12:50p  13.9   5:25a   0.8   5.4   0.0   5.5  35.4   1:05p    SW
25  23.5  35.0   2:00p  15.1   5:00a   0.4   5.7   0.0   5.3  27.4   7:30a   SSW
26  22.7  33.3   1:15p  12.8   5:35a   1.0   5.4   0.0   4.0  25.7  11:50a    SW
27  22.9  30.7   2:10p  17.3  12:25a   0.1   4.8   0.0   6.0  35.4   4:05p   SSW
28  24.2  35.9   2:45p  16.3   5:30a   0.2   6.1   0.0  10.1  59.5   6:45a   SSW
29  26.2  39.4   1:55p  15.2   5:25a   0.5   8.4   0.0   5.6  30.6   2:20p    SW
30  26.3  35.6  12:20p  18.7   5:55a   0.0   7.9   0.0   4.2  24.1   2:25p    SW
31  21.9  28.4  11:45a  17.3  12:00m   0.1   3.7   0.0   6.3  37.0   1:50p    SW
-------------------------------------------------------------------------------------
    24.3  43.9    14    12.3     3    13.6 199.7   2.4   7.7  64.4     5      SW

Max >=  32.0: 19
Max <=   0.0:  0
Min <=   0.0:  0
Min <= -18.0:  0
Max Rain: 2.39 ON 06/12/13
Days of Rain: 1 (> .2 mm) 1 (> 2 mm) 0 (> 20 mm)
Heat Base:  18.3  Cool Base:  18.3  Method: Integration
Gardiner Family