Gardiner Family

Gardiner Family

Gardiner Family
NOAA style reports

NOAA-style Climate Reports

Select a Year or Month report

Notice: Undefined index: NOAA2017.TXT in E:\xampp\htdocs\gardiner\davis\noaa.php on line 289

Report for 2013 Nov
                   MONTHLY CLIMATOLOGICAL SUMMARY for NOV. 2013

NAME: Kairos   CITY: Maddington   STATE: Western Australia 
ELEV:    20 m  LAT:  32 06' 00" S  LONG: 116 00' 00" E

                   TEMPERATURE (C), RAIN  (mm), WIND SPEED (km/hr)

                                      HEAT  COOL        AVG
    MEAN                              DEG   DEG         WIND                 DOM
DAY TEMP  HIGH   TIME   LOW    TIME   DAYS  DAYS  RAIN  SPEED HIGH   TIME    DIR
------------------------------------------------------------------------------------
 1  21.3  31.3  12:55p  14.2   5:55a   1.0   4.0   0.0   5.5  30.6   2:45p    SW
 2  22.5  30.3   2:55p  16.7  12:00m   0.2   4.4   0.0  11.3  59.5   9:25p   ESE
 3  23.8  33.9   4:45p  14.8   4:45a   0.9   6.4   0.0  19.2  67.6   1:00a     E
 4  27.7  35.6   2:05p  19.9  12:00m   0.0   9.4   0.0   4.5  30.6   1:15a   ENE
 5  19.7  24.6   1:00p  14.3  11:55p   0.4   1.9   0.0   6.1  32.2   4:35p    SW
 6  18.7  27.8   1:00p  12.6   2:45a   1.8   2.1   0.2   4.7  32.2   2:35p   SSW
 7  21.2  29.6   3:20p  15.1   5:05a   0.8   3.7   0.0   6.0  38.6  11:20p     E
 8  21.6  31.5   2:40p  14.5   5:25a   0.9   4.2   0.0  11.9  48.3   6:50a     E
 9  25.0  36.3   3:40p  15.1  12:30a   0.2   6.9   0.0  10.5  45.1   2:10a     E
10  26.9  38.6   2:15p  16.8  12:00m   0.0   8.7   0.0  10.6  51.5   3:10a     E
11  23.5  35.6   2:25p  12.2   5:25a   1.2   6.5   0.0   3.1  22.5  12:25p    SW
12  21.9  31.7   3:00p  14.2   5:40a   0.9   4.5   0.0   7.1  30.6   3:30p   SSW
13  22.4  32.1   2:55p  12.9   5:35a   1.0   5.1   0.0   6.3  29.0  12:25p   SSW
14  24.8  34.1   3:35p  15.8   4:50a   0.4   6.9   0.0  10.0  66.0  10:20p   ESE
15  25.3  34.1   4:10p  16.1   5:35a   0.3   7.3   0.0  24.3  69.2   8:50a     E
16  28.3  39.4   1:00p  21.1   5:50a   0.0  10.0   0.0  12.2  56.3   1:30a     E
17  24.0  33.2   2:15p  17.6  12:00m   0.0   5.7   0.0   4.2  22.5  11:15a    SW
18  20.2  25.4   1:10p  14.8  12:00m   0.4   2.3   0.0  10.5  53.1  11:30p   ESE
19  19.0  26.0   2:20p  11.6   5:00a   1.8   2.5   0.0  13.4  53.1  10:55p   ESE
20  21.0  28.8   3:35p  13.1   5:10a   1.4   4.1   0.0  14.0  57.9  10:00a     E
21  24.9  33.1   3:25p  16.4   5:10a   0.2   6.8   0.0  15.0  56.3   6:55a     E
22  25.3  32.6   1:00p  19.5  12:00m   0.0   7.0   0.0  10.6  48.3   1:10a     E
23  23.2  30.4   2:15p  16.8   5:50a   0.1   5.0   0.0   5.8  27.4  11:10a   ENE
24  19.6  26.2  12:15p  13.6  10:50p   0.8   2.0   1.2   6.0  33.8   1:25p    SW
25  19.3  28.8   2:20p  12.4   1:20a   1.8   2.7   0.0   4.8  35.4   3:00p    SW
26  22.3  32.4  12:40p  12.6   2:00a   1.0   5.0   0.0  10.5  51.5   7:30a     E
27  25.2  35.0   1:10p  16.2   5:25a   0.3   7.2   0.0   6.3  49.9  10:45p    SW
28  24.5  33.2  12:05p  18.6  11:55p   0.0   6.2   0.0  10.5  45.1  12:05a   WNW
29  19.6  24.3  10:05a  16.2  11:35p   0.2   1.4   4.8   7.1  38.6  10:35a   WNW
30  19.3  25.4   1:35p  15.1   4:20a   0.9   1.9   6.2   7.4  38.6   9:25a    SW
-------------------------------------------------------------------------------------
    22.7  39.4    16    11.6    19    18.9 151.8  12.4   9.3  69.2    15       E

Max >=  32.0: 15
Max <=   0.0:  0
Min <=   0.0:  0
Min <= -18.0:  0
Max Rain: 6.20 ON 30/11/13
Days of Rain: 4 (> .2 mm) 2 (> 2 mm) 0 (> 20 mm)
Heat Base:  18.3  Cool Base:  18.3  Method: Integration
Gardiner Family