Gardiner Family

Gardiner Family

Gardiner Family
NOAA style reports

NOAA-style Climate Reports


Report for 2013 Oct
                   MONTHLY CLIMATOLOGICAL SUMMARY for OCT. 2013

NAME: Kairos   CITY: Maddington   STATE: Western Australia 
ELEV:    20 m  LAT:  32 06' 00" S  LONG: 116 00' 00" E

                   TEMPERATURE (C), RAIN  (mm), WIND SPEED (km/hr)

                                      HEAT  COOL        AVG
    MEAN                              DEG   DEG         WIND                 DOM
DAY TEMP  HIGH   TIME   LOW    TIME   DAYS  DAYS  RAIN  SPEED HIGH   TIME    DIR
------------------------------------------------------------------------------------
 1  13.5  21.3  11:55a   4.6   6:10a   5.2   0.4   0.2   3.1  25.7   3:25p    SW
 2  18.9  29.3   2:25p  11.4   6:25a   2.3   2.9   0.0   2.1  17.7  12:20p     S
 3  22.6  33.6   2:15p  13.2  12:20a   0.6   4.9   0.0   6.3  32.2  10:15p    SW
 4  17.6  22.4  12:10p  12.8  11:25p   1.6   0.9   0.4   3.2  27.4   3:25p    SW
 5  15.9  22.5  10:50a  10.5  12:00m   3.3   0.9   6.8   5.0  38.6   2:40p   WNW
 6  16.6  23.4   1:10p   9.5   2:00a   3.0   1.3   0.4   5.5  37.0  11:20a   WNW
 7  18.2  25.6   2:30p  11.6   3:25a   2.1   2.0   0.0   5.8  33.8  11:55a   WNW
 8  17.7  24.8  11:30a  12.5   5:10a   1.9   1.3   2.6   5.3  33.8  11:30a   NNE
 9  15.4  21.8   1:40p  10.4  11:50p   3.3   0.5  11.6   4.2  33.8   3:30p   ESE
10  15.4  25.1   2:35p   7.3   6:00a   4.2   1.4   0.2   2.1  22.5   4:10p    SW
11  15.1  21.7  11:00a   9.4   2:35a   3.7   0.5   0.4   6.4  33.8  12:10p    SW
12  14.8  21.3   2:55p  10.6   4:55a   3.9   0.4   0.0   5.0  29.0  10:15a     S
13  16.2  24.7   3:50p   9.9   5:40a   3.6   1.5   0.0   9.5  40.2   1:50a     E
14  17.8  29.4   2:40p   7.2   3:40a   3.7   3.2   0.0   4.0  30.6   3:00p   SSW
15  16.5  24.1  12:30p   7.8   4:45a   3.1   1.3   0.2   4.3  25.7  10:55a     W
16  17.9  24.5   3:30p  11.2  12:00m   1.6   1.2   2.2   5.6  27.4   9:40a    SW
17  17.3  25.8   1:10p   9.7   5:10a   2.9   1.8   0.0   3.2  25.7   9:15a    SW
18  19.2  25.2   2:00p  13.1   5:55a   1.1   2.0   0.0   6.0  29.0  12:55p   WNW
19  15.3  18.9  12:05p  10.9  10:20p   3.0   0.0  11.4   5.3  33.8   1:35p   WNW
20  14.7  21.4   3:15p   9.8   4:35a   3.9   0.3   3.2   6.6  35.4  12:00m   ESE
21  15.8  24.5   3:50p   9.6   5:25a   3.7   1.2   0.0   9.5  37.0  12:40a     E
22  18.3  27.2   3:25p  10.7   5:45a   2.4   2.4   0.0  10.8  45.1  11:55p     E
23  19.9  27.5   2:25p  11.8   5:20a   1.6   3.2   0.0  22.2  67.6  11:35p     E
24  21.1  28.5   1:35p  14.6   6:25a   0.7   3.4   0.4  25.1  64.4   4:35a     E
25  19.5  27.8  12:10p  12.1   5:55a   1.4   2.6   0.0   3.5  41.8  12:05a    NE
26  20.2  28.8   1:35p  13.8   3:05a   1.3   3.1   0.0   3.4  25.7   2:30p    SW
27  21.8  30.8   1:05p  15.2  12:00m   0.6   4.1   0.0  10.1  48.3   4:25a     E
28  21.9  32.6   2:55p  14.9  12:25a   0.6   4.3   0.0  10.6  53.1   3:55a     E
29  24.7  34.7   1:40p  14.3   1:35a   0.3   6.8   0.0   8.9  51.5  10:45p     E
30  26.7  39.9   1:35p  18.1  12:00m   0.0   8.4   0.0  10.5  51.5   2:30a     E
31  20.8  28.5  11:35a  15.6   3:25a   0.7   3.1   0.0   3.9  24.1   1:55p    SW
-------------------------------------------------------------------------------------
    18.3  39.9    30     4.6     1    71.3  71.4  40.1   7.0  67.6    23      SW

Max >=  32.0:  4
Max <=   0.0:  0
Min <=   0.0:  0
Min <= -18.0:  0
Max Rain: 11.61 ON 09/10/13
Days of Rain: 13 (> .2 mm) 6 (> 2 mm) 0 (> 20 mm)
Heat Base:  18.3  Cool Base:  18.3  Method: Integration
Gardiner Family