Gardiner Family

Gardiner Family

Gardiner Family
NOAA style reports

NOAA-style Climate Reports

Select a Year or Month report

Notice: Undefined index: NOAA2017.TXT in E:\xampp\htdocs\gardiner\davis\noaa.php on line 289

Report for 2013 Sep
                   MONTHLY CLIMATOLOGICAL SUMMARY for SEP. 2013

NAME: Kairos   CITY: Maddington   STATE: Western Australia 
ELEV:    20 m  LAT:  32 06' 00" S  LONG: 116 00' 00" E

                   TEMPERATURE (C), RAIN  (mm), WIND SPEED (km/hr)

                                      HEAT  COOL        AVG
    MEAN                              DEG   DEG         WIND                 DOM
DAY TEMP  HIGH   TIME   LOW    TIME   DAYS  DAYS  RAIN  SPEED HIGH   TIME    DIR
------------------------------------------------------------------------------------
 1  18.6  22.9   1:30p  14.6   6:55a   0.8   1.0   0.0   4.5  29.0   1:30p    NW
 2  19.1  25.6   3:25p  13.9  12:00m   0.8   1.6   0.0   2.6  19.3   1:50a     N
 3  15.9  21.2  10:40a  12.3   2:20a   2.7   0.3  15.8   7.6  49.9   1:00p     N
 4  14.1  20.6   2:10p   8.9   4:30a   4.5   0.3   2.2   3.5  30.6   5:10a    SW
 5  15.5  24.1   1:10p  10.1  12:00m   3.9   1.1   0.0   2.4  20.9   2:15p   SSW
 6  15.7  25.4   2:25p   7.0   6:05a   4.3   1.6   0.0   3.5  40.2  11:55p   ESE
 7  15.6  20.2   2:30p  12.9   8:50a   2.9   0.1   4.4   5.5  57.9   1:15a    SW
 8  14.8  22.2   3:05p   8.2   7:00a   4.1   0.7   0.4   2.7  24.1   3:05p    SW
 9  15.2  23.5   2:50p   6.6   6:20a   4.5   1.4   0.2   2.1  22.5  12:10p     W
10  16.0  20.6  11:15a  10.6   6:15a   2.5   0.2   4.4   4.8  29.0  11:20a   NNE
11  14.7  18.1  12:00p  12.8   6:45a   3.6   0.0  41.6   9.2  43.5   1:20p   WNW
12  15.6  20.6   3:40p  12.9   3:20a   3.0   0.2   4.0   6.0  35.4  12:15p    SW
13  15.8  21.3  10:55a  12.4  12:35a   3.0   0.5  17.4   5.0  24.1  11:20a   NNE
14  13.3  16.3  10:25a  11.7   6:20a   5.0   0.0  15.4  10.1  51.5   3:35p    SW
15  13.6  20.3   2:25p   7.3  12:00m   4.8   0.1   0.0   7.1  37.0   1:20a   SSW
16  13.4  22.4   1:15p   6.0   3:05a   5.3   0.4  15.2  10.3  66.0   2:15p     N
17  13.1  17.6   1:15p   9.5   2:10a   5.2   0.0   2.0   5.0  32.2   2:15a    SW
18  15.1  20.4   1:20p  11.8  12:05a   3.3   0.1   5.8   7.4  48.3   1:35p     W
19  16.7  21.3   3:20p  13.6  11:20p   2.0   0.4   2.0   6.0  32.2   2:10p   WNW
20  15.6  21.4  12:45p  10.9  12:00m   3.0   0.3   3.4   6.8  48.3  12:45p     N
21  16.1  23.2   3:05p   8.0   5:25a   3.3   1.1   0.2   8.2  40.2   1:55p    NW
22  15.4  18.3  10:30a  13.3   6:10a   2.6   0.0  21.4  11.7  53.1  10:20p   WNW
23  18.3  21.2   1:10p  16.1   5:50a   0.5   0.5   3.8  16.3  59.5   1:10a   WNW
24  16.8  19.7   1:00p  11.8  10:30p   1.6   0.2   1.8  10.5  46.7   1:00p   WNW
25  16.7  22.6   1:50p  11.3  10:30p   2.4   0.8   0.2   6.6  35.4   1:55a     W
26  14.5  20.7   2:30p   9.6  12:00m   4.0   0.2   4.6   6.1  40.2   3:10p    SW
27  15.1  22.7   3:05p   8.4   6:20a   3.9   0.7   0.2   2.9  22.5   3:30p    SW
28  16.4  22.2   2:05p  10.1   5:35a   2.6   0.7   0.0   5.1  30.6   1:30p   WNW
29  15.3  20.8  10:55a  10.2  11:40p   3.2   0.2   8.4   5.8  38.6   4:15p   WNW
30  12.6  19.3   2:55p   6.9  12:00m   5.7   0.0   1.2   3.9  25.7   9:00a    SW
-------------------------------------------------------------------------------------
    15.5  25.6     2     6.0    16    99.1  14.6 176.0   6.3  66.0    16      SW

Max >=  32.0:  0
Max <=   0.0:  0
Min <=   0.0:  0
Min <= -18.0:  0
Max Rain: 41.61 ON 11/09/13
Days of Rain: 24 (> .2 mm) 17 (> 2 mm) 2 (> 20 mm)
Heat Base:  18.3  Cool Base:  18.3  Method: Integration
Gardiner Family