Gardiner Family

Gardiner Family

Gardiner Family
NOAA style reports

NOAA-style Climate Reports


Report for 2013 Aug
                   MONTHLY CLIMATOLOGICAL SUMMARY for AUG. 2013

NAME: Kairos   CITY: Maddington   STATE: Western Australia 
ELEV:    20 m  LAT:  32 06' 00" S  LONG: 116 00' 00" E

                   TEMPERATURE (C), RAIN  (mm), WIND SPEED (km/hr)

                                      HEAT  COOL        AVG
    MEAN                              DEG   DEG         WIND                 DOM
DAY TEMP  HIGH   TIME   LOW    TIME   DAYS  DAYS  RAIN  SPEED HIGH   TIME    DIR
------------------------------------------------------------------------------------
 1  15.6  22.6   2:55p  10.3  11:55p   3.4   0.6   0.4   1.8  25.7   1:40p     W
 2  13.7  22.7  12:45p   7.3   5:10a   5.2   0.6   0.4   1.3  17.7  12:30p   SSW
 3  16.2  24.1   3:00p  10.6  12:05a   3.5   1.3   0.0   2.1  20.9   8:40a   ENE
 4  15.9  23.9   1:05p   6.9   7:30a   3.7   1.3   0.2   4.2  32.2   1:15p   WNW
 5  18.6  23.0   2:50p  14.6   7:20a   0.9   1.2  12.4   7.1  37.0   1:25p   WNW
 6  18.2  21.5   2:15p  15.7   6:50a   0.9   0.8  11.8   4.5  27.4   4:40p   NNE
 7  18.3  21.5   2:30p  16.5  10:15p   0.6   0.6  24.6   9.7  43.5   3:15p   NNE
 8  15.4  17.2   9:10a  12.0  12:00m   2.9   0.0  27.6   4.5  32.2  12:20p    SW
 9  15.1  22.1  12:00p   9.9   4:10a   3.7   0.4   2.0   2.3  24.1   1:50p     W
10  14.9  19.3   3:25p  11.8  11:20p   3.5   0.0   6.2   3.7  27.4   1:15p     W
11  14.5  20.2   1:50p  11.6  12:35a   4.0   0.1   3.6   3.4  30.6  12:45p    SW
12  14.9  19.3   3:35p  10.4   6:50a   3.5   0.0   1.2   4.5  32.2   4:05p   WSW
13  15.1  20.1   2:25p   9.7  12:00m   3.3   0.1   8.8   4.2  37.0   4:35a    SW
14  13.6  20.2   1:00p   7.9   2:50a   4.9   0.2   0.4   3.5  25.7   4:10p    NW
15  13.1  16.8  10:55a   8.2  11:10p   5.2   0.0  17.8   6.4  41.8   2:35p    SW
16  11.7  18.2  12:50p   6.2   3:30a   6.6   0.0   1.6   4.7  40.2   1:15p    SW
17  14.2  19.6  12:00p  10.2  12:05a   4.1   0.0   1.4   3.5  32.2   2:50p    SW
18  14.0  20.2   3:00p   9.2   4:50a   4.5   0.2   0.2   1.0  14.5   4:55p    SW
19  15.2  23.2   2:50p   9.0  12:00m   3.9   0.8   0.0   4.0  30.6   7:40a    SW
20  12.7  21.1  11:55a   5.3   6:45a   6.0   0.4   0.2   1.6  29.0   3:50p   SSW
21  14.5  21.9   1:15p   8.7  12:00m   4.5   0.6   0.2   2.7  25.7   1:35p   SSW
22  14.8  24.4   2:40p   7.4   7:05a   4.7   1.2   0.0   1.8  17.7  10:20a     E
23  15.4  26.3   3:00p   6.6   5:10a   4.9   2.0   0.2   3.7  37.0   9:45a   ENE
24  15.8  28.2   2:10p   6.1   7:05a   5.0   2.5   0.0   1.8  20.9   2:35p    SW
25  15.6  21.4   2:55p  12.0   4:45a   3.0   0.3   9.8   5.5  32.2  12:00p     N
26  15.2  19.4   1:55p  10.9  11:15p   3.2   0.1   3.0   4.0  30.6   1:05p    SW
27  12.6  16.6   2:00p   8.7   4:30a   5.7   0.0  16.2   4.2  24.1  11:10a   NNE
28  14.2  19.8  12:55p   8.9   7:20a   4.2   0.2   8.0   3.4  30.6  12:35p    SW
29  14.7  20.2  11:25a  11.4   3:05a   3.8   0.2  13.6   5.5  30.6   1:35p   NNE
30  16.1  20.5  11:15a  12.4   5:45a   2.3   0.1  14.4   9.0  48.3   1:00p   WNW
31  18.1  21.4   1:05p  14.8  12:45a   0.9   0.7   3.0  11.6  49.9   2:05p   WNW
-------------------------------------------------------------------------------------
    15.1  28.2    24     5.3    20   116.4  16.7 189.3   4.2  49.9    31      SW

Max >=  32.0:  0
Max <=   0.0:  0
Min <=   0.0:  0
Min <= -18.0:  0
Max Rain: 27.61 ON 08/08/13
Days of Rain: 27 (> .2 mm) 16 (> 2 mm) 2 (> 20 mm)
Heat Base:  18.3  Cool Base:  18.3  Method: Integration
Gardiner Family