Gardiner Family

Gardiner Family

Gardiner Family
NOAA style reports

NOAA-style Climate Reports


Report for 2013 Jul
                   MONTHLY CLIMATOLOGICAL SUMMARY for JUL. 2013

NAME: Kairos   CITY: Maddington   STATE: Western Australia 
ELEV:    20 m  LAT: -32.059906  LONG: 116.004813

                   TEMPERATURE (C), RAIN  (mm), WIND SPEED (km/hr)

                                      HEAT  COOL        AVG
    MEAN                              DEG   DEG         WIND                 DOM
DAY TEMP  HIGH   TIME   LOW    TIME   DAYS  DAYS  RAIN  SPEED HIGH   TIME    DIR
------------------------------------------------------------------------------------
 1  12.2  24.6   2:50p   3.1   7:35a   7.4   1.3   0.0   1.9  24.1  10:30a   WSW
 2  13.1  24.2   1:05p   2.8   7:35a   6.4   1.2   0.4   1.1  17.7   2:45p   WSW
 3  12.9  17.9   2:00p   7.7  12:00m   5.3   0.0   4.6   2.3  29.0   4:50p     S
 4  10.3  18.8   3:15p   5.1   5:05a   8.0   0.0   0.2   1.6  27.4   2:00p   SSW
 5  11.3  20.3   1:50p   3.9   3:40a   7.2   0.2   0.0   2.3  24.1   7:40a   ENE
 6  11.0  18.5   2:15p   5.9  10:30p   7.3   0.0   0.0   5.5  40.2  11:00a     E
 7  11.0  18.4   3:05p   5.4  10:15p   7.3   0.0   0.0   3.9  29.0   9:20a     E
 8  12.4  20.2   2:10p   7.8  11:55p   6.1   0.2   0.0   5.5  30.6   5:20a     E
 9  11.8  19.8  12:15p   5.3   7:05a   6.6   0.0  36.6   2.7  22.5   1:35p   ENE
10  12.2  21.1   2:45p   6.3   6:15a   6.4   0.3   0.4   1.3  20.9  12:25p    NW
11  11.6  15.6  11:50a   5.1   6:30a   6.7   0.0   0.8   2.3  19.3   7:15a   ENE
12  13.5  20.7   2:25p   8.2  12:00m   5.1   0.3   1.8   1.3  17.7   3:00p    SW
13  13.1  22.3   3:05p   4.4   7:20a   5.8   0.6   0.2   2.6  22.5  12:00p    NW
14  16.9  20.4   3:10p  12.4  12:50a   1.6   0.3   0.0   5.5  22.5  10:25a   NNE
15  17.5  22.1  12:15p  12.4  12:00m   1.5   0.7   7.0   6.4  38.6   4:15p   NNE
16  13.1  17.1  11:45a  10.7   2:00a   5.3   0.0  29.2   8.0  61.2  12:00p   NNE
17  10.7  15.6   1:50p   4.6  11:55p   7.7   0.0   1.0   6.0  35.4  12:10p   SSW
18   8.5  17.3   1:10p   1.7   6:05a   9.8   0.0   0.2   1.6  22.5  10:30a   SSW
19  11.1  17.9   1:10p   4.8   1:55a   7.2   0.0   0.2   4.0  35.4   8:55a   ESE
20   9.9  17.3   1:10p   3.4   3:20a   8.4   0.0   0.0   4.3  37.0  11:40a     E
21   8.6  16.9   2:05p   1.2   7:10a   9.8   0.0   0.2   4.0  22.5  11:15a     E
22  13.2  19.7   3:00p   8.0  12:40a   5.2   0.1   0.0  10.1  37.0   3:15a   NNE
23  16.9  22.9   1:50p  12.6  12:25a   2.3   0.9  14.6  11.3  49.9   3:35p   NNE
24  15.1  21.2  11:55a  11.4   7:40a   3.4   0.3   5.0   4.3  32.2  12:10p   WNW
25  15.9  22.2   2:10p  10.6   7:35a   3.1   0.6   1.8   5.5  32.2  11:55p   NNE
26  13.2  18.2   1:15p  10.9   6:20p   5.1   0.0  21.2   8.0  53.1  12:10p   WNW
27  13.8  19.3   2:10p   9.1  12:00m   4.5   0.0  10.2   6.1  51.5   7:30a    SW
28  13.4  20.6  11:45a   7.3   4:05a   5.1   0.2   4.0   2.1  24.1   1:35p    SW
29  13.5  20.3  12:40p   8.3   7:05a   4.9   0.1   1.2   1.9  17.7  12:15p    SW
30  13.9  20.8  12:50p   8.7   1:50a   4.6   0.2   0.6   3.7  27.4   1:55p    NW
31  15.7  20.7   1:00p  12.3   7:35a   2.8   0.3  11.8   3.2  29.0   2:05p   NNE
-------------------------------------------------------------------------------------
    12.8  24.6     1     1.2    21   177.9   7.9 153.3   4.2  61.2    16     NNE

Max >=  32.0:  0
Max <=   0.0:  0
Min <=   0.0:  0
Min <= -18.0:  0
Max Rain: 36.60 ON 09/07/13
Days of Rain: 23 (> .2 mm) 10 (> 2 mm) 3 (> 20 mm)
Heat Base:  18.3  Cool Base:  18.3  Method: Integration
Gardiner Family