Gardiner Family

Gardiner Family

Gardiner Family
NOAA style reports

NOAA-style Climate Reports


Report for 2013 Jun
                   MONTHLY CLIMATOLOGICAL SUMMARY for JUN. 2013

NAME: Kairos   CITY: Maddington   STATE: Western Australia 
ELEV:    20 m  LAT: -32.059906  LONG: 116.004813

                   TEMPERATURE (C), RAIN  (mm), WIND SPEED (km/hr)

                                      HEAT  COOL        AVG
    MEAN                              DEG   DEG         WIND                 DOM
DAY TEMP  HIGH   TIME   LOW    TIME   DAYS  DAYS  RAIN  SPEED HIGH   TIME    DIR
------------------------------------------------------------------------------------
 1  11.7  19.3   1:35p   4.2  12:45a   6.7   0.1   0.2   3.9  27.4   1:45p    SE
 2  13.6  19.1   2:10p  10.5   7:00a   4.7   0.0   0.0   5.6  32.2   4:30p   ESE
 3  15.9  21.3   1:20p  11.4  10:00p   2.8   0.5   0.0   6.0  29.0   6:45a   ENE
 4  15.1  23.0   1:10p  10.1  12:00m   3.9   0.7   0.0   3.5  22.5  12:35a     E
 5  14.7  20.4  12:05p   9.7   1:00a   3.9   0.2   2.6   1.6  22.5  12:25p    SW
 6  16.2  22.1   3:00p   9.8  12:00m   2.9   0.8   0.0   0.8  14.5   4:40a    SW
 7  13.5  23.6   2:15p   6.4   7:30a   5.7   0.9   0.2   1.3  20.9  11:50a    SW
 8  13.9  21.8   1:10p   5.9   7:00a   4.9   0.5   0.4   1.8  25.7   2:45p   WNW
 9  16.8  21.1  11:30a  13.5  12:00m   1.9   0.4  12.0   4.7  29.0   1:50p     N
10  14.2  21.3   1:05p   7.4  12:00m   4.6   0.5   0.4   2.1  24.1  10:05a    SE
11  12.8  19.4   3:15p   6.7   1:35a   5.6   0.1   0.2   6.8  37.0   8:10a   ENE
12  14.4  20.2   2:50p  10.4   7:40a   4.1   0.2   0.0  12.2  41.8   1:05a   ENE
13  15.4  21.9   1:55p   9.9   7:40a   3.6   0.7   0.0   7.6  37.0  12:00m   ENE
14  15.4  20.7   3:20p  12.1   7:40a   3.2   0.3   0.0  10.3  41.8   2:30a   ENE
15  12.3  16.2  11:35a   6.8  12:00m   6.0   0.0   0.0   4.5  27.4   2:45a   ENE
16  11.8  21.2   1:30p   3.6   5:35a   6.9   0.4   3.6   0.8  20.9   2:55p    SW
17  13.1  19.2  12:35p   7.6  12:00m   5.3   0.0   0.2   1.8  22.5  12:55p    SW
18  11.2  19.0   1:45p   4.6   7:25a   7.1   0.0   0.2   0.6  11.3  10:10a     W
19  11.9  20.4   2:55p   4.6   7:35a   6.7   0.3   0.2   1.6  24.1  12:20p   SSW
20  11.9  22.8   3:20p   3.6   7:40a   7.1   0.7   0.2   0.6  14.5   3:20p    SW
21  14.6  20.3   2:20p   9.2  12:05a   4.0   0.3   0.0   8.9  37.0   8:00a   ENE
22  17.3  23.7   1:45p  12.3  12:25a   2.0   1.0   0.0   6.0  29.0   1:40a   NNE
23  16.2  22.4  12:10p  11.4  12:50a   2.3   0.3   2.8   5.8  37.0   6:00p   NNE
24  16.1  22.9  12:55p  10.2   2:20a   3.0   0.8   0.2   5.0  30.6   1:40p    NW
25  14.6  18.3   2:25p   9.2  12:00m   3.7   0.0   9.0   2.6  25.7   1:25p    SW
26  12.5  19.4   2:25p   5.2   7:20a   5.9   0.1   0.2   1.1  16.1  10:50a     S
27  15.1  22.7   3:20p   9.9  12:00m   4.1   0.9   0.0   0.8  16.1   3:50p    SW
28  13.4  23.8   2:35p   6.4   7:45a   5.7   0.8   0.2   0.8  16.1   1:20p    SW
29  13.3  24.6   2:30p   5.3   7:45a   6.4   1.4   0.2   0.5  12.9  12:30p   NNW
30  12.5  24.8   2:25p   4.0   7:35a   7.2   1.4   0.2   1.3  19.3  11:20a   NNW
-------------------------------------------------------------------------------------
    14.0  24.8    30     3.6    16   141.9  14.3  33.2   3.7  41.8    12     ENE

Max >=  32.0:  0
Max <=   0.0:  0
Min <=   0.0:  0
Min <= -18.0:  0
Max Rain: 11.99 ON 09/06/13
Days of Rain: 19 (> .2 mm) 5 (> 2 mm) 0 (> 20 mm)
Heat Base:  18.3  Cool Base:  18.3  Method: Integration
Gardiner Family