Gardiner Family

Gardiner Family

Gardiner Family
NOAA style reports

NOAA-style Climate Reports

Select a Year or Month report

Notice: Undefined index: NOAA2017.TXT in E:\xampp\htdocs\gardiner\davis\noaa.php on line 289

Report for 2013 May
                   MONTHLY CLIMATOLOGICAL SUMMARY for MAY. 2013

NAME: Kairos   CITY: Maddington   STATE: Western Australia 
ELEV:    20 m  LAT: -32.059906  LONG: 116.004813

                   TEMPERATURE (C), RAIN  (mm), WIND SPEED (km/hr)

                                      HEAT  COOL        AVG
    MEAN                              DEG   DEG         WIND                 DOM
DAY TEMP  HIGH   TIME   LOW    TIME   DAYS  DAYS  RAIN  SPEED HIGH   TIME    DIR
------------------------------------------------------------------------------------
 1  20.4  26.6   3:35p  14.4   6:30a   1.0   3.1   7.6   4.8  35.4   7:35p   NNW
 2  18.9  22.4   1:25p  16.4  12:00m   0.5   1.2  19.6   5.8  40.2   1:30p   WNW
 3  17.4  24.4   2:55p  12.4   7:15a   2.1   1.3   0.6   1.6  20.9  12:00m     E
 4  18.6  25.3   3:00p  14.5  11:00p   1.4   1.7   0.0   4.2  33.8   5:35a     E
 5  19.9  27.4   3:05p  15.7   5:30a   0.9   2.5   0.0   6.4  38.6   5:30a     E
 6  18.2  23.9   2:05p  13.6   7:00a   1.4   1.3   0.0   1.0  12.9  12:45a   SSW
 7  18.8  25.6  12:55p  13.1   7:35a   1.5   2.0  20.2   2.9  29.0   1:25p   NNW
 8  17.2  21.2  11:40a  13.6  10:30p   1.5   0.3  31.8   9.8  51.5   3:25p   NNW
 9  16.2  21.4   1:25p  13.2   7:00a   2.7   0.5   8.4   6.9  49.9   2:05p   WNW
10  15.5  21.1   1:35p  11.1   6:35a   3.1   0.3  17.0   3.5  35.4   1:10p     W
11  15.4  21.1   2:00p   9.4  12:00m   3.4   0.5   0.2   2.6  30.6   1:10p   SSW
12  14.6  22.7   1:15p   7.0   6:35a   4.6   0.8   0.2   1.9  17.7   9:50a   ESE
13  15.8  22.5   1:00p  10.4   2:55a   3.2   0.7   0.0   3.7  29.0   9:25a     E
14  16.1  23.2   1:55p   9.8   2:45a   3.3   1.1   0.0   4.5  29.0   9:55a   ENE
15  17.4  23.7   2:15p  12.1   7:30a   2.3   1.4   0.0   5.5  20.9  11:50a   ENE
16  18.5  23.7  11:45a  14.1   6:10a   1.2   1.4   5.8   5.6  40.2   8:45p   ENE
17  15.6  20.4   2:10p  10.1  12:00m   3.0   0.2   4.0   1.9  25.7   1:35p   NNE
18  14.7  22.4   1:55p   9.1   1:40a   4.2   0.5   0.4   1.0  12.9  10:15a    SW
19  15.8  23.4   1:20p   8.3   7:30a   3.6   1.1   0.0   1.4  19.3   2:10p   NNW
20  15.1  20.6   2:10p  10.5  12:00m   3.4   0.2  11.0   3.9  30.6   7:00p   SSE
21  14.2  23.9   2:45p   7.3   7:20a   5.1   1.1   0.4   1.0  17.7  11:50a   SSE
22  14.8  24.8   2:10p   6.5   7:30a   4.9   1.4   0.2   1.3  17.7   6:05p     E
23  14.5  22.9   2:40p   7.7   5:15a   4.7   0.8   0.0   4.0  24.1   9:10a   ESE
24  14.8  23.1   3:50p   7.9  12:50a   4.5   1.0   0.2   5.8  30.6   7:50a   ENE
25  17.7  23.7   2:30p  12.7   7:10a   1.8   1.3   0.0  10.3  38.6   6:35a   ENE
26  19.7  27.5   2:15p  13.8   7:25a   1.1   2.5   0.0   3.4  29.0   1:05a   ENE
27  17.2  24.8   2:05p  11.9   3:55a   2.6   1.5   0.4   2.6  20.9  10:50a   WNW
28  16.4  22.2  12:55p  11.4   7:35a   2.6   0.7   1.6   1.1  19.3   1:35a     S
29  15.3  21.4  12:50p  10.3   7:45a   3.3   0.3   3.4   3.4  27.4   1:40a    SW
30  11.8  15.1   3:00p   6.5  12:00m   6.5   0.0  18.6   3.4  30.6  10:10a   SSW
31   9.0  17.7   2:05p   2.3   7:30a   9.3   0.0   0.2   1.6  24.1  10:50a     S
-------------------------------------------------------------------------------------
    16.3  27.5    26     2.3    31    94.6  32.7 151.8   3.8  51.5     8     ENE

Max >=  32.0:  0
Max <=   0.0:  0
Min <=   0.0:  0
Min <= -18.0:  0
Max Rain: 31.80 ON 08/05/13
Days of Rain: 21 (> .2 mm) 11 (> 2 mm) 2 (> 20 mm)
Heat Base:  18.3  Cool Base:  18.3  Method: Integration
Gardiner Family