Gardiner Family

Gardiner Family

Gardiner Family
NOAA style reports

NOAA-style Climate Reports

Select a Year or Month report

Notice: Undefined index: NOAA2017.TXT in E:\xampp\htdocs\gardiner\davis\noaa.php on line 289

Report for 2013 Apr
                   MONTHLY CLIMATOLOGICAL SUMMARY for APR. 2013

NAME: Kairos   CITY: Maddington   STATE: Western Australia 
ELEV:    20 m  LAT: -32.059906  LONG: 116.004813

                   TEMPERATURE (C), RAIN  (mm), WIND SPEED (km/hr)

                                      HEAT  COOL        AVG
    MEAN                              DEG   DEG         WIND                 DOM
DAY TEMP  HIGH   TIME   LOW    TIME   DAYS  DAYS  RAIN  SPEED HIGH   TIME    DIR
------------------------------------------------------------------------------------
 1  25.7  34.9   2:25p  18.2  10:30p   0.0   7.4   0.0   7.7  35.4   7:00a     E
 2  25.8  33.9   3:20p  19.6   6:50a   0.0   7.5   0.0   9.3  37.0   1:55a     E
 3  27.4  36.5   2:55p  20.6  12:00m   0.0   9.1   0.0  10.0  46.7   5:35a     E
 4  27.4  38.1   2:00p  19.6  12:00m   0.0   9.1   0.0   4.7  33.8   1:00p   ENE
 5  22.6  29.8   1:45p  18.4   6:50a   0.0   4.2   0.0   3.7  25.7   2:25p    SW
 6  22.4  28.7   2:25p  16.0   5:50a   0.3   4.4   0.0   6.6  37.0   9:10p   ESE
 7  24.2  34.0   4:40p  18.1   4:45a   0.0   5.9   0.0   6.1  37.0   2:55a     E
 8  28.9  39.8   2:20p  19.9  12:00m   0.0  10.6   0.0   5.8  33.8   1:40a    SW
 9  25.8  37.6   1:55p  15.8   6:40a   0.3   7.8   0.0   1.6  24.1   2:15p    SW
10  26.3  36.8   3:05p  18.6   4:25a   0.0   8.0   0.0   1.9  20.9  12:00m    SW
11  28.2  37.8  12:40p  24.0  12:00m   0.0   9.9   0.0   5.8  32.2   1:20p   ENE
12  22.6  24.4  10:40a  20.2  10:55p   0.0   4.3   1.6   2.6  24.1   8:20a   ENE
13  23.4  28.8   4:20p  20.1   5:50a   0.0   5.1   0.0   1.3  16.1   1:15p     E
14  23.5  28.3   3:45p  19.7  12:00m   0.0   5.2   1.4   1.9  17.7   1:25a   SSW
15  23.5  30.7  12:00p  19.2   3:20a   0.0   5.2   0.0   1.8  17.7  11:00a    SW
16  23.2  28.5  12:35p  19.9  12:00m   0.0   4.9   0.2   1.4  22.5   2:40p    SW
17  22.3  28.3   4:20p  18.7  12:00m   0.0   4.0   0.0   1.4  22.5   8:35a   WSW
18  21.1  27.8   1:35p  16.5   3:20a   0.4   3.1   0.6   1.6  12.9   9:50a   WSW
19  22.2  28.9   1:25p  18.5   7:00a   0.0   3.9   0.8   2.6  19.3   4:30a     W
20  17.5  23.2  11:45a  11.9  11:40p   1.7   0.9   0.2   4.2  32.2   1:55p   SSW
21  16.7  22.7  12:40p  12.0  12:05a   2.2   0.6   3.8   2.9  29.0  12:55p     W
22  18.3  26.1   2:20p  12.4  12:00m   1.5   1.5  11.0   1.8  20.9  12:45p     E
23  17.6  26.6   1:20p  10.1   6:30a   3.0   2.3   0.2   1.4  19.3   1:45p    SW
24  19.9  28.9   2:35p  11.7   5:00a   2.0   3.6   0.2   2.1  22.5   8:25a   SSW
25  23.6  28.3  12:40p  19.7  12:00m   0.0   5.3   0.0   3.7  27.4   4:35a   ENE
26  20.4  27.7   1:00p  14.2  12:00m   0.7   2.8   0.0   2.4  24.1   9:40a    SW
27  18.8  27.9  12:25p  12.8   6:35a   1.7   2.2   0.6   1.4  19.3   3:55p    SW
28  18.9  26.2   2:25p  12.8   7:15a   1.5   2.2   0.2   2.4  20.9  10:25a    SW
29  18.7  25.7   1:25p  13.7   7:15a   1.5   1.9   0.0   4.2  38.6   1:35a     S
30  21.6  32.4   2:35p  16.1  12:20a   0.4   3.7   0.0   3.2  25.7   4:00a   ENE
-------------------------------------------------------------------------------------
    22.6  39.8     8    10.1    23    17.2 146.6  20.8   3.6  46.7     3      SW

Max >=  32.0: 10
Max <=   0.0:  0
Min <=   0.0:  0
Min <= -18.0:  0
Max Rain: 11.00 ON 22/04/13
Days of Rain: 12 (> .2 mm) 2 (> 2 mm) 0 (> 20 mm)
Heat Base:  18.3  Cool Base:  18.3  Method: Integration
Gardiner Family