Gardiner Family

Gardiner Family

Gardiner Family
NOAA style reports

NOAA-style Climate Reports

Select a Year or Month report

Notice: Undefined index: NOAA2017.TXT in E:\xampp\htdocs\gardiner\davis\noaa.php on line 289

Report for 2013 Mar
                   MONTHLY CLIMATOLOGICAL SUMMARY for MAR. 2013

NAME: Kairos   CITY: Maddington   STATE: Western Australia 
ELEV:    20 m  LAT: -32.059906  LONG: 116.004813

                   TEMPERATURE (C), RAIN  (mm), WIND SPEED (km/hr)

                                      HEAT  COOL        AVG
    MEAN                              DEG   DEG         WIND                 DOM
DAY TEMP  HIGH   TIME   LOW    TIME   DAYS  DAYS  RAIN  SPEED HIGH   TIME    DIR
------------------------------------------------------------------------------------
 1  26.6  34.7   3:25p  19.5   6:15a   0.0   8.3   0.0   9.3  40.2   9:20p     E
 2  24.0  31.3   2:05p  18.0   6:40a   0.0   5.7   0.0   5.5  27.4   2:50a   SSW
 3  24.7  33.8   1:50p  16.3   4:55a   0.3   6.7   0.0   3.4  25.7   6:50p    SW
 4  22.4  28.5   4:10p  17.2  11:55p   0.0   4.2   3.4   4.2  30.6  12:45p     W
 5  21.1  30.3   2:20p  14.3   6:40a   0.9   3.7   0.4   3.1  25.7   3:20p    SW
 6  24.7  34.2   3:35p  15.8   4:30a   0.5   7.0   0.0   6.4  43.5  11:20p    SE
 7  25.3  34.4   3:25p  18.6   5:35a   0.0   7.0   0.0  11.1  49.9   1:35a     E
 8  25.4  35.6   4:05p  18.3   6:30a   0.0   7.1   0.0  12.7  51.5   5:40a     E
 9  27.3  35.9   3:50p  19.4   5:55a   0.0   9.1   0.0  15.9  51.5   6:45a     E
10  27.0  31.8   1:20p  22.8  12:00m   0.0   8.7   0.0   8.0  40.2   3:20a     E
11  21.7  26.9   2:30p  14.9  12:00m   0.3   3.7  22.4   6.8  37.0   4:30p   SSW
12  18.9  27.1   3:30p  10.8   6:40a   2.0   2.6   0.0   5.5  33.8  10:10a     S
13  21.6  29.6   2:55p  14.6   6:35a   0.9   4.1   0.0  14.3  53.1   2:35a     E
14  19.0  22.5  12:25a  16.1  10:25a   0.4   1.1  28.4  16.1  56.3   7:10p     E
15  24.3  32.1   3:45p  19.3   1:45a   0.0   6.0   0.0  10.3  54.7  11:35p     E
16  24.3  30.3   4:15p  20.2   3:10a   0.0   6.0   0.0  19.3  62.8   9:10a     E
17  25.8  34.8   2:20p  20.7   6:15a   0.0   7.5   0.0   7.6  48.3  12:20a    SW
18  25.3  33.7   1:30p  19.4   6:35a   0.0   7.0   0.0   2.9  22.5   2:45p   WSW
19  24.6  33.0   1:55p  19.4   5:40a   0.0   6.3   0.0   4.2  22.5   3:50p    SW
20  21.4  26.6   2:05p  18.2   6:15a   0.0   3.2   0.0   5.0  29.0   3:35p   SSW
21  20.5  27.0   1:45p  15.3  11:55p   0.4   2.6   0.0   4.7  27.4   3:00p    SW
22  19.4  27.9   1:55p  13.3   2:45a   1.5   2.6   0.0   4.7  30.6   3:30p   SSW
23  18.7  27.8   1:35p  11.1   6:35a   2.2   2.7   0.0   3.7  32.2   4:40p    SW
24  20.2  31.9   2:15p  12.4   3:10a   1.9   3.8   0.0   3.1  25.7   3:05p    SW
25  18.2  25.1  11:25a  11.7   6:50a   1.8   1.8   6.8   3.1  29.0   1:40p   SSW
26  15.6  20.5   3:20p  10.1  12:00m   3.0   0.3  17.8   7.6  38.6   9:15a   SSW
27  16.1  25.1   3:00p   7.7   6:50a   3.9   1.7   0.2   2.4  25.7   4:40p   SSW
28  19.5  27.8   3:40p  12.7  12:55a   1.4   2.6   0.0   8.0  43.5   3:25a     E
29  21.2  29.7   2:00p  16.3   1:00a   0.5   3.4   0.0   9.5  41.8   7:30a     E
30  22.4  30.4   3:35p  16.0   1:55a   0.5   4.6   0.0   6.1  30.6   3:55a     E
31  23.3  33.1   3:30p  16.4   5:45a   0.3   5.3   0.0   8.4  37.0   3:15a     E
-------------------------------------------------------------------------------------
    22.3  35.9     9     7.7    27    22.8 146.4  79.4   7.5  62.8    16       E

Max >=  32.0: 11
Max <=   0.0:  0
Min <=   0.0:  0
Min <= -18.0:  0
Max Rain: 28.40 ON 14/03/13
Days of Rain: 7 (> .2 mm) 5 (> 2 mm) 2 (> 20 mm)
Heat Base:  18.3  Cool Base:  18.3  Method: Integration
Gardiner Family