Gardiner Family

Gardiner Family

Gardiner Family
NOAA style reports

NOAA-style Climate Reports

Select a Year or Month report

Notice: Undefined index: NOAA2017.TXT in E:\xampp\htdocs\gardiner\davis\noaa.php on line 289

Report for 2013 Feb
                   MONTHLY CLIMATOLOGICAL SUMMARY for JAN. 2013

NAME: Kairos   CITY: Maddington   STATE: Western Australia 
ELEV:    20 m  LAT: -32.059906  LONG: 116.004813

                   TEMPERATURE (C), RAIN  (mm), WIND SPEED (km/hr)

                                      HEAT  COOL        AVG
    MEAN                              DEG   DEG         WIND                 DOM
DAY TEMP  HIGH   TIME   LOW    TIME   DAYS  DAYS  RAIN  SPEED HIGH   TIME    DIR
------------------------------------------------------------------------------------
 1  28.5  34.0   1:30p  22.7  12:00m   0.0  10.2   0.0   6.4  29.0  10:00a   WNW
 2  24.8  32.2   2:35p  18.4  12:00m   0.0   6.6   0.0   6.0  29.0   3:25p    SW
 3  21.9  28.4  11:55a  16.2   5:15a   0.4   4.0   0.0   7.2  35.4   1:05p    SW
 4  21.1  27.9   2:25p  14.7   5:55a   0.5   3.3   0.0   6.8  32.2   6:15p    SW
 5  26.9  40.4   3:10p  15.0   3:10a   0.5   9.2   0.0   5.8  29.0   3:30p   SSW
 6  28.7  36.4   4:45p  22.3   1:35a   0.0  10.4   0.6   5.1  37.0  10:00a   NNE
 7  30.1  39.0   3:35p  24.4   8:10a   0.0  11.8   8.2   6.3  37.0   1:25p     E
 8  31.8  41.6   1:05p  23.2  10:55p   0.0  13.5   0.0  13.0  51.5   4:35a    SW
 9  24.0  29.4   1:15p  18.5  12:00m   0.0   5.7   0.0  11.3  40.2   4:45p    SW
10  21.9  28.4   2:20p  15.1   5:50a   0.4   4.0   0.0   8.0  37.0   2:55p    SW
11  24.1  34.2   3:10p  16.0   3:45a   0.4   6.2   0.0   6.3  43.5  11:50p     S
12  26.9  35.8   2:50p  19.8   6:05a   0.0   8.6   0.0  17.7  61.2  11:30p     E
13  24.7  28.2   2:45p  22.2   4:15a   0.0   6.4   0.0   8.9  46.7  12:05a     E
14  29.9  40.3   2:45p  22.0   5:35a   0.0  11.6   1.0   5.1  29.0  11:05p    NE
15  31.2  35.8  11:45a  24.5  12:00m   0.0  12.8   0.0   9.2  48.3   4:10a   WNW
16  24.1  28.4   1:50p  19.8  11:50p   0.0   5.8   0.0   9.3  38.6   1:25p     N
17  21.7  26.4   2:05p  17.5  12:00m   0.0   3.4   0.0  11.6  41.8  11:25a    SW
18  22.8  31.6   3:45p  15.0   5:50a   0.8   5.2   0.0   7.6  35.4   2:50a   ESE
19  24.9  35.9   3:35p  16.7   5:55a   0.2   6.8   0.0  14.0  54.7   5:20a     E
20  27.9  38.1   1:55p  16.8   2:55a   0.1   9.7   0.0   5.8  29.0   5:30a   SSW
21  26.4  36.5   2:45p  19.1   2:20a   0.0   8.1   0.0   7.9  56.3  11:15p   SSW
22  27.1  38.8   4:10p  18.0   5:45a   0.0   8.8   0.0  10.0  62.8  12:25a     E
23  23.9  32.6   2:05p  17.3   5:50a   0.1   5.7   0.0   7.2  33.8   3:40p    SW
24  23.3  32.3   2:50p  15.6   3:40a   0.3   5.3   0.0   6.9  37.0   3:25p   SSW
25  24.5  35.4   3:10p  16.1   5:40a   0.3   6.5   0.0  11.4  49.9   2:40a     E
26  27.0  37.6   2:50p  17.1   1:05a   0.0   8.7   0.0  10.6  49.9   3:25a     E
27  28.6  37.4   3:15p  20.6   6:05a   0.0  10.3   0.0  12.2  57.9  11:45p     E
28  25.0  33.7   3:20p  16.5   6:10a   0.1   6.9   0.0  10.6  61.2   2:00a   ESE
29  25.6  35.9   1:15p  17.6  12:00m   0.0   7.3   0.0  10.6  40.2   6:35a     E
30  27.1  36.7   2:00p  17.3  12:20a   0.0   8.8   0.0   7.4  46.7  11:55p    SW
31  26.4  35.2   3:10p  17.2   5:45a   0.1   8.2   0.0  18.8  70.8   7:00a     E
-------------------------------------------------------------------------------------
    25.9  41.6     8    14.7     4     4.3 239.7   9.8   9.2  70.8    31      SW

Max >=  32.0: 23
Max <=   0.0:  0
Min <=   0.0:  0
Min <= -18.0:  0
Max Rain: 8.20 ON 07/01/13
Days of Rain: 3 (> .2 mm) 1 (> 2 mm) 0 (> 20 mm)
Heat Base:  18.3  Cool Base:  18.3  Method: Integration
Gardiner Family