Gardiner Family

Gardiner Family

Gardiner Family
NOAA style reports

NOAA-style Climate Reports


Report for 2012 Nov
                   MONTHLY CLIMATOLOGICAL SUMMARY for NOV. 2012

NAME: Kairos   CITY:    STATE:  
ELEV:    20 m  LAT:   LONG: 

                   TEMPERATURE (C), RAIN  (mm), WIND SPEED (km/hr)

                                      HEAT  COOL        AVG
    MEAN                              DEG   DEG         WIND                 DOM
DAY TEMP  HIGH   TIME   LOW    TIME   DAYS  DAYS  RAIN  SPEED HIGH   TIME    DIR
------------------------------------------------------------------------------------
 1  16.9  22.0   1:35p  14.6   4:35a   1.9   0.5   0.0  17.7  67.6   1:10a     E
 2  18.5  25.3  12:45p  12.8   5:50a   1.7   1.8   0.0   5.6  33.8   3:05p   WNW
 3  17.7  23.7  11:05a  14.0  12:05a   1.3   0.8  21.0   7.6  37.0  12:55p   NNW
 4  15.2  19.6   2:00p  11.0  12:00m   3.2   0.1  25.6   7.1  56.3  12:30p     W
 5  14.7  20.3   2:10p  10.2   5:10a   3.8   0.2   3.8   5.5  35.4   4:35p    SW
 6  16.6  22.4   2:05p  11.8   5:55a   2.7   0.9   0.6   4.3  30.6   1:20p    SW
 7  17.1  26.0  12:35p  10.4   5:45a   2.9   1.7   0.2   4.3  30.6   5:35p    SW
 8  19.3  29.0   2:25p  12.3  12:30a   1.8   2.8   0.0   8.2  43.5   8:10a    SW
 9  22.7  33.2   1:20p  13.0   4:30a   1.2   5.5   0.0   6.8  33.8   6:30a    SW
10  17.7  25.9   1:20p  10.3   5:45a   2.5   1.9   1.6   6.1  35.4   5:15p    SW
11  16.3  22.3   1:45p  10.2   5:05a   2.9   0.9   0.2   6.6  32.2   2:55p     S
12  19.3  29.4   2:35p  12.6   2:35a   1.9   2.9   0.0  10.3  48.3   6:20a   SSW
13  20.5  33.7  12:50p   9.4   5:35a   2.3   4.4   0.0   4.7  27.4   1:30p   SSW
14  20.7  28.4   1:25p  14.4   1:50a   0.8   3.2   0.0   6.6  35.4   1:35p    SW
15  20.7  28.6  12:30p  15.3   5:00a   0.8   3.2   0.0   7.2  35.4   1:50p   SSW
16  24.1  34.8   1:05p  13.4   2:00a   0.8   6.6   0.0   5.0  29.0   2:35p   SSW
17  26.4  38.9   2:40p  17.4  12:00m   0.0   8.1   0.0  12.4  54.7   2:30a     E
18  20.7  28.3  12:00p  13.6   4:40a   1.1   3.4   0.0   6.6  35.4   2:10p    SW
19  19.4  26.7  11:45a  12.2   5:15a   1.7   2.7   0.2   5.0  29.0   2:35p    SW
20  19.7  28.9   1:25p  11.2   5:05a   1.8   3.2   0.0   6.0  35.4   1:40p   SSW
21  25.7  35.8   4:15p  16.1  12:05a   0.3   7.6   0.0  10.8  51.5   3:10a     E
22  25.7  34.1  11:45a  19.6  11:55p   0.0   7.3   0.0   5.8  27.4  12:45p    SW
23  20.6  26.0  12:45p  16.8   5:40a   0.2   2.4   0.0   7.4  32.2  12:30p    SW
24  22.1  31.2   3:50p  15.4   2:25a   0.3   4.1  18.4   9.2  56.3   7:15a   SSW
25  22.2  31.1   1:50p  16.7  12:00m   0.2   4.1   0.0   6.6  40.2   3:10a   SSW
26  22.9  31.6   1:55p  16.5  12:30a   0.3   4.8   0.0   5.1  25.7   2:35p   SSW
27  20.6  28.1   1:15p  14.9   5:40a   0.7   2.9   0.0   6.4  33.8   5:20p   WNW
28  17.1  21.8   3:30p  13.2  10:20p   1.8   0.6  28.4  16.3  64.4   9:25p   WNW
29  15.4  19.8   3:35p  11.9   5:10a   3.0   0.1   9.6  12.7  56.3   8:35a     W
30  15.9  21.9   2:20p  10.3  12:00m   2.8   0.4   1.6   8.2  35.4   8:40a    SW
-------------------------------------------------------------------------------------
    19.7  38.9    17     9.4    13    46.7  89.1 111.2   7.7  67.6     1      SW

Max >=  32.0:  6
Max <=   0.0:  0
Min <=   0.0:  0
Min <= -18.0:  0
Max Rain: 28.40 ON 28/11/12
Days of Rain: 12 (> .2 mm) 6 (> 2 mm) 3 (> 20 mm)
Heat Base:  18.3  Cool Base:  18.3  Method: Integration
Gardiner Family