Gardiner Family

Gardiner Family

Gardiner Family
NOAA style reports

NOAA-style Climate Reports


Report for 2012 Oct
                   MONTHLY CLIMATOLOGICAL SUMMARY for OCT. 2012

NAME: Kairos   CITY:    STATE:  
ELEV:    20 m  LAT:   LONG: 

                   TEMPERATURE (C), RAIN  (mm), WIND SPEED (km/hr)

                                      HEAT  COOL        AVG
    MEAN                              DEG   DEG         WIND                 DOM
DAY TEMP  HIGH   TIME   LOW    TIME   DAYS  DAYS  RAIN  SPEED HIGH   TIME    DIR
------------------------------------------------------------------------------------
 1  25.4  35.5   2:40p  15.9  12:00m   0.1   7.2   0.0   9.7  40.2  12:55a   NNE
 2  20.3  26.4   1:05p  15.4   1:25a   0.6   2.5   3.0   7.4  40.2   9:40p   NNW
 3  16.8  21.7   1:00p  13.9   6:40a   1.8   0.3   0.0   6.9  38.6   3:20a     W
 4  14.5  19.4   1:10p   9.4  12:00m   3.8   0.1   2.4   3.9  30.6   1:40p   SSW
 5  16.1  24.4   2:40p   8.6  12:55a   3.7   1.4   0.0   6.6  33.8   8:00a   SSW
 6  18.8  31.1   2:05p  12.2   5:45a   2.3   2.8   0.0  12.7  70.8   7:20a     E
 7  16.2  23.6   4:00p  10.7   4:50a   2.9   0.8   3.0   2.6  22.5   4:50p     W
 8  16.1  23.7   1:45p   7.8   5:55a   3.4   1.1   0.0   5.0  29.0   3:20p   SSW
 9  19.3  26.4   3:05p  12.6  12:10a   1.4   2.3   0.0   9.8  46.7   4:45a   ESE
10  19.4  27.3   3:05p  12.0   5:40a   1.8   2.9   0.0  10.3  48.3  10:00a   ENE
11  24.1  30.1   4:00p  19.1   6:30a   0.0   5.8   0.0  15.1  56.3   7:35a   ENE
12  21.7  27.5  12:00p  15.2   4:40a   0.2   3.6   0.0  10.0  45.1   2:05p    NW
13  18.6  23.2  12:30p  15.5   9:50p   0.6   0.9   4.6   8.7  43.5   2:40p   WNW
14  16.9  19.9   2:30p  14.4  12:00m   1.6   0.2   2.6   6.4  33.8   8:50a     W
15  15.7  20.9   3:10p  11.2  12:00m   3.0   0.3   0.4   3.1  27.4   3:35p    SW
16  17.0  25.7  12:20p   8.8   4:55a   3.2   1.9   0.2   4.8  25.7   8:15a    SW
17  16.7  24.8  12:50p  11.4  12:00m   3.1   1.4   0.0   4.5  30.6   3:45p    SW
18  16.8  25.1   1:20p   8.5   5:55a   3.3   1.8   0.2   3.2  25.7  12:20p    SW
19  17.1  23.8   4:15p  10.1   5:35a   2.8   1.6   0.0   4.0  32.2   1:55p   WSW
20  20.1  31.4   3:20p  11.2  12:45a   2.0   3.7   0.0   6.1  46.7   7:55a   SSW
21  22.8  31.3  11:15a  16.9   6:20a   0.1   4.4   0.0   9.0  51.5   2:15a   WNW
22  17.2  21.4   4:10p  13.3  12:00m   1.4   0.3   5.6   5.5  30.6   4:00p    SW
23  15.9  22.3   1:40p   8.5   6:00a   3.2   0.8   0.0   6.3  35.4  11:20p   SSW
24  18.3  26.0   3:20p  11.9   5:35a   2.0   2.1   0.0  12.4  45.1   8:10a     E
25  19.4  27.2   2:30p  12.3   5:35a   1.6   2.7   0.0  13.8  61.2   7:50a     E
26  20.6  29.4   3:20p  12.2   5:35a   1.5   3.8   0.0  14.0  53.1   2:25a     E
27  24.7  34.8   3:10p  16.3  12:00m   0.2   6.6   0.0  10.0  46.7   5:05a     E
28  25.4  37.8  12:05p  16.1  12:00m   0.2   7.3   0.0   4.2  41.8  12:30p   NNE
29  19.5  26.0  12:50p  14.6   2:10a   0.9   2.1   0.0   6.4  30.6   1:45p    SW
30  17.1  23.3   1:15p  10.7   5:55a   2.2   0.9   0.0   5.6  32.2   3:30p   SSW
31  15.9  18.5   3:25p  13.8   1:25a   2.4   0.0   0.0  20.8  66.0  11:00p     E
-------------------------------------------------------------------------------------
    18.9  37.8    28     7.8     8    57.4  73.5  22.0   8.0  70.8     6       E

Max >=  32.0:  3
Max <=   0.0:  0
Min <=   0.0:  0
Min <= -18.0:  0
Max Rain: 5.59 ON 22/10/12
Days of Rain: 9 (> .2 mm) 6 (> 2 mm) 0 (> 20 mm)
Heat Base:  18.3  Cool Base:  18.3  Method: Integration
Gardiner Family