Gardiner Family

Gardiner Family

Gardiner Family
NOAA style reports

NOAA-style Climate Reports


Report for 2012 Sep
                   MONTHLY CLIMATOLOGICAL SUMMARY for SEP. 2012

NAME: Kairos   CITY:    STATE:  
ELEV:    20 m  LAT:   LONG: 

                   TEMPERATURE (C), RAIN  (mm), WIND SPEED (km/hr)

                                      HEAT  COOL        AVG
    MEAN                              DEG   DEG         WIND                 DOM
DAY TEMP  HIGH   TIME   LOW    TIME   DAYS  DAYS  RAIN  SPEED HIGH   TIME    DIR
------------------------------------------------------------------------------------
 1  14.5  22.2  12:55p   8.7   6:55a   4.5   0.7   0.2   2.9  35.4  12:55p    SW
 2  13.8  22.3   2:25p   6.1   6:50a   5.1   0.6   0.6   3.2  27.4   1:15p   WNW
 3  13.9  20.3  12:50p   9.4  12:00m   4.6   0.1  27.6   9.0  49.9   2:40p    NW
 4  10.9  15.1   4:00p   8.2  12:00m   7.4   0.0  11.2   8.7  59.5  10:35a    SW
 5  13.1  18.6   1:50p   7.8   1:15a   5.3   0.0   4.4   5.1  38.6   3:30p     S
 6  12.1  18.4   2:25p   4.8   6:55a   6.3   0.0   0.0   3.5  29.0  11:20p     S
 7  14.4  19.8   2:05p   9.6   3:50a   4.1   0.2   0.0  12.1  43.5   9:55a     E
 8  18.6  27.0   3:10p  11.1   6:20a   2.1   2.3   0.0  12.6  53.1   7:30a   ENE
 9  21.9  31.1   2:40p  15.3   5:40a   0.4   4.0   0.0   7.1  33.8   3:00p   NNE
10  19.6  24.8   1:35p  15.8  11:10p   0.5   1.7   0.0   5.6  27.4  10:30a   WNW
11  16.3  21.1   1:15p   9.6  11:55p   2.3   0.3   1.6   5.1  35.4   4:10p    SW
12  13.6  20.7   3:35p   7.9   2:55a   5.0   0.3   0.2   4.5  29.0  10:25a   SSW
13  14.9  23.7   3:10p   7.3   2:20a   4.6   1.2   0.0   7.2  37.0   7:50a     E
14  18.5  27.6   2:55p  12.1   6:10a   2.3   2.5   0.0   7.7  45.1   2:05a     E
15  18.2  28.8   2:55p  10.1   6:50a   3.0   2.8   0.0   3.9  29.0   5:15p     S
16  21.7  28.8   4:10p  13.2  12:05a   0.8   4.2   0.0  19.0  59.5  10:35p     E
17  20.7  27.7  12:25p  16.2  10:30p   0.3   2.6  14.4  15.8  56.3   2:10a     E
18  17.3  21.7   1:10p  14.4   9:30p   1.5   0.4   3.8   7.1  37.0   8:25a     W
19  17.3  23.4  12:55p  12.0   6:35a   1.9   0.9   0.4   4.0  25.7   1:00p    SW
20  16.8  21.9   2:35p  13.4   4:35a   2.1   0.6   4.4   6.6  30.6  11:25a   WNW
21  15.2  21.4  11:20a  12.2  10:50p   3.4   0.2  19.0  11.9  57.9  11:45a    NW
22  13.0  17.7   2:15p   6.8  12:00m   5.3   0.0   0.6   7.9  43.5  10:20a    SW
23  13.2  22.4   4:15p   6.1   2:05a   5.8   0.6   0.0   6.9  35.4   8:30a     E
24  13.7  21.7   1:10p   5.2   6:30a   5.1   0.4   0.2   3.7  25.7  12:55p     W
25  16.1  20.8  11:15a  13.1   2:10a   2.4   0.2   5.2   9.2  41.8  11:20a     W
26  15.3  18.9  12:30p  12.6   5:40a   3.1   0.0  14.6   9.3  56.3   1:40p   WNW
27  11.1  14.8  12:10p   5.7  12:00m   7.2   0.0  10.8   7.6  53.1  10:25a    SW
28  10.4  18.8   2:10p   2.3   6:10a   7.9   0.0   0.2   3.1  22.5  11:05a    SW
29  13.4  23.2   2:15p   5.0   5:05a   5.7   0.7   0.2   4.3  25.7   7:05a    SW
30  19.7  30.0   3:10p   8.3   2:25a   2.5   3.8   0.0   7.4  37.0   3:15a     E
-------------------------------------------------------------------------------------
    15.6  31.1     9     2.3    28   112.4  31.4 119.7   7.4  59.5     4      SW

Max >=  32.0:  0
Max <=   0.0:  0
Min <=   0.0:  0
Min <= -18.0:  0
Max Rain: 27.61 ON 03/09/12
Days of Rain: 19 (> .2 mm) 10 (> 2 mm) 1 (> 20 mm)
Heat Base:  18.3  Cool Base:  18.3  Method: Integration
Gardiner Family