Gardiner Family

Gardiner Family

Gardiner Family
NOAA style reports

NOAA-style Climate Reports


Report for 2012 Aug
                   MONTHLY CLIMATOLOGICAL SUMMARY for AUG. 2012

NAME: Kairos   CITY:    STATE:  
ELEV:    20 m  LAT:   LONG: 

                   TEMPERATURE (C), RAIN  (mm), WIND SPEED (km/hr)

                                      HEAT  COOL        AVG
    MEAN                              DEG   DEG         WIND                 DOM
DAY TEMP  HIGH   TIME   LOW    TIME   DAYS  DAYS  RAIN  SPEED HIGH   TIME    DIR
------------------------------------------------------------------------------------
 1  11.7  16.9  12:45p   7.5   6:55a   6.7   0.0  12.0   1.9  33.8  10:05a    NW
 2  12.7  18.1   1:20p   7.1   3:10a   5.7   0.0   3.8   3.9  33.8   3:25p   WNW
 3  14.7  20.6   1:10p  11.4  12:00m   3.9   0.2  12.4   2.6  20.9   4:00p   WNW
 4  13.9  20.3   2:10p   8.4  11:50p   4.5   0.2   7.0   3.2  25.7  12:00p   WNW
 5  13.9  20.4   3:05p   7.7   2:35a   4.6   0.2   1.0   4.2  25.7   3:55p   WNW
 6  15.9  21.4   1:35p  12.9   5:20a   2.9   0.4  21.4   8.0  43.5   2:05p     N
 7  13.3  18.0   1:00p   7.7  12:00m   5.1   0.0   2.8   4.3  33.8  11:10a    SW
 8  11.2  21.5   2:15p   4.3   5:50a   7.3   0.2   0.4   1.0  14.5  10:55a   SSW
 9  13.0  21.8   3:10p   6.3   1:55a   5.9   0.6   0.0   4.7  29.0   9:45a   ENE
10  16.9  25.3   2:25p  10.1  12:00m   3.2   1.7   0.0   6.3  35.4   4:05a   ENE
11  15.9  26.4   2:05p   7.9   3:45a   4.1   1.7   0.0   2.1  16.1  11:25a   ENE
12  15.8  17.9  11:35a  12.7  12:00m   2.5   0.0  20.6   8.0  48.3  11:40a     N
13  12.3  17.3   3:20p   8.1   6:20a   6.0   0.0   1.2   3.1  30.6  12:40a    SW
14  13.6  19.4   3:25p  10.6   7:15a   4.8   0.0   2.0   3.4  37.0   3:45p    SW
15  12.8  18.9   2:45p   6.6  12:00m   5.6   0.0   0.2   1.9  19.3   1:40p   SSW
16  12.1  21.5   3:00p   4.6   4:10a   6.6   0.3   0.2   1.9  19.3   9:55a     S
17  14.2  20.5   3:55p   8.8   2:55a   4.4   0.2   0.0   7.6  43.5   9:10a     E
18  16.4  25.6   2:50p   8.8  12:00m   3.7   1.7   0.0   6.3  35.4   1:30a   ENE
19  13.3  20.6  11:05a   5.1   7:10a   5.3   0.3   0.2   1.8  22.5  12:35p    SW
20  17.7  24.6   2:15p  12.8   5:45a   2.0   1.3   0.0   3.5  25.7   8:40a   WNW
21  16.6  20.1   2:10p  14.2  12:00m   1.9   0.1  10.8  10.3  40.2  12:40p    SW
22  12.9  16.2   2:30p   6.9  11:50p   5.4   0.0   0.2   8.0  46.7   6:10a    SW
23  10.9  18.7   2:25p   3.8   6:55a   7.4   0.0   0.2   1.3  16.1   1:15p   SSW
24  13.9  22.3   3:05p   7.5   2:15a   5.0   0.6   0.2   2.4  17.7   9:15a    SW
25  16.3  25.1   2:30p   9.1  12:00m   3.4   1.4   0.0   6.1  29.0   1:25a     E
26  13.6  20.8  11:35a   5.6   6:25a   5.2   0.5   0.2   2.9  25.7   3:05p    SW
27  13.8  19.7   3:20p   7.5   7:00a   4.6   0.1   2.0   1.8  17.7   5:00p   WSW
28  14.4  20.1   1:50p  10.4  11:10p   4.1   0.2   1.0   5.3  43.5   1:40p   WSW
29  14.2  22.1   2:05p   8.4   7:00a   4.8   0.7   0.6   2.1  25.7   2:10p     S
30  15.4  24.4   2:35p   7.2   4:15a   4.5   1.6   0.2   3.9  27.4   7:30a   NNE
31  16.2  23.2  11:30a   7.2   2:55a   3.1   0.9   5.0   6.1  32.2   4:35p   NNE
-------------------------------------------------------------------------------------
    14.2  26.4    11     3.8    23   143.8  15.0 105.6   4.2  48.3    12      SW

Max >=  32.0:  0
Max <=   0.0:  0
Min <=   0.0:  0
Min <= -18.0:  0
Max Rain: 21.41 ON 06/08/12
Days of Rain: 24 (> .2 mm) 11 (> 2 mm) 2 (> 20 mm)
Heat Base:  18.3  Cool Base:  18.3  Method: Integration
Gardiner Family