Gardiner Family

Gardiner Family

Gardiner Family
NOAA style reports

NOAA-style Climate Reports


Report for 2012 Jul
                   MONTHLY CLIMATOLOGICAL SUMMARY for JUL. 2012

NAME: Kairos   CITY:    STATE:  
ELEV:    20 m  LAT:   LONG: 

                   TEMPERATURE (C), RAIN  (mm), WIND SPEED (km/hr)

                                      HEAT  COOL        AVG
    MEAN                              DEG   DEG         WIND                 DOM
DAY TEMP  HIGH   TIME   LOW    TIME   DAYS  DAYS  RAIN  SPEED HIGH   TIME    DIR
------------------------------------------------------------------------------------
 1  12.6  22.6   2:55p   5.3   7:40a   6.5   0.8   0.2   1.4  20.9  11:55a   NNW
 2  14.6  22.6   1:40p   6.7   2:35a   4.6   0.8   0.0   4.2  30.6   4:55a   ENE
 3  14.3  21.0   2:05p   7.4   1:55a   4.5   0.5   0.0   6.3  33.8   5:25a   ENE
 4  15.8  22.4   2:10p  10.9   6:50a   3.4   0.9   0.0   7.1  24.1   2:05a    NE
 5  15.3  23.8   2:45p   7.5  12:00m   4.0   1.0   0.0   5.5  29.0  10:20a   NNE
 6  12.9  23.7   1:35p   4.6   7:25a   6.0   0.6   7.9   2.3  20.9   2:20p     N
 7  14.7  21.3   1:10p  10.6  10:55p   3.9   0.3   0.3   1.4  19.3   4:35p   SSW
 8  10.9  16.9   2:20p   5.2  12:00m   7.4   0.0   0.5   3.9  25.7  10:05a    SE
 9   9.7  14.8   2:00p   4.3   6:05a   8.6   0.0   0.3   7.9  49.9  10:55a   ENE
10  12.4  17.6   1:05p   9.6  10:45p   5.9   0.0  10.2   7.6  38.6   2:25a   ENE
11  11.5  18.3   2:05p   6.7   8:00a   6.8   0.0   0.3   3.4  27.4  11:55a     S
12  10.2  16.6  12:10p   4.7   7:45a   8.1   0.0   0.0   3.2  25.7   2:00p    SW
13  10.2  18.3   2:15p   3.2   7:05a   8.1   0.0   0.3   2.1  25.7   1:25p   SSW
14  11.6  20.4   1:15p   2.8   7:25a   6.9   0.2   0.3   1.8  16.1   1:00p   WNW
15  14.3  20.7   2:20p  10.1   4:55a   4.3   0.2   0.0   3.5  19.3   9:05a    NW
16  12.8  16.8   2:50p   8.1  11:50p   5.5   0.0  14.0   3.7  25.7   9:00a   NNE
17  10.3  17.8   2:50p   5.3   6:55a   7.9   0.0   0.3   1.6  22.5  12:05p   SSW
18  10.8  18.6   2:10p   4.6  12:00m   7.6   0.0   0.0   3.2  25.7   2:45a     E
19   9.7  20.2   3:00p   1.2   7:10a   8.9   0.2   0.3   1.1  17.7  10:35a   NNW
20  12.6  23.2   1:20p   2.6   6:05a   6.8   1.1   0.3   2.1  20.9   9:00a    NE
21  17.6  24.9   1:05p  11.4   4:50a   2.1   1.3   0.0   7.1  29.0   8:30a   ENE
22  18.0  24.7   2:15p  11.5  11:55p   1.4   1.1   0.0   4.0  27.4  12:35a    NE
23  12.9  21.1   3:15p   6.7   7:35a   5.7   0.3   1.0   3.7  27.4   7:55p   NNW
24   8.9  16.1   2:45p   3.2   7:35a   9.3   0.0   0.3   2.4  25.7  11:05a     S
25   8.3  16.2  12:45p   1.1   6:35a  10.1   0.0   0.0   2.4  24.1   3:05p    SW
26  10.3  20.4   1:40p   2.7   5:00a   8.2   0.2   0.5   1.6  16.1  11:10a    SW
27  13.0  20.8   3:10p   6.5  12:00m   5.7   0.4   0.0   3.9  20.9   2:10a     E
28  13.8  21.6   2:35p   6.2  12:25a   5.1   0.5   0.0   7.4  33.8   7:00a     E
29  14.8  20.9   3:30p   7.6   7:40a   3.9   0.3   0.0   8.9  33.8   3:50a   ENE
30  18.2  23.6   3:05p  14.6   7:30a   1.4   1.3   0.0   9.7  35.4  11:25a   NNE
31  15.2  18.6  12:45a  10.1  11:55p   3.1   0.0  25.1   4.8  32.2   6:35a   NNE
-------------------------------------------------------------------------------------
    12.8  24.9    21     1.1    25   181.7  12.1  61.7   4.2  49.9     9     ENE

Max >=  32.0:  0
Max <=   0.0:  0
Min <=   0.0:  0
Min <= -18.0:  0
Max Rain: 25.15 ON 31/07/12
Days of Rain: 17 (> .2 mm) 4 (> 2 mm) 1 (> 20 mm)
Heat Base:  18.3  Cool Base:  18.3  Method: Integration
Gardiner Family