Gardiner Family

Gardiner Family

Gardiner Family
NOAA style reports

NOAA-style Climate Reports

Select a Year or Month report

Notice: Undefined index: NOAA2017.TXT in E:\xampp\htdocs\gardiner\davis\noaa.php on line 289

Report for 2012 Jun
                   MONTHLY CLIMATOLOGICAL SUMMARY for JUN. 2012

NAME: Test   CITY:    STATE:  
ELEV:    20 m  LAT:  32 06' 00" S  LONG: 116 00' 00" E

                   TEMPERATURE (C), RAIN  (mm), WIND SPEED (km/hr)

                                      HEAT  COOL        AVG
    MEAN                              DEG   DEG         WIND                 DOM
DAY TEMP  HIGH   TIME   LOW    TIME   DAYS  DAYS  RAIN  SPEED HIGH   TIME    DIR
------------------------------------------------------------------------------------
 1  15.8  19.9   3:45p  13.2  11:55p   2.7   0.2   0.2   2.4  25.7  10:05p   SSE
 2  15.4  21.4  12:25p   8.7   5:10a   3.4   0.5   0.2   4.5  32.2  11:50p   ENE
 3  20.1  24.8   1:05p  17.1   5:25a   0.2   2.0   0.0  15.1  41.8   5:45a   ENE
 4  19.1  22.7   3:35p  16.1   7:25a   0.5   1.2   0.0  13.0  40.2   2:25a   ENE
 5  19.0  23.1   2:40p  15.5   7:35a   0.5   1.2   0.0  14.5  43.5   3:25a   ENE
 6  15.4  18.8  12:05a  12.9   3:10p   2.9   0.0  12.4  21.2  62.8   4:50a   ENE
 7  15.6  20.3   3:00p  12.7  12:00m   2.9   0.1  14.6   7.2  45.1  12:15a   NNE
 8  16.0  22.3   2:15p  11.2  12:00m   2.9   0.6   0.4   2.6  17.7  10:10a   NNE
 9  15.5  20.2  11:45a   9.1   4:35a   3.1   0.2   0.0   7.1  38.6  10:30p   ENE
10  17.9  20.9   1:40p  16.4   6:35p   0.7   0.3  11.0  13.0  72.4  12:00p    NE
11  15.5  19.5   9:55a  11.8  12:00m   2.9   0.0  14.2   7.4  48.3  12:45p     W
12  14.3  19.5   2:25p  10.7   2:30a   4.1   0.1   7.0   7.6  70.8   9:40p   NNE
13  13.6  16.1  12:25a  10.7  12:00m   4.8   0.0  14.0   6.9  75.6   1:30a     S
14  12.1  18.1  12:25p   8.7   6:35a   6.3   0.0   3.4   2.6  35.4   3:25p     W
15  13.3  19.4   1:00p   6.7   7:40a   5.0   0.1   2.0   1.0  14.5   1:05p     W
16  15.2  18.7   1:05p  13.8   6:50a   3.2   0.0   1.0   3.1  17.7  10:05a    NE
17  16.1  21.9   2:15p  11.5  12:00m   2.8   0.6   0.6   1.8  16.1  11:35a    NE
18  16.6  24.1   2:15p   9.8   2:20a   3.1   1.3   0.4   5.1  25.7  11:15a   ENE
19  15.6  19.6   1:05p  10.0  12:00m   2.8   0.1  17.2   5.8  30.6   2:20p    SW
20  10.3  15.3   3:20p   6.3  12:00m   8.0   0.0  11.0   1.6  35.4   4:40p   SSW
21   9.2  17.7   1:30p   2.8   7:40a   9.2   0.0   0.4   1.8  16.1   9:40a     S
22   9.8  19.1   2:05p   2.1   7:05a   8.6   0.0   0.0   1.6  14.5  11:45a   ENE
23  10.6  18.3  12:55p   3.7   4:20a   7.7   0.0   0.2   2.6  20.9   8:55a   ENE
24  14.2  20.1   1:50p  10.0  12:05a   4.3   0.1   0.0   9.5  35.4   7:55a     E
25  13.8  15.2   1:15p  11.8   4:45a   4.6   0.0   0.0  13.4  43.5   4:25a   ENE
26  16.8  20.4   3:05p  14.3   3:45a   2.0   0.4   5.4  10.3  43.5  11:35a   NNE
27  14.9  19.8   1:00p  11.9  10:35p   3.5   0.1  10.2   4.2  37.0  12:15p    SW
28  13.3  18.2  11:35a   8.1  12:00m   5.1   0.0   2.0   2.1  24.1   1:50a   SSW
29  11.3  18.6   1:50p   6.4   3:45a   7.0   0.0   0.2   1.0  14.5   3:20p   SSW
30  12.1  21.3   2:20p   4.8   7:40a   6.8   0.6   0.2   1.1  12.9  12:30p    NW
-------------------------------------------------------------------------------------
    14.6  24.8     3     2.1    22   121.4   9.6 128.3   6.4  75.6    13     ENE

Max >=  32.0:  0
Max <=   0.0:  0
Min <=   0.0:  0
Min <= -18.0:  0
Max Rain: 17.20 ON 19/06/12
Days of Rain: 23 (> .2 mm) 13 (> 2 mm) 0 (> 20 mm)
Heat Base:  18.3  Cool Base:  18.3  Method: Integration
Gardiner Family