Gardiner Family

Gardiner Family

Gardiner Family
NOAA style reports

NOAA-style Climate Reports


Report for 2012 May
                   MONTHLY CLIMATOLOGICAL SUMMARY for MAY. 2012

NAME: Test   CITY:    STATE:  
ELEV:    20 m  LAT:  32 06' 00" S  LONG: 116 00' 00" E

                   TEMPERATURE (C), RAIN  (mm), WIND SPEED (km/hr)

                                      HEAT  COOL        AVG
    MEAN                              DEG   DEG         WIND                 DOM
DAY TEMP  HIGH   TIME   LOW    TIME   DAYS  DAYS  RAIN  SPEED HIGH   TIME    DIR
------------------------------------------------------------------------------------
 1  17.9  22.8   3:05p  14.2   4:15a   1.3   0.9   0.0  13.0  46.7   4:10a     E
 2  21.1  26.9   3:15p  14.6   7:10a   0.8   3.5   0.0  18.3  54.7   6:45a     E
 3  23.3  28.0  12:10p  19.9  11:25p   0.0   4.9   0.0   7.6  40.2  12:20a    NW
 4  19.1  20.5   2:00p  18.4   6:25p   0.0   0.8  16.4   2.7  20.9  11:45p   NNE
 5  19.5  22.6   1:35p  17.0  12:00m   0.2   1.4   1.2   3.1  19.3   2:25a   NNE
 6  16.5  19.7  11:45a  13.9  10:00p   1.9   0.1   8.0   2.9  27.4  11:15a    SW
 7  16.9  21.7  12:20p  14.0   2:25a   2.1   0.7  12.6   9.7  51.5   3:30p   WNW
 8  17.7  22.1   1:00p  14.0  10:55p   1.3   0.6   0.2   7.9  38.6  11:55a   WSW
 9  15.4  20.5   2:45p  12.2   7:20a   3.1   0.1   0.6   2.3  17.7   3:35p     N
10  16.4  22.7  12:00p  12.6  10:30p   2.8   0.9   0.2   2.1  17.7   1:15p     N
11  17.8  24.6   1:25p  11.8   7:00a   2.0   1.5   0.0   4.8  30.6  11:25p   ENE
12  19.6  27.2   2:35p  15.1   6:00a   1.1   2.3   0.0  12.6  49.9   5:05a   ENE
13  16.7  24.1   1:25p  11.8   5:10a   2.8   1.2   0.0   2.6  24.1   2:45p   WSW
14  15.0  21.3  12:30p  11.2   5:05a   3.6   0.3   2.8   1.8  32.2  12:45p   WSW
15  14.4  21.3   2:45p   9.4   7:20a   4.2   0.3   0.2   1.1  12.9   2:35p    SW
16  15.3  22.9   2:50p   9.6   1:45a   4.1   0.9   0.4   2.3  16.1   8:40a    SW
17  14.5  23.2   1:05p   7.0   6:45a   4.6   0.8   0.2   1.3  14.5   5:35p    SW
18  16.7  25.2   2:00p  10.5  11:20p   3.1   1.4   0.0   4.3  30.6   9:25a   ESE
19  18.5  25.7   2:55p  13.5   7:00a   1.8   1.9   0.0   8.0  38.6   8:05a     E
20  20.3  28.3   2:50p  15.1   5:10a   0.7   2.7   0.0   5.0  25.7   1:40a   ENE
21  18.6  26.4   1:45p  12.4  12:00m   1.8   2.1   0.0   3.5  20.9   1:05a   SSW
22  15.4  22.4  11:00a   9.8  11:40p   3.6   0.7   0.0   4.0  29.0   2:45p   SSW
23  13.5  21.4   2:15p   6.4  12:00m   5.3   0.5   0.0   4.8  25.7   9:35a   ESE
24  13.8  23.2   2:10p   5.1   1:55a   5.5   0.9   0.0   4.8  29.0   5:55a     E
25  13.7  23.1   2:20p   4.7   7:20a   5.5   0.8   0.0   2.6  20.9   9:25a   ENE
26  13.3  24.4   1:45p   4.9   4:55a   6.3   1.4   0.0   1.9  17.7  10:30a    NE
27  17.6  24.8   2:40p   9.6   2:30a   2.4   1.7   0.0   6.6  33.8   8:50a     E
28  18.2  24.1   2:35p  10.2  12:00m   1.6   1.5   0.0   7.1  35.4   3:15a     E
29  17.7  24.2   1:35p   9.6  12:45a   2.1   1.5   0.0   9.5  35.4   3:25a   ENE
30  19.6  26.3   1:50p  15.1  10:25p   0.8   2.1   0.0   7.2  32.2  11:05a   NNE
31  18.4  25.1   3:15p  10.3   6:50a   1.5   1.6   0.8   5.3  30.6   3:25p   NNE
-------------------------------------------------------------------------------------
    17.2  28.3    20     4.7    25    77.9  42.2  43.6   5.5  54.7     2       E

Max >=  32.0:  0
Max <=   0.0:  0
Min <=   0.0:  0
Min <= -18.0:  0
Max Rain: 16.41 ON 04/05/12
Days of Rain: 12 (> .2 mm) 4 (> 2 mm) 0 (> 20 mm)
Heat Base:  18.3  Cool Base:  18.3  Method: Integration
Gardiner Family