Gardiner Family

Gardiner Family

Gardiner Family
NOAA style reports

NOAA-style Climate Reports


Report for 2012 Apr
                   MONTHLY CLIMATOLOGICAL SUMMARY for APR. 2012

NAME: Kairos   CITY: Maddington   STATE: Western Australia 
ELEV:    20 m  LAT:  32 04' 24" S  LONG: 116 00' 18" E

                   TEMPERATURE (C), RAIN  (mm), WIND SPEED (km/hr)

                                      HEAT  COOL        AVG
    MEAN                              DEG   DEG         WIND                 DOM
DAY TEMP  HIGH   TIME   LOW    TIME   DAYS  DAYS  RAIN  SPEED HIGH   TIME    DIR
------------------------------------------------------------------------------------
 1  18.8  24.7   3:55p  12.6   5:50a   1.7   2.2   0.4   6.8  46.7   1:55p   WNW
 2  21.2  25.3  11:35a  19.3   6:30a   0.0   2.9   4.6   8.0  40.2   2:00p   WNW
 3  22.1  26.4   2:40p  18.9   6:05a   0.0   3.8   2.0   6.6  33.8   1:05p   WNW
 4  22.1  26.1  11:55a  18.9  12:00m   0.0   3.8   3.6   6.6  32.2  11:15a   WNW
 5  18.2  22.4  12:35p  12.9  10:30p   1.1   1.0   4.0   6.3  40.2   1:15p   SSW
 6  16.7  23.9   3:05p  11.1   6:50a   2.7   1.1   0.0  11.9  41.8   1:45a     E
 7  22.7  31.1   3:25p  15.5   6:10a   0.5   4.9   0.0   9.0  41.8  11:25p     E
 8  22.8  32.1   2:30p  16.1  12:00m   0.2   4.7   0.0   7.4  49.9  12:55a     E
 9  20.9  30.3   2:25p  13.9   4:10a   1.1   3.7   0.0   2.7  17.7   3:00p    SW
10  25.5  36.7   3:25p  15.8   5:05a   0.4   7.6   0.0   4.3  22.5   6:40a   NNE
11  26.2  34.6   1:35p  16.6  12:00m   0.1   7.9   0.0   4.5  25.7   1:30a   NNE
12  21.3  30.6  12:10p  13.3   7:10a   1.3   4.3   0.0   2.3  20.9  11:55a    SW
13  20.0  27.4   1:10p  14.2  12:00m   0.7   2.4   0.0   4.0  29.0   1:55p   SSW
14  19.3  26.9   2:15p  12.2   4:35a   1.8   2.8   0.0   3.5  29.0   3:50p   SSW
15  19.8  29.1   2:05p  12.7   6:30a   1.7   3.2   0.0   2.6  20.9   3:10p   SSW
16  19.2  27.8  12:45p  12.7   6:55a   1.8   2.7   0.0   2.6  25.7   1:45p    SW
17  18.8  27.1  12:45p  11.5   6:45a   2.2   2.6   0.0   3.1  25.7   2:20p     W
18  18.0  25.1  12:15p  13.4   4:20a   1.4   1.1   6.6   4.0  43.5   2:15p     W
19  17.8  23.6  12:45p  13.2  12:00m   1.7   1.2   0.0   3.2  20.9   8:50a   SSW
20  16.6  22.6  11:15a  12.3   5:05a   2.7   0.9   0.0   3.7  30.6   5:15p   SSW
21  15.3  21.1   1:20p  10.1   7:10a   3.4   0.4   0.2   3.1  25.7  11:55a   SSW
22  16.2  23.2   1:05p   9.9   5:45a   3.3   1.1   0.2   4.2  38.6  11:50p    SW
23  16.9  23.3   3:20p  12.6   7:00a   2.5   1.1   0.0  12.6  51.5   2:45a     E
24  19.5  25.8   1:05p  14.0   6:45a   1.3   2.6   0.0  15.9  51.5   7:35a     E
25  23.0  31.1   2:25p  18.8   6:05a   0.0   4.7   0.0   9.5  41.8   3:40a     E
26  24.9  32.7   2:20p  18.9   7:00a   0.0   6.6   0.0   7.1  33.8   1:40a    NE
27  26.1  30.3  11:50a  23.1   6:40a   0.0   7.8   0.0   8.2  30.6  11:05p     E
28  22.8  25.8   3:05p  18.3  10:55p   0.0   4.5  40.0   7.4  40.2   1:30a   ENE
29  20.3  24.4   2:30p  18.1   3:45a   0.0   2.0  21.2   6.6  38.6   2:00p     W
30  19.2  23.6   2:30p  15.4   6:40a   0.6   1.4   1.0   4.5  29.0  10:10a   SSW
-------------------------------------------------------------------------------------
    20.4  36.7    10     9.9    22    34.0  97.1  83.8   6.1  51.5    23     SSW

Max >=  32.0:  4
Max <=   0.0:  0
Min <=   0.0:  0
Min <= -18.0:  0
Max Rain: 40.01 ON 28/04/12
Days of Rain: 11 (> .2 mm) 7 (> 2 mm) 2 (> 20 mm)
Heat Base:  18.3  Cool Base:  18.3  Method: Integration
Gardiner Family