Gardiner Family

Gardiner Family

Gardiner Family
NOAA style reports

NOAA-style Climate Reports


Report for 2012 Mar
                   MONTHLY CLIMATOLOGICAL SUMMARY for MAR. 2012

NAME: Kairos   CITY: Maddington   STATE: Western Australia 
ELEV:    20 m  LAT:  32 04' 24" S  LONG: 116 00' 18" E

                   TEMPERATURE (C), RAIN  (mm), WIND SPEED (km/hr)

                                      HEAT  COOL        AVG
    MEAN                              DEG   DEG         WIND                 DOM
DAY TEMP  HIGH   TIME   LOW    TIME   DAYS  DAYS  RAIN  SPEED HIGH   TIME    DIR
------------------------------------------------------------------------------------
 1  23.0  30.5   4:10p  16.1   6:10a   0.3   5.0   0.0  13.7  48.3   2:15a     E
 2  21.9  31.4   3:00p  15.9   6:25a   0.7   5.8   0.0  14.3  43.5  12:25a     E
 3  24.3  33.8   2:35p  17.2  12:00m   0.1   6.1   0.0  11.4  54.7   2:40p     E
 4  27.6  38.0   2:30p  16.5  12:40a   0.1   9.4   0.0   6.0  27.4   2:55a   ENE
 5  28.3  40.0   1:35p  17.5   5:45a   0.0  10.0   0.0   4.5  29.0   9:25a   WSW
 6  30.3  40.5   2:45p  19.7  12:00m   0.0  12.0   0.0   8.2  38.6   9:15a   ENE
 7  23.4  32.4   2:55p  15.2   6:15a   0.4   5.5   0.0   6.0  32.2  12:05p    SW
 8  26.2  34.8   3:35p  18.5   5:55a   0.0   7.9   0.0   7.6  51.5  11:10p    SE
 9  27.5  40.1   4:05p  17.9   6:30a   0.0   9.2   0.0  10.9  54.7   3:05a     E
10  28.8  41.2   1:55p  17.1   6:30a   0.1  10.6   0.0   4.3  30.6   1:20p    SW
11  30.1  42.4   2:10p  21.1  12:00m   0.0  11.8   0.0   9.5  48.3   1:10a     E
12  28.2  42.4  12:35p  17.3   6:25a   0.1  10.0   0.0   4.0  29.0   3:20p    SW
13  25.0  31.7   3:35p  19.8  12:00m   0.0   6.7   0.0   8.2  43.5  11:30p   ESE
14  22.8  30.2   2:35p  16.6   6:15a   0.3   4.8   0.0  10.1  43.5   2:55a   ESE
15  22.2  29.6   3:55p  15.7   6:25a   0.4   4.3   0.0  11.1  45.1   2:05a   ESE
16  22.8  30.7   3:40p  14.8   6:30a   0.6   5.1   0.0   8.7  37.0   5:00p     E
17  25.9  33.3   4:10p  17.8   6:35a   0.0   7.7   0.2  11.9  40.2  11:50p   ENE
18  27.1  36.0   3:25p  20.1  12:00m   0.0   8.8   0.0   6.8  40.2  12:50a   SSW
19  23.8  31.7   2:10p  16.3   6:35a   0.2   5.7   0.0   5.6  37.0  11:55p   SSW
20  20.9  28.3   4:05p  12.3   6:50a   1.0   3.5   0.0   6.6  38.6  11:35p    SE
21  20.5  26.5   3:00p  15.4   6:45a   0.5   2.7   0.0  10.8  41.8   4:10a     E
22  20.3  26.5   3:30p  13.1   6:25a   1.1   3.1   0.0  10.0  49.9  11:40p     E
23  20.8  27.6   4:00p  15.0   6:55a   0.7   3.1   0.0   8.9  54.7  12:25a     E
24  22.5  28.7   4:50p  16.9   6:45a   0.2   4.4   0.0  12.1  46.7   5:50a     E
25  22.6  29.3   4:00p  18.0   6:25a   0.0   4.3   0.0   4.5  20.9   6:15p    SW
26  20.3  28.3   3:10p  13.4   6:50a   1.2   3.2   0.0   4.0  27.4   1:45p   SSW
27  19.6  28.8   2:15p  11.6   6:30a   2.0   3.3   0.0   3.9  27.4   4:20p    SW
28  23.9  32.4   3:25p  15.5  12:50a   0.2   5.7   0.0   7.1  45.1   2:45a     E
29  23.7  34.6  12:50p  18.9   6:35a   0.0   5.4   0.0  11.9  51.5   4:45a    SW
30  18.9  23.7   2:00p  12.4  12:00m   0.8   1.4   0.0   7.2  33.8   3:15a    SW
31  17.5  25.7  12:50p  10.3   4:05a   2.6   1.8   0.0   3.7  25.7   2:05p    SW
-------------------------------------------------------------------------------------
    23.9  42.4    11    10.3    31    13.5 188.3   0.2   8.2  54.7     3       E

Max >=  32.0: 14
Max <=   0.0:  0
Min <=   0.0:  0
Min <= -18.0:  0
Max Rain: 0.20 ON 17/03/12
Days of Rain: 1 (> .2 mm) 0 (> 2 mm) 0 (> 20 mm)
Heat Base:  18.3  Cool Base:  18.3  Method: Integration
Gardiner Family