Gardiner Family

Gardiner Family

Gardiner Family
NOAA style reports

NOAA-style Climate Reports


Report for 2012 Feb
                   MONTHLY CLIMATOLOGICAL SUMMARY for FEB. 2012

NAME: Kairos   CITY: Maddington   STATE: Western Australia 
ELEV:    20 m  LAT:  32 04' 24" S  LONG: 116 00' 18" E

                   TEMPERATURE (C), RAIN  (mm), WIND SPEED (km/hr)

                                      HEAT  COOL        AVG
    MEAN                              DEG   DEG         WIND                 DOM
DAY TEMP  HIGH   TIME   LOW    TIME   DAYS  DAYS  RAIN  SPEED HIGH   TIME    DIR
------------------------------------------------------------------------------------
 1  29.6  38.1  12:55p  24.1   9:20p   0.0  11.3   0.8  12.9  54.7   2:40a   ENE
 2  26.4  30.3   1:55p  22.9  12:00m   0.0   8.1   3.8   6.1  49.9   9:05p   SSE
 3  22.2  25.9   1:00p  18.7  12:00m   0.0   3.9  10.0   8.5  43.5   1:25a    SE
 4  20.7  27.8   4:30p  14.4   5:55a   0.8   3.2   0.0   7.2  40.2  10:10p    SE
 5  20.9  28.4   4:00p  13.4   5:50a   1.1   3.8   0.0   9.5  40.2   3:25a   ESE
 6  22.9  31.4   4:05p  15.6   6:00a   0.4   5.0   0.0  12.7  54.7   5:35a     E
 7  26.9  35.9   4:15p  18.1   6:05a   0.0   8.6   0.0  14.2  61.2  11:35p     E
 8  27.3  36.3   4:05p  18.9   5:55a   0.0   9.0   0.0  22.0  88.5   5:25a     E
 9  28.6  37.4   4:55p  20.0   6:10a   0.0  10.3   0.0  13.8  57.9  12:05a     E
10  29.9  41.3   2:50p  22.9  12:00m   0.0  11.7   0.0  10.1  46.7   7:25a     W
11  25.0  30.1   3:05p  21.5   6:20a   0.0   6.7   0.0   6.8  33.8   2:05p     W
12  23.9  29.4   1:15p  21.7   2:25a   0.0   3.1   0.0   5.6  27.4  12:00p    SW
13
14
15
16
17
18  24.8  25.1  11:25p  24.5  12:00m   0.0   0.2   0.0  19.5  40.2  11:50p     E
19  27.5  35.3   3:45p  20.1   6:25a   0.0   9.2   0.0  14.5  57.9   8:05a     E
20  29.2  38.4   3:55p  19.8   6:15a   0.0  10.9   0.0  12.7  51.5   4:05a     E
21  30.0  38.1   1:55p  24.4  12:00m   0.0  11.7   0.0   7.2  30.6   6:50a   ENE
22  29.0  40.8   1:30p  20.8   4:55a   0.0  10.7   0.0   3.5  25.7   3:05p   NNW
23  25.4  31.6   1:00p  21.9  12:00m   0.0   7.1   0.0   7.2  27.4   2:50p    SW
24  22.7  28.3   1:20p  18.3  12:00m   0.0   4.4   0.0   7.2  30.6   1:55p    SW
25  20.0  25.6   1:50p  13.6   6:00a   0.9   2.6   0.0   6.1  33.8   1:30p   SSW
26  20.2  26.6   3:10p  12.9   6:30a   0.9   2.8   0.0   6.3  37.0   2:10p     S
27  22.5  31.2   4:00p  16.4   1:15a   0.5   4.7   0.0   8.4  45.1  11:35p   ESE
28  22.5  27.5   5:05p  17.7   5:25a   0.1   4.2   0.0  20.0  61.2   3:10a     E
29  23.5  29.7   2:45p  18.3   6:10a   0.0   5.2   0.0  18.5  66.0   2:00a     E
-------------------------------------------------------------------------------------
    25.1  41.3    10    12.9    26     4.7 158.4  14.6  10.9  88.5     8       E

Max >=  32.0:  9
Max <=   0.0:  0
Min <=   0.0:  0
Min <= -18.0:  0
Max Rain: 10.01 ON 03/02/12
Days of Rain: 3 (> .2 mm) 2 (> 2 mm) 0 (> 20 mm)
Heat Base:  18.3  Cool Base:  18.3  Method: Integration
Gardiner Family