Gardiner Family

Gardiner Family

Gardiner Family
NOAA style reports

NOAA-style Climate Reports


Report for 2012 Jan
                   MONTHLY CLIMATOLOGICAL SUMMARY for JAN. 2012

NAME: Kairos   CITY: Maddington   STATE: Western Australia 
ELEV:    20 m  LAT:  32 04' 24" S  LONG: 116 00' 18" E

                   TEMPERATURE (C), RAIN  (mm), WIND SPEED (km/hr)

                                      HEAT  COOL        AVG
    MEAN                              DEG   DEG         WIND                 DOM
DAY TEMP  HIGH   TIME   LOW    TIME   DAYS  DAYS  RAIN  SPEED HIGH   TIME    DIR
------------------------------------------------------------------------------------
 1  23.3  27.9   2:30p  19.9   4:05a   0.0   5.0   0.0   4.8  33.8  11:45p     S
 2  24.6  32.5   3:25p  18.2   5:00a   0.0   6.3   0.0   7.7  38.6  12:00m     S
 3  24.9  32.9   4:30p  18.0   5:35a   0.0   6.6   0.0  19.0  85.3  10:20p     E
 4  25.2  34.1   3:20p  16.8   3:55a   0.1   7.0   4.4  20.0  74.0   1:35a     E
 5  24.5  29.4   3:05p  20.4   5:45a   0.0   6.2   0.0   7.4  35.4   2:00p   WNW
 6  21.9  25.9   2:15p  17.4  11:55p   0.0   3.6   0.8   9.8  38.6   3:25p    SW
 7  19.7  25.4  12:45p  15.5   5:10a   0.8   2.1   0.4   7.1  35.4   3:10p    SW
 8  20.3  29.5   3:05p  11.0   5:55a   1.5   3.5   0.0   6.1  33.8   3:55p     S
 9  25.2  34.0   4:15p  16.5   5:40a   0.2   7.0   0.0  12.1  51.5   3:25a     E
10  26.5  34.7   3:50p  17.4   5:35a   0.1   8.3   0.0  15.1  56.3   6:00a     E
11  27.9  36.2   3:35p  19.7   5:55a   0.0   9.6   0.0  14.3  53.1   3:40a     E
12  29.5  36.9   3:30p  21.4   5:30a   0.0  11.2   0.0  10.0  37.0   6:50a     E
13  29.4  34.6   3:35p  23.4   6:00a   0.0  11.1   0.0  11.6  43.5  12:10a     E
14  28.6  33.6   1:50p  24.3  12:00m   0.0  10.2   0.0   8.2  35.4   4:55a     E
15  26.7  34.4  12:15p  21.3  11:50p   0.0   8.4   0.0   7.4  32.2   1:20p    SW
16  22.3  28.3  12:05p  17.1   6:00a   0.1   4.1   0.0   8.9  38.6   2:20p   SSW
17  24.2  33.7   4:35p  16.4   5:35a   0.3   6.1   0.0   7.4  38.6  11:45p   SSW
18  28.8  38.2   2:20p  19.3   5:30a   0.0  10.5   0.0  12.6  66.0   3:05a     E
19  28.8  37.2  12:30p  21.3   4:55a   0.0  10.5   0.0   4.5  29.0  12:15p    SW
20  29.1  38.1   4:45p  20.7   6:10a   0.0  10.8  10.6   8.2  49.9   7:20a     E
21  29.9  37.1   1:30p  23.5   2:35a   0.0  11.6   0.0   5.3  30.6  12:05p     W
22  24.9  31.4   1:05p  20.1  12:00m   0.0   6.7   0.0   5.5  30.6   4:00p    SW
23  27.3  36.6   3:20p  18.4   5:30a   0.0   9.0   0.0   6.6  66.0  11:25p   SSW
24  29.8  39.0   4:30p  20.7   5:40a   0.0  11.5   0.0  13.4  61.2   2:15a     E
25  33.4  41.2   2:20p  25.1   5:55a   0.0  15.1   0.0  15.0  56.3   4:55a     E
26  32.6  42.6   3:10p  25.3  10:10p   0.0  14.3   5.4  12.1  46.7   7:20a     E
27  32.4  39.5   1:10p  25.4   2:10a   0.0  14.1   0.0   4.3  27.4   4:25a    NE
28  33.9  43.7   3:15p  27.3  12:00m   0.0  15.6   0.0   6.8  37.0   2:40a   SSW
29  26.2  32.7   3:45p  19.1  12:00m   0.0   7.9   0.0  12.9  53.1   9:40p   ESE
30  23.9  31.7   3:45p  16.7   5:25a   0.3   5.9   0.0  18.8  74.0   4:05a     E
31  27.1  36.1   4:00p  17.8   5:20a   0.0   8.9   0.0  20.1  67.6   2:10a     E
-------------------------------------------------------------------------------------
    26.9  43.7    28    11.0     8     3.3 268.7  21.6  10.4  85.3     3       E

Max >=  32.0: 23
Max <=   0.0:  0
Min <=   0.0:  0
Min <= -18.0:  0
Max Rain: 10.59 ON 20/01/12
Days of Rain: 5 (> .2 mm) 3 (> 2 mm) 0 (> 20 mm)
Heat Base:  18.3  Cool Base:  18.3  Method: Integration
Gardiner Family