Gardiner Family

Gardiner Family

Gardiner Family
NOAA style reports

NOAA-style Climate Reports

Select a Year or Month report

Notice: Undefined index: NOAA2017.TXT in E:\xampp\htdocs\gardiner\davis\noaa.php on line 289

Report for 2011 Dec
                   MONTHLY CLIMATOLOGICAL SUMMARY for DEC. 2011

NAME: Kairos   CITY: Maddington   STATE: Western Australia 
ELEV:    20 m  LAT:  32 04' 24" S  LONG: 116 00' 18" E

                   TEMPERATURE (C), RAIN  (mm), WIND SPEED (km/hr)

                                      HEAT  COOL        AVG
    MEAN                              DEG   DEG         WIND                 DOM
DAY TEMP  HIGH   TIME   LOW    TIME   DAYS  DAYS  RAIN  SPEED HIGH   TIME    DIR
------------------------------------------------------------------------------------
 1  24.6  33.0   3:00p  16.1   3:45a   0.4   6.7   0.0  19.0  64.4   1:10a     E
 2  26.8  34.9   3:10p  17.0   4:50a   0.1   8.6   0.0  12.1  56.3  11:40p     E
 3  28.1  36.9   2:10p  18.8   5:30a   0.0   9.8   0.0  17.5  57.9   2:50a     E
 4  28.6  34.2   4:20p  24.6   4:15a   0.0  10.3   0.0  13.2  70.8   6:10a     E
 5  28.3  37.6   1:30p  21.3   9:15p   0.0  10.0   4.6  15.1  49.9   6:35p     E
 6  20.6  24.2  12:20a  18.1  10:50a   0.0   2.3  24.0  14.3  66.0   6:30p     E
 7  21.3  28.2  11:55a  17.7   5:00a   0.0   3.0   2.0   4.3  29.0   9:30a     S
 8  20.9  27.0   4:15p  14.6   5:25a   0.6   3.2   0.0   3.5  35.4  11:45p     S
 9  21.9  28.6   2:35p  16.8  12:00m   0.1   3.7   0.0   8.2  41.8   2:30a     E
10  23.3  32.3   3:20p  16.4  12:25a   0.2   5.2   0.0  12.4  51.5   7:15a     E
11  26.2  33.8   1:35p  19.1  12:05a   0.0   7.9   0.0  10.5  49.9   5:15a     E
12  21.2  26.4   1:25p  17.1   6:45p   0.1   3.0  32.2  12.2  61.2  11:40p     E
13  20.4  24.8   1:50p  17.4   5:50a   0.1   2.3   0.2   6.4  56.3  12:05a     S
14  23.2  29.6   2:55p  18.9   4:10a   0.0   4.9   0.0   9.7  38.6   7:00p   ESE
15  22.1  25.6   1:35p  19.7   4:40a   0.0   3.7   0.0  12.2  45.1   1:25a     E
16  22.3  30.8   2:45p  17.0   3:35a   0.2   4.3   0.0   8.5  41.8   7:45a     E
17  23.6  32.3  12:55p  15.9   1:25a   0.2   5.4   0.0   6.6  33.8   3:50a    SW
18  20.7  27.9   1:55p  14.8   5:45a   0.8   3.2   0.0   7.2  35.4   2:30p    SW
19  20.5  28.9  12:35p  13.1   5:05a   1.2   3.3   0.0   5.6  33.8   2:15p    SW
20  23.4  33.0   2:15p  15.1   1:20a   0.5   5.6   0.0   8.7  53.1   7:40a     E
21  23.3  32.7  11:50a  14.6   5:35a   0.6   5.6   0.0   5.5  29.0  12:35p   SSW
22  23.1  34.2   1:55p  15.1   5:25a   0.5   5.3   0.0   6.6  33.8   4:35p    SW
23  23.2  32.2   3:00p  16.8   5:30a   0.2   5.1   0.0   6.8  30.6   3:05p   SSW
24  24.3  33.3   4:05p  17.4   5:30a   0.1   6.0   0.0   9.5  53.1   7:25a     E
25  24.9  32.9   3:40p  17.3   5:35a   0.1   6.7   0.0  13.0  53.1   6:20a     E
26  24.9  32.8   3:10p  16.8   5:30a   0.1   6.8   0.0  14.5  54.7  12:25a     E
27  26.8  36.9   4:25p  18.2   5:40a   0.0   8.5   0.0  14.5  53.1   3:25a     E
28  31.2  39.6   2:55p  23.3   5:15a   0.0  12.9   0.0  17.2  53.1   8:55a     E
29  30.1  39.7  12:40p  22.0  12:00m   0.0  11.8   0.0   5.5  30.6  11:35a   SSW
30  25.9  33.4  12:50p  19.6   4:25a   0.0   7.6   0.0   5.1  32.2   1:00p   SSW
31  25.5  33.2  12:45p  19.6   5:00a   0.0   7.2   0.0   4.2  29.0   3:15p    SW
-------------------------------------------------------------------------------------
    24.2  39.7    29    13.1    19     6.1 189.8  63.0  10.0  70.8     4       E

Max >=  32.0: 20
Max <=   0.0:  0
Min <=   0.0:  0
Min <= -18.0:  0
Max Rain: 32.21 ON 12/12/11
Days of Rain: 5 (> .2 mm) 4 (> 2 mm) 2 (> 20 mm)
Heat Base:  18.3  Cool Base:  18.3  Method: Integration
Gardiner Family