Gardiner Family

Gardiner Family

Gardiner Family
NOAA style reports

NOAA-style Climate Reports

Select a Year or Month report

Notice: Undefined index: NOAA2017.TXT in E:\xampp\htdocs\gardiner\davis\noaa.php on line 289

Report for 2011 Nov
                   MONTHLY CLIMATOLOGICAL SUMMARY for NOV. 2011

NAME: Kairos   CITY: Maddington   STATE: Western Australia 
ELEV:    20 m  LAT:  32 04' 24" S  LONG: 116 00' 18" E

                   TEMPERATURE (C), RAIN  (mm), WIND SPEED (km/hr)

                                      HEAT  COOL        AVG
    MEAN                              DEG   DEG         WIND                 DOM
DAY TEMP  HIGH   TIME   LOW    TIME   DAYS  DAYS  RAIN  SPEED HIGH   TIME    DIR
------------------------------------------------------------------------------------
 1  24.4  32.5   3:05p  16.5   5:40a   0.2   6.3   0.0  10.6  48.3   7:45a     E
 2  26.2  34.9   2:00p  20.3   5:35a   0.0   7.9   1.0  13.0  51.5   6:05p   ENE
 3  21.7  28.0   8:20a  16.8  11:25p   0.1   3.5   9.4   5.1  38.6  12:35a   WSW
 4  19.4  24.3   3:10p  14.2  11:20p   0.5   1.7   2.2   6.4  33.8   7:30a   WSW
 5  17.9  22.6   9:50a  14.6  12:05a   1.3   1.0   5.6   5.8  32.2   1:55p    NW
 6  17.9  23.1  12:15p  14.2   5:35a   1.5   1.1   0.8   5.3  38.6  12:20p   WNW
 7  17.6  23.3  12:10p  12.1   5:35a   1.8   1.2  21.0   8.7  46.7   8:30p   WNW
 8  16.8  21.3  10:40a  12.1  12:00m   1.7   0.3   2.8   9.8  51.5  11:55a     W
 9  16.8  24.0   1:45p  10.4   5:35a   2.9   1.4   0.8   3.7  24.1  12:55p   WSW
10  17.4  25.3  12:45p   9.6   5:30a   2.8   1.9   0.0   3.5  29.0   2:30p    SW
11  19.2  27.9   1:05p  12.2   3:20a   1.7   2.6   0.0   6.3  37.0   2:30p    SW
12  18.5  25.7   1:05p  11.6   5:35a   1.9   2.1   0.0   5.6  30.6   1:15p    SW
13  20.1  24.3   3:50p  15.1  12:20a   0.4   2.2   0.0   6.4  30.6   1:25p     W
14  19.7  26.0   1:20p  14.2  12:00m   0.5   1.9   0.0   6.0  33.8   4:50p    SW
15  18.4  27.7   2:20p  11.2   3:50a   2.2   2.2   0.0   6.0  33.8   6:55a   SSW
16  18.2  26.8   1:50p  10.4   4:15a   2.4   2.3   0.0   4.0  27.4  11:45a    SW
17  18.9  24.4   2:00p  15.1   2:00a   1.0   1.6   3.8   7.2  41.8   3:55p   WNW
18  17.8  24.3  11:55a  11.6  11:55p   2.2   1.6   0.4   5.1  35.4   4:05p    SW
19  19.6  27.8   3:30p  11.5  12:05a   1.7   3.0   0.0   8.0  35.4   2:50a   ESE
20  21.0  30.4   2:25p  13.7   5:30a   1.0   3.7   0.0  14.0  54.7   6:50a     E
21  23.1  32.2   3:15p  15.3   4:50a   0.5   5.2   0.0  12.4  54.7   4:30a     E
22  24.5  33.9   3:40p  16.3   5:40a   0.2   6.4   0.0  15.0  57.9   8:10a     E
23  28.8  37.1   2:00p  22.2   4:10a   0.0  10.6   0.0  14.3  53.1   3:40a   ENE
24  29.2  37.9   2:40p  21.4  12:00m   0.0  10.9   0.0  11.3  46.7   3:05a    NE
25  23.3  31.3  12:15p  17.8  11:55p   0.0   5.0   0.0   5.6  29.0   3:55p    SW
26  20.3  27.0   1:00p  14.3   5:55a   0.7   2.7   0.0   8.5  38.6   4:30p   SSW
27  18.9  24.8   2:15p  14.3   5:35a   1.1   1.7   0.0   7.7  35.4   6:35a   ESE
28  17.3  24.2  12:25p  12.2   5:30a   2.0   1.0   0.6   7.6  38.6  12:35p    SW
29  18.8  26.3   3:30p  12.4   5:35a   1.7   2.2   3.0   6.4  43.5  10:55p     S
30  20.7  29.2   4:40p  12.6   5:10a   1.4   3.8   0.0  16.6  59.5   6:45a     E
-------------------------------------------------------------------------------------
    20.4  37.9    24     9.6    10    35.4  98.8  51.4   8.2  59.5    30      SW

Max >=  32.0:  6
Max <=   0.0:  0
Min <=   0.0:  0
Min <= -18.0:  0
Max Rain: 21.01 ON 07/11/11
Days of Rain: 12 (> .2 mm) 7 (> 2 mm) 1 (> 20 mm)
Heat Base:  18.3  Cool Base:  18.3  Method: Integration
Gardiner Family