Gardiner Family

Gardiner Family

Gardiner Family
NOAA style reports

NOAA-style Climate Reports


Report for 2011 Sep
                   MONTHLY CLIMATOLOGICAL SUMMARY for SEP. 2011

NAME: Kairos   CITY: Maddington   STATE: Western Australia 
ELEV:    20 m  LAT:  32 04' 24" S  LONG: 116 00' 18" E

                   TEMPERATURE (C), RAIN  (mm), WIND SPEED (km/hr)

                                      HEAT  COOL        AVG
    MEAN                              DEG   DEG         WIND                 DOM
DAY TEMP  HIGH   TIME   LOW    TIME   DAYS  DAYS  RAIN  SPEED HIGH   TIME    DIR
------------------------------------------------------------------------------------
 1  15.6  23.6   2:20p   7.9   6:50a   3.7   1.0  10.6   5.3  33.8   2:45p   NNE
 2  13.3  17.2  12:15p   8.9  11:25p   5.0   0.0  18.2   6.1  45.1   2:45p    SW
 3  12.8  19.5  12:15p   7.2   6:20a   5.5   0.0   1.8   4.0  33.8   1:20p     W
 4  14.3  20.1   2:45p   9.2  11:50p   4.0   0.1   5.0   2.6  20.9   1:40p    SW
 5  13.6  20.1   1:20p   7.4   5:00a   4.9   0.2   0.2   3.7  30.6  12:25p    SW
 6  14.0  21.7   2:45p   6.6   6:55a   4.8   0.5   0.2   4.3  25.7   4:20p     S
 7  13.2  21.1   2:25p   6.0   5:00a   5.5   0.5   0.0   3.9  32.2   1:20p     S
 8  14.3  21.4   2:25p   8.9   3:10a   4.4   0.4   0.0   6.4  40.2   8:20a   ESE
 9  14.9  22.5   3:15p   7.0   6:40a   4.1   0.7   0.0   5.3  35.4   9:20a   ESE
10  15.6  23.8   2:45p   9.1  12:00m   3.8   1.1   0.0   6.8  45.1   1:35a     E
11  17.1  24.7   2:00p   8.5  12:45a   3.1   1.9   0.0   6.6  30.6   5:35a     E
12  15.9  26.4  11:55a   5.6   6:10a   4.6   2.2   0.0   4.5  33.8  12:50p     N
13  15.9  23.5   2:00p  10.5   3:00a   3.3   1.0   0.0   2.6  20.9   1:55p    SW
14  16.8  23.9   3:10p  11.3   6:20a   2.7   1.2   0.0   1.4  16.1   2:10p    NW
15  16.5  21.2  12:50p  14.3   1:50a   2.1   0.3   2.2   3.4  25.7   1:05p    NW
16  16.8  21.8   1:45p  11.8  12:00m   2.1   0.6  12.6   7.1  48.3   3:50p     W
17  15.5  21.5   2:20p   8.5   6:35a   3.4   0.6   3.0   6.0  35.4   3:45p   NNW
18  14.1  17.9   2:25p  11.1   8:15a   4.2   0.0  24.8  11.6  72.4   6:15a    SW
19  15.7  21.1   2:05p  12.4   3:05a   2.8   0.2   0.6   6.4  35.4  10:35a    SW
20  16.7  21.9   3:25p  11.1   3:00a   2.2   0.6   0.2   4.2  25.7   4:05p    NW
21  14.6  18.2   3:10p  11.2  11:35p   3.8   0.0  19.8   6.3  38.6   3:50p     N
22  12.8  17.9   2:05p   8.2  12:00m   5.4   0.0   0.2   1.8  19.3  10:35a     S
23  13.3  21.9   2:50p   5.2   6:25a   5.6   0.6   0.2   2.6  20.9   4:10p     S
24  14.6  23.9  12:45p   6.5   5:05a   4.9   1.2   0.0   3.1  25.7   2:05p   SSW
25  14.6  22.1  12:25p   6.8   6:05a   4.3   0.5   1.6   2.9  25.7   1:30p     W
26  13.8  17.8   2:10p   8.0  12:00m   4.5   0.0   8.6   5.8  40.2  11:25a    SW
27  10.7  16.9  11:20a   5.7  12:00m   7.6   0.0  12.8   6.1  53.1  11:45a    SW
28  11.9  20.4  12:25p   3.3   5:00a   6.6   0.2   0.2   2.1  19.3   3:30p    SW
29  15.4  24.0   1:20p   6.1   3:55a   4.2   1.3   0.2   5.6  41.8  10:30p   SSW
30  17.8  23.3   4:00p  11.9   6:05a   1.8   1.2   0.0  18.0  53.1   5:00a     E
-------------------------------------------------------------------------------------
    14.7  26.4    12     3.3    28   124.9  18.1 123.1   5.2  72.4    18      SW

Max >=  32.0:  0
Max <=   0.0:  0
Min <=   0.0:  0
Min <= -18.0:  0
Max Rain: 24.79 ON 18/09/11
Days of Rain: 20 (> .2 mm) 10 (> 2 mm) 1 (> 20 mm)
Heat Base:  18.3  Cool Base:  18.3  Method: Integration
Gardiner Family