Gardiner Family

Gardiner Family

Gardiner Family
NOAA style reports

NOAA-style Climate Reports

Select a Year or Month report

Notice: Undefined index: NOAA2017.TXT in E:\xampp\htdocs\gardiner\davis\noaa.php on line 289

Report for 2011 Aug
                   MONTHLY CLIMATOLOGICAL SUMMARY for AUG. 2011

NAME: Kairos   CITY: Maddington   STATE: Western Australia 
ELEV:    20 m  LAT:  32 04' 24" S  LONG: 116 00' 18" E

                   TEMPERATURE (C), RAIN  (mm), WIND SPEED (km/hr)

                                      HEAT  COOL        AVG
    MEAN                              DEG   DEG         WIND                 DOM
DAY TEMP  HIGH   TIME   LOW    TIME   DAYS  DAYS  RAIN  SPEED HIGH   TIME    DIR
------------------------------------------------------------------------------------
 1  15.4  18.6  11:35a  11.7  12:05a   2.9   0.0  15.2   6.8  38.6  11:00a   WNW
 2  16.3  20.1   2:30p  13.9  12:00m   2.2   0.2  13.8   7.1  43.5   2:40p   WNW
 3  12.9  18.5  12:10p   8.8  11:55p   5.4   0.0   8.4   4.7  38.6   1:25p    SW
 4  10.7  18.1   1:50p   4.1   7:20a   7.6   0.0   0.2   1.6  19.3  12:15p   SSW
 5  10.9  17.2   2:15p   4.8   3:10a   7.4   0.0   0.2   6.3  27.4  10:55a   ENE
 6  14.8  20.2   3:10p   9.6   3:40a   3.7   0.2   0.6  12.2  46.7   9:35a   ENE
 7  16.6  21.5  12:35p  13.1  12:45a   2.2   0.5   0.6   4.5  29.0   3:25a     N
 8  15.4  18.9   2:00p  11.2  10:35p   2.9   0.0   4.2   5.6  37.0   3:20p   NNE
 9  13.3  19.3   2:50p   7.7  12:00m   5.1   0.0   0.4   2.1  22.5  11:40a   SSW
10  13.2  20.7   1:50p   6.0   3:10a   5.3   0.3   0.2   3.4  25.7   8:30a    SW
11  13.8  19.6  11:50a   8.6   6:45a   4.6   0.1   0.0   6.0  25.7  11:15a     E
12  15.7  21.9  12:50p  10.6   6:30a   3.4   0.8   0.0   7.9  38.6   4:00a     E
13  17.9  24.8   1:35p  11.4  12:05a   1.9   1.5  13.6   8.2  46.7   6:10p   NNE
14  15.1  19.4  11:35a  11.8  11:55p   3.2   0.1   8.2   6.0  43.5   5:45a    SW
15  14.0  20.2  11:20a  11.1   7:30p   4.3   0.2  10.2  11.6  69.2   3:40p   NNE
16  12.4  17.0  12:35p   8.7  12:00m   5.9   0.0   3.0   5.8  38.6  11:50a    SW
17  12.8  19.7   1:40p   7.8   1:30a   5.6   0.1   0.0   2.1  17.7   2:25p    SW
18  14.6  20.4   2:00p   7.9   1:10a   4.0   0.3   0.0   5.0  25.7  10:10a   ENE
19  17.2  23.9   2:40p  11.6   3:30a   2.5   1.5   0.0   7.9  29.0  10:35a   NNE
20  18.9  24.3   1:05p  12.2   1:05a   1.1   1.7   0.0   7.2  32.2   3:00p     N
21  20.9  27.1  12:10p  15.7   2:25a   0.4   3.1  11.6  11.1  53.1  11:05p     N
22  15.1  19.4   2:50p   8.3  11:55p   3.3   0.1  30.6   6.4  40.2  12:50p    SW
23  14.2  21.8   2:05p   6.6   5:45a   4.6   0.5   0.2   5.6  29.0   3:30p   NNE
24  13.6  18.8   1:15p   7.1  12:00m   4.7   0.0   6.8   4.2  25.7   1:50a    SW
25  12.2  19.3   2:45p   5.1   4:05a   6.2   0.1   0.2   2.4  17.7   1:20p   SSW
26  11.5  19.6  12:55p   4.9   5:50a   6.9   0.1   0.0   2.3  22.5   4:10p   SSW
27  12.4  21.4   2:20p   4.4   6:50a   6.3   0.4   0.2   2.4  24.1   4:55p    SW
28  14.1  23.1   2:50p   6.6   5:40a   5.1   0.9   0.2   1.9  17.7   1:30p     S
29  16.2  23.5   2:55p   7.6   4:05a   3.2   1.1   0.6   9.3  54.7   8:45a     E
30  16.7  22.2   3:30p  13.9  10:35p   2.3   0.6   0.4   5.1  25.7   1:25p     N
31  16.4  22.8   3:30p  11.1   6:25a   2.9   1.0   6.0   2.4  22.5   3:40p    SW
-------------------------------------------------------------------------------------
    14.7  27.1    21     4.1     4   127.3  15.3 135.7   5.6  69.2    15      SW

Max >=  32.0:  0
Max <=   0.0:  0
Min <=   0.0:  0
Min <= -18.0:  0
Max Rain: 30.61 ON 22/08/11
Days of Rain: 24 (> .2 mm) 12 (> 2 mm) 1 (> 20 mm)
Heat Base:  18.3  Cool Base:  18.3  Method: Integration
Gardiner Family