Gardiner Family

Gardiner Family

Gardiner Family
NOAA style reports

NOAA-style Climate Reports

Select a Year or Month report

Notice: Undefined index: NOAA2017.TXT in E:\xampp\htdocs\gardiner\davis\noaa.php on line 289

Report for 2011 Jul
                   MONTHLY CLIMATOLOGICAL SUMMARY for JUL. 2011

NAME: Kairos   CITY: Maddington   STATE: Western Australia 
ELEV:    20 m  LAT:  32 04' 24" S  LONG: 116 00' 18" E

                   TEMPERATURE (C), RAIN  (mm), WIND SPEED (km/hr)

                                      HEAT  COOL        AVG
    MEAN                              DEG   DEG         WIND                 DOM
DAY TEMP  HIGH   TIME   LOW    TIME   DAYS  DAYS  RAIN  SPEED HIGH   TIME    DIR
------------------------------------------------------------------------------------
 1  11.7  17.6   2:35p   8.2   5:00a   6.6   0.0  11.4   3.4  35.4  11:40a    SW
 2  11.8  16.7  12:25p   8.2   4:00a   6.5   0.0   4.2   5.3  43.5   5:05p   SSW
 3   9.4  15.0   1:20p   4.8  11:20p   8.9   0.0   4.6   1.9  20.9   1:45p   SSW
 4   6.9  16.2   3:10p   1.5   7:05a  14.8   0.0   0.4   1.6  22.5   1:05p   SSW
 5  10.6  17.4   2:15p   4.0   6:55a   7.6   0.0   0.0   2.9  24.1  12:05a     S
 6   9.5  17.5   1:35p   3.4   7:25a   8.8   0.0   0.0   1.9  24.1  12:50p   SSW
 7   9.9  15.6   1:55p   4.6  12:50a   8.4   0.0   0.0   4.8  29.0   4:15a     E
 8  12.1  16.9   2:30p   7.7  10:55p   6.2   0.0   0.0   6.0  24.1   7:45a     E
 9  10.7  16.3   3:20p   4.1  12:00m   7.6   0.0   0.0   7.4  30.6  12:30p     E
10   9.9  14.1  12:35p   3.0   2:10a   8.4   0.0   1.2   8.7  51.5  10:50p     E
11  11.5  12.8   4:05p  10.3   3:35a   6.8   0.0   7.6  15.6  45.1   9:55a   ENE
12  13.1  17.1   3:25p   9.9   8:50p   5.3   0.0   0.0   8.7  37.0   3:35a   ENE
13  14.3  20.4   1:35p  10.2  12:00m   4.2   0.2   0.0   4.2  29.0   1:00a   ENE
14  16.1  22.4   1:55p   9.5   7:35a   3.0   0.8   0.0   5.0  25.7  10:20a   ENE
15  15.5  17.9   6:55a  10.4  10:25p   2.9   0.0  16.6   5.0  32.2  10:40a   NNE
16  13.7  19.3   2:20p   8.9  10:30p   4.8   0.0   0.2   2.4  22.5  11:05p   SSW
17  13.8  18.9   2:25p  10.3   5:15a   4.5   0.0   0.0   9.7  33.8  12:25p     E
18  14.3  19.4   2:20p  10.6   5:45a   4.1   0.0   0.0   9.0  35.4   2:55a     E
19  14.5  19.4   2:30p  10.8   7:30a   3.8   0.1   0.0   4.5  30.6  12:25a   ENE
20  13.5  19.4  12:35p   8.8  11:55p   4.8   0.0   6.6   3.2  25.7   1:25p    NW
21  12.8  19.5   2:10p   7.9   1:25a   5.5   0.0   1.6   2.1  20.9   3:25p   NNE
22  12.6  17.5  10:45a   8.1   5:05a   5.8   0.0  12.4   2.1  22.5   9:50a   NNE
23  12.8  19.6   3:20p   6.5   7:30a   5.6   0.0   0.4   1.4  14.5  10:40p     W
24  16.8  21.9   1:00p  13.8   6:15a   2.1   0.7   0.0   5.3  29.0   9:55a    NE
25  16.7  19.5  11:15a  13.1   1:15a   1.6   0.1   2.2   4.8  24.1  11:05a   NNE
26  16.2  21.3   1:20p  10.2  12:00m   2.6   0.4   0.4   1.8  19.3   3:25p   SSW
27  14.8  21.6  12:55p   7.6   5:35a   4.2   0.6   9.0   6.8  38.6   9:35p   NNE
28  16.9  20.5  11:35a  14.7   7:55a   1.6   0.2  21.2  11.6  54.7   8:10p     W
29  15.8  20.0  12:40p  13.1   1:50a   2.6   0.1   8.8   8.0  46.7  12:25a   WNW
30  16.2  20.9  12:20p  12.8   7:35a   2.4   0.2  25.0   6.4  41.8   9:30p   NNW
31  16.1  21.4  12:45p  11.7  11:50p   2.4   0.2   5.0  10.5  57.9  12:05p   WNW
-------------------------------------------------------------------------------------
    13.2  22.4    14     1.5     4   164.3   3.7 138.8   5.5  57.9    31       E

Max >=  32.0:  0
Max <=   0.0:  0
Min <=   0.0:  0
Min <= -18.0:  0
Max Rain: 24.99 ON 30/07/11
Days of Rain: 19 (> .2 mm) 13 (> 2 mm) 2 (> 20 mm)
Heat Base:  18.3  Cool Base:  18.3  Method: Integration
Gardiner Family