Gardiner Family

Gardiner Family

Gardiner Family
NOAA style reports

NOAA-style Climate Reports

Select a Year or Month report

Notice: Undefined index: NOAA2017.TXT in E:\xampp\htdocs\gardiner\davis\noaa.php on line 289

Report for 2011 Jun
                   MONTHLY CLIMATOLOGICAL SUMMARY for JUN. 2011

NAME: Kairos   CITY: Maddington   STATE: Western Australia 
ELEV:    20 m  LAT:  32 04' 24" S  LONG: 116 00' 18" E

                   TEMPERATURE (C), RAIN  (mm), WIND SPEED (km/hr)

                                      HEAT  COOL        AVG
    MEAN                              DEG   DEG         WIND                 DOM
DAY TEMP  HIGH   TIME   LOW    TIME   DAYS  DAYS  RAIN  SPEED HIGH   TIME    DIR
------------------------------------------------------------------------------------
 1  16.9  20.9   1:20p  15.0  12:10a   1.7   0.3  28.2   6.8  32.2   1:55p   NNE
 2  15.6  19.9  12:30p  11.4  11:55p   2.9   0.2  12.6   2.9  22.5   4:00a     S
 3  13.1  19.2  12:25p   7.7   6:40a   5.4   0.1   0.0   2.4  22.5   2:40p   SSW
 4  12.6  17.8   2:00p   8.6   6:10a   5.8   0.0   0.0   3.1  27.4   8:55a   SSW
 5  13.8  19.6   1:50p   9.2  10:45p   4.6   0.1   0.0   7.4  37.0   2:05a   ESE
 6  14.2  20.4   1:25p   9.3  12:40a   4.2   0.2   0.0   7.1  29.0   4:10a     E
 7  13.4  18.7  12:55p   8.7   8:55p   4.9   0.0   0.0   8.4  48.3   2:25a     E
 8  14.6  20.1   1:40p   8.6   5:40a   3.9   0.2   0.0   7.6  38.6  10:20a     E
 9  15.6  19.9   2:10p  12.4   6:10a   2.9   0.2   0.0   9.0  38.6  11:40p   ENE
10  15.5  20.3   3:05p  11.4   7:25a   2.9   0.1   0.0  10.0  35.4   5:55a    NE
11  15.2  19.7   2:20p  11.1   7:25a   3.2   0.1   0.0  11.9  40.2   5:55a    NE
12  15.4  20.7   2:15p  11.1   9:00p   3.2   0.3   0.0   9.8  35.4   1:40a    NE
13  15.5  17.6  11:45p  12.2   7:00a   2.8   0.0   0.0  12.6  41.8   9:25a    NE
14  13.3  17.9   1:30a  10.4   8:00a   5.0   0.0  14.2  12.1  43.5   2:35a   NNE
15  14.7  20.0   1:15p  11.8   4:25a   3.7   0.1  10.4   6.6  38.6   2:45p     W
16  14.2  20.4   2:15p   8.1  12:00m   4.3   0.2   0.2   1.9  19.3   4:25a    NW
17  13.6  19.8   1:05p   7.1   3:15a   4.9   0.2   0.6   2.3  17.7  10:45a   NNE
18  15.4  20.4   3:05p  13.2   4:50a   3.0   0.1   5.0   4.8  32.2   3:20p     N
19  15.1  20.6  12:15p  11.4   1:20a   3.4   0.2   2.4   2.6  32.2  12:00p   WSW
20  15.8  20.2  12:40p  12.8  11:55p   2.7   0.1   1.0   2.7  33.8  10:35a    SW
21  14.2  20.5   1:20p   8.9  11:15p   4.4   0.3   0.0   1.1  17.7   1:20p    SW
22  15.2  20.7   1:30p   9.4  12:05a   3.5   0.4   0.0   3.1  19.3  11:30a     N
23  15.7  21.8   1:05p  10.4   5:40a   2.9   0.3   0.0   2.7  29.0   1:45p     N
24  17.7  23.1   2:05p  14.0  10:35p   1.6   1.1  52.6  10.9  51.5   4:05p     N
25  14.1  19.6   1:35p   9.6   6:50a   4.3   0.0   5.0   2.3  32.2   2:10p    SW
26  14.3  20.2   1:55p   9.7   4:25a   4.1   0.1   0.2   3.7  22.5  10:20p     N
27  18.2  23.9   2:55p  12.7   1:50a   1.7   1.6   0.0   9.8  38.6  12:45p   NNE
28  15.8  20.7  12:10a  10.3  11:20p   2.9   0.3  43.8   8.2  48.3   5:10a     N
29  12.9  18.4   1:10p   9.4  10:00p   5.3   0.0   4.2   1.6  20.9   5:35a    SW
30  13.2  16.6  10:15a   9.8  10:30p   5.1   0.0  18.2   6.8  35.4  11:45a     N
-------------------------------------------------------------------------------------
    14.8  23.9    27     7.1    17   111.2   6.9 198.6   6.1  51.5    24     NNE

Max >=  32.0:  0
Max <=   0.0:  0
Min <=   0.0:  0
Min <= -18.0:  0
Max Rain: 52.60 ON 24/06/11
Days of Rain: 15 (> .2 mm) 11 (> 2 mm) 3 (> 20 mm)
Heat Base:  18.3  Cool Base:  18.3  Method: Integration
Gardiner Family