Gardiner Family

Gardiner Family

Gardiner Family
NOAA style reports

NOAA-style Climate Reports

Select a Year or Month report

Notice: Undefined index: NOAA2017.TXT in E:\xampp\htdocs\gardiner\davis\noaa.php on line 289

Report for 2011 May
                   MONTHLY CLIMATOLOGICAL SUMMARY for MAY. 2011

NAME: Kairos   CITY: Maddington   STATE: Western Australia 
ELEV:    20 m  LAT:  32 04' 24" S  LONG: 116 00' 18" E

                   TEMPERATURE (C), RAIN  (mm), WIND SPEED (km/hr)

                                      HEAT  COOL        AVG
    MEAN                              DEG   DEG         WIND                 DOM
DAY TEMP  HIGH   TIME   LOW    TIME   DAYS  DAYS  RAIN  SPEED HIGH   TIME    DIR
------------------------------------------------------------------------------------
 1  17.1  25.1   2:25p  10.6   1:50a   2.9   1.7   0.0   3.5  24.1   3:40p    SW
 2  18.4  25.7   2:50p  12.3  12:55a   1.8   2.0   0.0   5.0  35.4   4:10a     E
 3  18.9  26.5   3:10p  12.6  11:30p   1.6   2.2   0.0   5.0  27.4   3:00a     E
 4  19.2  26.1   2:25p  12.7  12:40a   1.4   2.3   0.0   3.7  27.4   5:30a   ENE
 5  17.4  25.9   2:10p   9.1   7:15a   2.9   2.0   0.0   3.4  22.5   6:00p   SSW
 6  17.2  23.7   3:15p  12.7   6:40a   2.3   1.2   0.0   4.3  33.8  10:30a   ESE
 7  18.8  25.7   2:45p  13.3   5:45a   1.6   2.1   0.0  15.6  51.5   6:40a     E
 8  21.4  29.9   2:55p  15.8  12:00m   0.3   3.4   0.0   8.4  41.8   3:10a     N
 9  19.3  26.7   2:05p  11.6   7:10a   1.7   2.7   0.0   6.0  45.1  10:35p     S
10  19.7  25.6   2:30p  15.8   6:25a   0.7   2.1   0.0  14.8  49.9  12:20a     E
11  17.7  24.0   2:30p  12.8  11:50p   1.9   1.3   0.0  11.4  45.1   3:05a     E
12  17.1  23.8   3:05p  11.8   6:30a   2.4   1.2   0.0   6.8  30.6   8:40a     E
13  17.6  23.4   2:25p  13.0   6:50a   1.8   1.1   0.0   9.0  35.4   2:50a     E
14  18.1  22.4   2:30p  14.0   7:45a   1.2   1.0   0.0  10.8  41.8  11:05a     E
15  18.8  22.2   1:30p  15.8  11:35p   0.5   1.0   1.0   8.5  38.6   7:35a   ENE
16  19.4  24.8   1:15p  14.7  12:00m   0.5   1.7   0.0   3.5  25.7   4:50a   ENE
17  16.9  23.3  12:05p  12.7  12:00m   2.4   0.9   6.8   2.6  27.4   3:50p   WSW
18  15.3  21.4   3:20p  10.8   6:00a   3.6   0.5   0.2   2.7  24.1  12:05p   ENE
19  18.5  24.7   2:15p  13.7   1:25a   1.5   1.7   0.0   6.8  27.4  12:45p   ENE
20  15.3  19.1  12:05a   7.6  11:55p   3.0   0.0  30.2   8.2  49.9   1:15p   SSW
21  10.5  18.2   3:30p   4.1   7:20a   7.8   0.0   0.2   1.8  25.7   2:10p   SSW
22  11.9  21.3   1:30p   5.1   7:05a   6.7   0.3   0.2   1.8  25.7  12:45p   SSE
23  14.5  22.2   3:00p   8.0   7:25a   4.5   0.7   0.2   3.4  29.0   7:50p     E
24  15.6  20.2   1:10p   8.6   3:20a   2.9   0.2   0.0   6.0  29.0   4:55a     E
25  16.6  21.3   2:15p  11.4  11:50p   2.1   0.3   0.0   9.0  30.6   9:25a     E
26  16.6  20.7   1:15p  12.5  12:05a   2.0   0.4   0.0  12.7  37.0   8:25a     E
27  17.4  23.5   2:55p  12.5   7:20a   2.0   1.0   0.0   8.5  37.0   1:15a     E
28  16.8  25.3   2:35p   9.2   7:20a   3.2   1.6   0.0   3.7  30.6   1:20a   ENE
29  19.3  25.2   2:00p  10.0   5:45a   1.2   2.2   8.4   8.2  35.4   6:00a   NNE
30  17.0  22.3  12:55p  13.3  10:35p   1.9   0.6  14.8   6.4  37.0   5:20a   NNW
31  16.7  21.3   1:05p  13.3   5:15a   2.0   0.4   2.0   4.5  25.7   8:00p     N
-------------------------------------------------------------------------------------
    17.3  29.9     8     4.1    21    72.4  39.8  64.0   6.6  51.5     7       E

Max >=  32.0:  0
Max <=   0.0:  0
Min <=   0.0:  0
Min <= -18.0:  0
Max Rain: 30.20 ON 20/05/11
Days of Rain: 10 (> .2 mm) 5 (> 2 mm) 1 (> 20 mm)
Heat Base:  18.3  Cool Base:  18.3  Method: Integration
Gardiner Family