Gardiner Family

Gardiner Family

Gardiner Family
NOAA style reports

NOAA-style Climate Reports

Select a Year or Month report

Notice: Undefined index: NOAA2017.TXT in E:\xampp\htdocs\gardiner\davis\noaa.php on line 289

Report for 2011 Apr
                   MONTHLY CLIMATOLOGICAL SUMMARY for APR. 2011

NAME: Kairos   CITY: Maddington   STATE: Western Australia 
ELEV:    20 m  LAT:  32 04' 24" S  LONG: 116 00' 18" E

                   TEMPERATURE (C), RAIN  (mm), WIND SPEED (km/hr)

                                      HEAT  COOL        AVG
    MEAN                              DEG   DEG         WIND                 DOM
DAY TEMP  HIGH   TIME   LOW    TIME   DAYS  DAYS  RAIN  SPEED HIGH   TIME    DIR
------------------------------------------------------------------------------------
 1  24.4  31.6   2:40p  18.5   6:40a   0.0   6.1   0.0  11.1  40.2   5:50a     E
 2  23.4  30.6   2:50p  17.1   9:55p   0.1   5.1   0.0   8.7  41.8  12:10p     E
 3  25.1  32.2   3:05p  19.5   6:40a   0.0   6.8   0.0  11.7  49.9   3:50a     E
 4  25.6  34.1   2:55p  17.3  12:00m   0.0   7.3   0.0   7.4  33.8   5:05a   ENE
 5  25.7  35.4   1:30p  16.4   2:45a   0.2   7.7   0.0   5.8  33.8   5:00a   SSW
 6  22.3  32.8   1:45p  14.4   5:45a   0.8   4.8   0.0   3.2  25.7   2:10p    SW
 7  18.0  22.8  11:00a  14.1  12:00m   1.2   0.9   3.2   7.2  43.5  11:20a    SW
 8  18.1  24.3   3:15p  12.0   7:00a   1.9   1.6   0.0   6.1  29.0   1:30p   ESE
 9  19.1  26.1   3:25p  10.8   5:25a   1.8   2.5   0.0  10.6  43.5  11:40a     E
10  22.4  29.1   3:20p  16.1   6:40a   0.5   4.5   2.6  18.3  61.2   8:35a     E
11  20.8  25.0  12:00p  17.8  12:00m   0.0   2.5   1.2   5.3  37.0   4:45p     W
12  19.4  25.3   2:15p  14.6  11:15p   0.8   2.0   0.0   4.7  37.0   2:45p    SW
13  19.1  25.5   1:25p  12.8   7:00a   1.3   2.1   0.0   4.3  35.4   2:10p   SSW
14  19.3  26.9   2:10p  12.9   1:35a   1.4   2.3   0.0   7.2  37.0   6:00a     E
15  22.8  31.1   2:50p  12.6   2:45a   1.0   5.5   0.0  10.3  45.1   7:35a     E
16  26.6  35.9   2:50p  20.2  11:25p   0.0   8.3   0.0   7.4  32.2   1:10a    NE
17  22.3  27.6   1:40p  19.1   5:35a   0.0   4.0   0.0   3.9  24.1   4:10p   SSW
18  21.2  25.9   1:00p  18.0  12:00m   0.0   2.9   0.0   7.4  27.4  11:10a     E
19  19.7  27.1   2:25p  13.8   7:10a   1.1   2.5   0.0   9.3  33.8  12:40a     E
20  19.6  25.5  12:30p  14.2   1:35a   0.9   2.2   0.0   9.2  43.5   6:40a     E
21  22.1  29.6   2:40p  14.7   1:25a   0.6   4.3   0.0  11.6  48.3   7:25a     E
22  23.2  32.2   2:50p  17.4   6:55a   0.1   4.9   0.0  11.1  57.9   3:25a     E
23  23.2  27.8  11:15a  20.1  12:15a   0.0   4.9   0.0   8.0  32.2  12:45p     N
24  22.1  26.8  12:50p  18.7  12:00m   0.0   3.8   0.0   7.1  32.2   1:10p     N
25  19.4  27.2   1:30p  13.5   6:50a   1.5   2.6   0.0   2.3  17.7   1:15p     N
26  19.5  27.2  12:50p  12.4   5:40a   1.7   2.9   8.6   4.7  29.0   1:05p   WNW
27  17.5  22.5  11:50a  13.9  11:40p   1.2   0.5  14.8   5.1  40.2  11:55a   WNW
28  15.4  21.2   2:10p   9.4   7:10a   3.4   0.4   0.0   3.5  29.0   1:15a    SW
29  15.9  24.1   2:25p   8.9   6:40a   3.7   1.3   0.2   2.6  24.1   2:40p     S
30  16.4  23.8   2:25p   9.6   7:05a   3.2   1.3   0.0   3.5  25.7   4:10p   SSW
-------------------------------------------------------------------------------------
    21.0  35.9    16     8.9    29    28.3 108.7  30.6   7.3  61.2    10       E

Max >=  32.0:  6
Max <=   0.0:  0
Min <=   0.0:  0
Min <= -18.0:  0
Max Rain: 14.81 ON 27/04/11
Days of Rain: 6 (> .2 mm) 4 (> 2 mm) 0 (> 20 mm)
Heat Base:  18.3  Cool Base:  18.3  Method: Integration
Gardiner Family