Gardiner Family

Gardiner Family

Gardiner Family
NOAA style reports

NOAA-style Climate Reports


Report for 2011 Mar
                   MONTHLY CLIMATOLOGICAL SUMMARY for MAR. 2011

NAME: Kairos   CITY: Maddington   STATE: Western Australia 
ELEV:    20 m  LAT:  32 04' 24" S  LONG: 116 00' 18" E

                   TEMPERATURE (C), RAIN  (mm), WIND SPEED (km/hr)

                                      HEAT  COOL        AVG
    MEAN                              DEG   DEG         WIND                 DOM
DAY TEMP  HIGH   TIME   LOW    TIME   DAYS  DAYS  RAIN  SPEED HIGH   TIME    DIR
------------------------------------------------------------------------------------
 1  27.8  35.8   3:20p  21.3   5:50a   0.0   9.5   0.0  19.5  72.4   8:00a     E
 2  26.8  33.6   4:00p  20.5   5:55a   0.0   8.5   0.0   7.6  37.0   8:05a     E
 3  26.8  35.2   3:55p  19.9   5:50a   0.0   8.5   0.0   7.7  48.3   8:10a     E
 4  28.2  36.4   1:50p  22.6  12:15a   0.0   9.9   0.0   7.6  41.8   2:05p    SW
 5  24.3  30.9   1:10p  18.4  11:40p   0.0   6.0   0.0   7.2  35.4   3:05p    SW
 6  21.7  28.4   2:00p  15.6   4:40a   0.5   3.9   0.0   6.3  33.8   5:10p   SSW
 7  22.3  29.7   2:00p  16.7   2:35a   0.2   4.2   0.0   6.6  35.4   7:10a   SSW
 8  23.7  32.4   1:15p  17.2   6:10a   0.0   5.5   0.0   8.9  49.9   2:30a   SSW
 9  25.4  35.9   1:40p  18.2  12:20a   0.0   7.1   0.0  10.9  53.1   2:40a     E
10  24.7  34.8   1:00p  17.7   1:45a   0.0   6.4   0.0   5.8  32.2   4:35p    SW
11  22.2  29.7  12:45p  15.0   6:00a   0.4   4.2   0.0   7.6  35.4   1:40p   SSW
12  21.9  28.6   2:30p  16.9   6:15a   0.1   3.7   0.0   7.4  49.9  11:50p   SSW
13  23.9  31.2   3:35p  16.5   6:05a   0.3   5.8   0.0  17.2  54.7   1:30a     E
14  27.4  35.5   2:50p  19.3   5:30a   0.0   9.2   0.0  15.0  54.7   4:35a     E
15  28.7  36.0   2:45p  22.7   6:25a   0.0  10.4   0.0  19.5  54.7   7:20a     E
16  26.0  33.7   3:30p  19.8   5:35a   0.0   7.7   0.0  15.3  57.9   1:15a     E
17  25.4  34.1   1:40p  20.6  11:55p   0.0   7.1   0.0   8.4  46.7  12:05a     E
18  25.6  32.9  12:30p  19.6  12:00m   0.0   7.2   0.0   6.1  29.0   1:10p    SW
19  22.2  30.6  12:45p  16.0   6:20a   0.3   4.1   0.2   5.1  35.4   2:55p    SW
20  22.7  31.1   2:15p  16.2   2:45a   0.3   4.6   0.0   9.3  56.3  10:15p    SW
21  24.6  32.4   3:05p  17.2   5:20a   0.2   6.4   0.0  16.4  56.3   8:45a     E
22  26.1  33.4  12:05p  20.0  12:00m   0.0   7.7   0.0   6.9  29.0  12:30p    SW
23  25.2  33.5   3:30p  17.3   5:30a   0.1   7.0   0.0   4.7  41.8  11:00p    SW
24  27.4  36.4   1:30p  21.0   5:30a   0.0   9.1   0.0  11.6  53.1   3:25a     E
25  28.6  37.0   1:00p  21.3   5:40a   0.0  10.3   0.0  12.1  45.1  11:00p     E
26  27.4  36.1   2:20p  18.6  11:50p   0.0   9.2   0.0   8.9  41.8  12:05a     E
27  25.1  35.3  12:40p  16.2   3:15a   0.2   7.0   0.0   4.3  29.0   1:40p   SSW
28  25.9  35.2  12:40p  16.1   1:35a   0.2   7.8   0.0   5.3  43.5  11:50p   SSW
29  26.1  34.2   2:10p  18.8   5:40a   0.0   7.8   0.0  11.4  56.3  11:40p     E
30  25.9  33.6   3:15p  19.2   5:30a   0.0   7.2   0.0  14.2  67.6   1:55a     E
31  24.7  32.6   2:20p  17.7  11:15p   0.0   6.4   0.0   9.5  48.3   5:25a     E
-------------------------------------------------------------------------------------
    25.3  37.0    25    15.0    11     2.7 219.6   0.2   9.8  72.4     1       E

Max >=  32.0: 23
Max <=   0.0:  0
Min <=   0.0:  0
Min <= -18.0:  0
Max Rain: 0.20 ON 19/03/11
Days of Rain: 1 (> .2 mm) 0 (> 2 mm) 0 (> 20 mm)
Heat Base:  18.3  Cool Base:  18.3  Method: Integration
Gardiner Family