Gardiner Family

Gardiner Family

Gardiner Family
NOAA style reports

NOAA-style Climate Reports


Report for 2010 Aug
                   MONTHLY CLIMATOLOGICAL SUMMARY for AUG. 2010

NAME: Kairos   CITY: Maddington   STATE: Western Australia 
ELEV:    20 m  LAT:  32 04' 24" S  LONG: 116 00' 18" E

                   TEMPERATURE (C), RAIN  (mm), WIND SPEED (km/hr)

                                      HEAT  COOL        AVG
    MEAN                              DEG   DEG         WIND                 DOM
DAY TEMP  HIGH   TIME   LOW    TIME   DAYS  DAYS  RAIN  SPEED HIGH   TIME    DIR
------------------------------------------------------------------------------------
 1  13.8  21.4   1:50p   5.3   4:35a   5.0   0.5   0.0   5.8  29.0   9:15a   ENE
 2  15.5  24.3   1:50p   5.8  12:00m   4.0   1.2   0.0   5.0  30.6  10:10a   NNE
 3  12.8  24.1  12:35p   3.2   6:15a   6.8   1.3   0.0   1.8  19.3   9:45a     W
 4  15.1  24.3  12:40p   5.6  12:00m   4.5   1.2   0.0   4.8  33.8   4:10a     E
 5  12.3  21.7  12:10p   3.0   6:15a   6.6   0.6   0.0   2.1  25.7   1:05p   WSW
 6  13.3  19.9   1:30p   8.9  12:25a   5.0   0.0   0.0   2.4  17.7   2:15p   SSW
 7  11.5  18.3  12:30p   6.1  11:30p   6.8   0.0   0.0   3.9  32.2   1:05p     S
 8  10.2  19.4   1:55p   2.9   6:05a   8.1   0.0   0.0   2.9  25.7  10:20a   ESE
 9  10.7  18.0   1:30p   4.2  11:10p   7.6   0.0   0.0   5.3  33.8   9:35a     E
10  14.8  20.4   2:55p   8.4  12:05a   3.8   0.3   0.0  11.1  35.4   1:40a    NE
11  17.7  20.9  12:35p  14.8   9:25p   1.1   0.4   1.8  10.0  38.6   7:00p   NNE
12  13.6  17.0   1:35p  10.2  11:55p   4.7   0.0  34.4   5.8  45.1   2:20a   NNE
13  12.6  18.6   1:00p   8.0   6:35a   5.8   0.0   1.2   4.2  38.6   1:15p    SW
14  13.1  17.8  11:35a   8.1   1:10a   5.2   0.0   0.2   2.3  16.1  10:25a   SSW
15  12.8  20.1   2:30p   6.5  11:55p   5.7   0.2   0.0   3.4  24.1  11:15a   ENE
16  12.8  18.3   2:50p   7.1  12:05a   5.5   0.0   0.0  10.1  46.7   9:25a     E
17  10.7  19.0  11:25a   4.1   6:05a   7.6   0.0   1.0   2.6  25.7  12:25p    SW
18  10.2  16.0   2:05p   5.1   6:15a   8.1   0.0   0.2   3.7  32.2  12:35p    SW
19   9.9  18.4  12:50p   1.9   5:40a   8.4   0.0   0.0   1.8  17.7   2:50p   WNW
20  11.2  17.6   1:15p   7.0  11:20p   7.1   0.0   0.4   2.7  22.5   9:55a     N
21  12.1  17.2   3:30p   5.8   5:50a   6.3   0.0   8.0   2.3  20.9  10:15a    SW
22  11.6  16.8   1:35p   4.2  11:55p   6.7   0.0   2.4   3.5  27.4  11:30a    SW
23  11.0  18.4   2:50p   2.9   2:50a   7.3   0.0   0.0   2.1  22.5   1:45p    SW
24  13.0  18.3   2:45p   8.2  10:45p   5.3   0.0   0.0   6.6  35.4   6:30a   ESE
25  11.8  18.6   2:45p   5.2   6:10a   6.5   0.0   0.0   3.5  27.4   8:55p     S
26  12.3  19.5   2:10p   4.9   2:25a   6.1   0.1   0.0   5.3  30.6   8:00p   SSW
27  14.4  21.9   2:00p   7.7   2:50a   4.5   0.6   0.0   7.4  38.6   7:20a     E
28  16.0  24.8  12:50p   8.1  12:00m   3.7   1.4   0.0   5.1  37.0   3:10a   ENE
29  14.2  21.9   1:20p   5.3   5:05a   4.8   0.7   0.0   2.4  20.9  11:15a   WNW
30  14.7  21.5  11:25a  11.5   1:20a   3.8   0.2   4.2   2.1  25.7   1:20p   WSW
31  13.1  16.1  11:45a  11.6  11:50p   5.2   0.0   7.6   3.7  30.6   8:30a     E
-------------------------------------------------------------------------------------
    12.9  24.8    28     1.9    19   177.6   8.7  61.4   4.4  46.7    16      SW

Max >=  32.0:  0
Max <=   0.0:  0
Min <=   0.0:  0
Min <= -18.0:  0
Max Rain: 34.39 ON 12/08/10
Days of Rain: 11 (> .2 mm) 5 (> 2 mm) 1 (> 20 mm)
Heat Base:  18.3  Cool Base:  18.3  Method: Integration
Gardiner Family