Gardiner Family

Gardiner Family

Gardiner Family
NOAA style reports

NOAA-style Climate Reports

Select a Year or Month report

Notice: Undefined index: NOAA2017.TXT in E:\xampp\htdocs\gardiner\davis\noaa.php on line 289

Report for 2010 May
                   MONTHLY CLIMATOLOGICAL SUMMARY for MAY. 2010

NAME: Kairos   CITY: Maddington   STATE: Western Australia 
ELEV:    20 m  LAT:  32 04' 24" S  LONG: 116 00' 18" E

                   TEMPERATURE (C), RAIN  (mm), WIND SPEED (km/hr)

                                      HEAT  COOL        AVG
    MEAN                              DEG   DEG         WIND                 DOM
DAY TEMP  HIGH   TIME   LOW    TIME   DAYS  DAYS  RAIN  SPEED HIGH   TIME    DIR
------------------------------------------------------------------------------------
 1  15.9  22.3   2:55p  11.3  10:45p   3.1   0.7   0.6   2.4  27.4  12:00m   SSW
 2  16.9  24.4   1:40p  11.1  12:00m   2.7   1.2   0.0  10.1  45.1   4:55a     E
 3  15.2  22.3   1:55p   9.8   1:10a   3.8   0.8   0.0   2.9  27.4   3:35p   SSW
 4  15.0  22.1   2:25p   9.0  10:45p   3.9   0.6   0.0   7.1  37.0   4:45a     E
 5  16.7  25.6   2:55p  10.3  11:55p   3.2   1.7   0.0   3.2  25.7   7:15a   SSW
 6  15.9  26.9   1:30p   8.6   7:05a   4.1   1.7   0.0   2.4  24.1   2:10p   SSW
 7  20.0  29.6   3:35p  13.1  12:05a   1.2   2.9   0.0   5.8  35.4   4:05a     E
 8  18.3  27.3   1:25p   9.1   7:00a   2.5   2.5   0.0   2.6  24.1   2:45a    SW
 9  15.3  22.2   1:25p   8.7  12:00m   3.7   0.7   0.0   4.3  33.8  12:35p   SSW
10  12.9  20.2   2:35p   6.8   2:50a   5.6   0.2   0.0   4.2  30.6  12:20p   ESE
11  16.0  22.5   3:00p   8.3  12:05a   3.1   0.8   0.0  13.5  51.5   9:15a     E
12  17.6  23.2  12:00p  10.9  11:20p   2.0   1.2   0.0   5.1  29.0   9:15a    NE
13  12.9  17.3   2:35p   7.2  12:00m   5.3   0.0  23.6   4.2  33.8   5:20a     S
14  10.3  17.9   1:10p   3.6   6:15a   8.0   0.0   0.2   2.7  30.6  11:50a   SSW
15  10.9  19.6   2:30p   3.0   7:15a   7.4   0.0   0.2   2.1  20.9  11:30a    SW
16  14.1  20.6   3:05p   8.4   7:20a   4.4   0.2   0.0   2.1  19.3  10:55a    SW
17  14.8  23.1   2:05p   6.0   5:35a   4.2   0.7   0.0   5.5  35.4  10:45a   ENE
18  18.1  24.8   1:50p  12.4  12:00m   1.8   1.5   0.0   5.6  45.1   2:45a    NW
19  14.9  23.4   1:50p   9.1   6:10a   4.3   1.0   0.0   1.9  20.9   2:50p   WSW
20  18.7  27.6   2:05p   8.6   3:40a   2.6   3.0   0.2   5.0  32.2   9:20a   ENE
21  20.1  23.7   3:50p  15.7   1:10p   0.1   1.9   6.0  11.6  46.7   6:25a   ENE
22  16.6  18.6  10:10a  14.8   8:00a   1.7   0.0  39.8   5.6  38.6   7:05a   NNE
23  14.6  17.2   2:20p  10.8  11:35p   3.8   0.0   0.8   7.2  43.5  12:25p    SW
24  12.6  18.9   2:30p   6.3   6:20a   5.7   0.0   0.0   2.6  24.1  12:40p    SW
25  14.1  19.4   2:20p   9.5   3:55a   4.3   0.1   0.0   4.2  27.4  11:45a   ENE
26  14.7  22.7   1:50p   7.7   7:15a   4.1   0.5   9.8   4.7  25.7  12:50p   ENE
27  13.3  18.6  11:20a  10.0  11:30p   5.0   0.0  19.0   5.1  38.6   3:20a    SW
28  12.9  20.4   1:20p   7.8  12:00m   5.6   0.2   0.4   1.0  14.5   8:15a     S
29  14.1  21.1  12:20p   7.0   2:25a   4.7   0.5   0.2   3.4  20.9  10:30a   ENE
30  15.3  24.1  12:20p   7.7   2:50a   3.9   1.1   0.0   2.3  17.7   1:35p     E
31  12.6  21.3  11:50a   6.8   6:40a   6.0   0.3   0.0   1.3  16.1   3:55p    SW
-------------------------------------------------------------------------------------
    15.2  29.6     7     3.0    15   121.9  26.1 100.8   4.6  51.5    11       E

Max >=  32.0:  0
Max <=   0.0:  0
Min <=   0.0:  0
Min <= -18.0:  0
Max Rain: 39.80 ON 22/05/10
Days of Rain: 12 (> .2 mm) 5 (> 2 mm) 2 (> 20 mm)
Heat Base:  18.3  Cool Base:  18.3  Method: Integration
Gardiner Family