Gardiner Family

Gardiner Family

Gardiner Family
NOAA style reports

NOAA-style Climate Reports

Select a Year or Month report

Notice: Undefined index: NOAA2017.TXT in E:\xampp\htdocs\gardiner\davis\noaa.php on line 289

Report for 2009 Dec
                   MONTHLY CLIMATOLOGICAL SUMMARY for DEC. 2009

NAME: Kairos   CITY: Maddington   STATE: Western Australia 
ELEV:    20 m  LAT:  32 04' 24" S  LONG: 116 00' 18" E

                   TEMPERATURE (C), RAIN  (mm), WIND SPEED (km/hr)

                                      HEAT  COOL        AVG
    MEAN                              DEG   DEG         WIND                 DOM
DAY TEMP  HIGH   TIME   LOW    TIME   DAYS  DAYS  RAIN  SPEED HIGH   TIME    DIR
------------------------------------------------------------------------------------
 1  18.9  25.2  11:50a  12.0   2:40a   1.7   2.3   0.0   7.1  35.4   2:40p    SW
 2  18.4  25.1   2:30p  11.7   6:20a   1.6   1.7   0.0   8.4  43.5   6:20p   SSW
 3  20.7  30.0   4:00p  14.3  12:30a   1.1   3.6   0.0   9.8  46.7   3:00a     E
 4  25.4  37.2   5:40p  15.3  12:40a   0.4   7.5   0.0   9.7  54.7   5:30a     E
 5  28.6  38.9   3:10p  21.4  12:10a   0.0  10.3   0.0   7.6  49.9  12:30a     E
 6  25.1  33.8   1:30p  18.4   5:00a   0.0   6.8   0.0   6.9  38.6  10:10p   SSW
 7  22.6  29.7   3:00p  17.1  12:00m   0.1   4.4   0.0   9.7  41.8  11:20p   ESE
 8  20.3  28.6   1:10p  13.2   5:10a   1.2   3.2   0.0   9.3  40.2   3:30a    SW
 9  21.7  30.3   3:40p  14.0   5:20a   0.8   4.1   0.0   7.4  30.6  10:40a     S
10  20.4  29.6   3:50p  13.6   5:30a   1.1   3.3   0.0   7.4  37.0   1:00a   ESE
11  23.4  33.2   3:40p  15.4   5:30a   0.4   5.5   0.0  11.3  51.5   8:20a     E
12  27.6  37.6   2:50p  15.4   1:00a   0.1   9.4   0.0   9.3  46.7   3:50a     E
13  29.3  40.8   1:20p  17.8  12:00m   0.0  11.0   0.0   6.8  33.8   8:00a    SW
14  22.6  32.4   3:10p  13.8   5:30a   0.9   5.2   0.0   4.8  30.6   4:10p    SW
15  19.6  29.0  12:20p  12.0   5:40a   1.7   3.1   0.0   7.4  41.8   2:20p    SW
16  19.3  25.7   2:50p  13.7   5:30a   1.1   2.1   0.0   8.0  48.3   5:20p     S
17  20.9  29.6   4:40p  13.3   5:10a   1.1   3.7   0.0  10.9  46.7  12:50a     E
18  25.8  35.1   5:00p  15.5   5:30a   0.3   7.9   0.0  13.5  54.7   3:50a     E
19  28.7  37.6  12:30p  21.4   5:00a   0.0  10.4   0.0  11.9  49.9  12:20a     E
20  29.2  38.1   1:10p  20.4   4:00a   0.0  10.9   0.0   5.3  32.2  11:20p    SW
21  28.4  37.5   3:20p  20.6   5:40a   0.0  10.1   0.0   8.4  46.7  11:40p    SW
22  24.7  33.9  12:50p  18.3  12:00m   0.0   6.4   0.0   8.4  43.5  12:20a    SW
23  20.5  27.8   1:20p  14.8   5:40a   0.8   3.0   0.0  10.9  43.5   2:20p   SSW
24  21.9  31.5   1:40p  14.6   5:30a   0.6   4.3   0.0   8.0  48.3   3:00a    SW
25  25.9  36.8   2:00p  15.5   1:10a   0.1   7.8   0.0   6.6  38.6   4:00a   SSW
26  27.2  36.8   2:30p  18.0  12:00m   0.0   8.9   0.0   6.0  33.8   3:20p    SW
27  25.8  36.0   3:00p  17.4  12:30a   0.0   7.5   0.0   5.6  32.2   4:20p    SW
28  29.0  40.6   2:30p  18.8  12:30a   0.0  10.7   0.0  13.7  56.3   4:50a     E
29  30.2  41.3  11:00a  20.3  12:00m   0.0  11.8   0.0  11.1  46.7   8:40a     E
30  21.2  26.4   4:20p  17.4   5:50a   0.1   3.0   0.0  11.7  46.7   1:50a    SW
31  20.5  28.8   1:30p  14.9   5:40a   0.8   3.0   0.0   9.2  38.6   8:30a    SW
-------------------------------------------------------------------------------------
    24.0  41.3    29    11.7     2    16.1 192.6   0.0   8.8  56.3    28      SW

Max >=  32.0: 17
Max <=   0.0:  0
Min <=   0.0:  0
Min <= -18.0:  0
Max Rain: 0.00 ON 01/12/09
Days of Rain: 0 (> .2 mm) 0 (> 2 mm) 0 (> 20 mm)
Heat Base:  18.3  Cool Base:  18.3  Method: Integration
Gardiner Family