Gardiner Family

Gardiner Family

Gardiner Family
NOAA style reports

NOAA-style Climate Reports


Report for 2009 Nov
                   MONTHLY CLIMATOLOGICAL SUMMARY for NOV. 2009

NAME: Kairos   CITY: Maddington   STATE: Western Australia 
ELEV:    20 m  LAT:  32 04' 24" S  LONG: 116 00' 18" E

                   TEMPERATURE (C), RAIN  (mm), WIND SPEED (km/hr)

                                      HEAT  COOL        AVG
    MEAN                              DEG   DEG         WIND                 DOM
DAY TEMP  HIGH   TIME   LOW    TIME   DAYS  DAYS  RAIN  SPEED HIGH   TIME    DIR
------------------------------------------------------------------------------------
 1  17.1  24.8   4:30p  10.2   5:40a   2.9   1.6   0.0  12.9  57.9   7:30a   ESE
 2  18.5  26.8   5:00p  10.6   6:20a   2.4   2.6   0.0   8.0  45.1   9:20a     E
 3  21.9  31.7   4:30p  11.6   6:30a   1.6   5.2   0.0  14.8  57.9   6:40a     E
 4  25.8  34.7   3:30p  17.2   7:20a   0.1   7.6   0.0  14.6  54.7   4:20a     E
 5  25.6  31.6   1:40p  20.7   6:10a   0.0   7.3   0.0   7.1  41.8   4:40p   ENE
 6  23.3  29.6  12:00p  17.5  12:00m   0.0   5.1   0.0   8.5  33.8   1:50p   WNW
 7  18.4  24.2  12:30p  13.8  12:00m   1.5   1.6   0.2   5.8  35.4   3:00p   WNW
 8  17.5  24.9   2:20p  11.9   5:20a   2.4   1.6   0.0   5.0  30.6  12:40p   WSW
 9  21.1  31.7   4:30p  10.8   3:10a   1.5   4.3   0.0   5.6  33.8   8:40a   SSW
10  23.9  34.0  12:20p  16.4  12:00m   0.1   5.6   0.0   8.0  48.3   3:10a    SW
11  23.5  35.7   3:20p  14.4   5:30a   0.7   5.9   0.0   3.1  24.1   3:40p   ENE
12  23.8  29.2   3:30p  20.1  11:50a   0.0   5.5   2.6   7.9  41.8   2:00p     E
13  21.8  26.7   3:10p  16.8  12:00m   0.0   3.6   0.2   8.7  35.4  12:40p   WNW
14  19.1  24.8   3:40p  14.5   4:50a   1.2   1.9   0.0   6.9  35.4  11:20a   WNW
15  19.7  29.7   1:10p  11.3   6:10a   2.0   3.4   0.0   5.3  33.8   3:20p    SW
16  19.0  25.0   1:00p  14.5  10:50p   1.1   1.8   0.0   6.3  37.0   2:50p   WSW
17  18.0  23.2   2:00p  12.7   6:10a   1.4   1.1   0.2   6.0  38.6   4:20p     W
18  17.0  21.8  11:30a  14.4  10:00p   1.6   0.3  24.6  10.9  56.3  10:40a     W
19  16.1  21.6   2:10p  12.7   8:20a   2.7   0.5  14.6   9.0  53.1   1:00a    SW
20  16.6  23.2   3:20p  11.8   6:10a   2.6   0.8   0.0   6.1  35.4   5:10p   SSW
21  16.5  23.7   2:10p  10.4   3:50a   2.9   1.1   0.0   6.1  40.2   5:30p    SW
22  19.3  28.6   3:20p  12.4   2:30a   1.7   2.7   0.0   6.0  33.8   3:30p     S
23  23.6  34.7   3:50p  13.2   4:10a   1.2   6.5   0.0   5.8  32.2   4:10p    SW
24  26.2  36.8   1:40p  15.6   3:00a   0.3   8.2   0.0   6.3  32.2  12:40p    SW
25  18.3  24.1  11:10a  12.9   4:30a   1.6   1.7   0.0   8.5  45.1   5:00p    SW
26  15.9  22.2   3:00p   8.6   6:30a   3.2   0.8   0.0   8.2  48.3   3:50p    SW
27  16.0  24.4   2:20p   7.6   6:00a   3.6   1.3   0.0   5.1  32.2   5:10p    SW
28  21.3  32.1   5:50p  12.1   1:30a   1.6   4.6   0.0  10.9  51.5   6:00a     E
29  20.5  31.3   1:20p  11.7   6:30a   1.7   3.9   0.0   5.0  35.4   1:40p    SW
30  19.1  28.7   1:50p  11.1   6:20a   2.2   3.0   0.2   4.8  32.2   2:40p    SW
-------------------------------------------------------------------------------------
    20.1  36.8    24     7.6    27    45.6 101.1  42.6   7.6  57.9     1      SW

Max >=  32.0:  6
Max <=   0.0:  0
Min <=   0.0:  0
Min <= -18.0:  0
Max Rain: 24.61 ON 18/11/09
Days of Rain: 7 (> .2 mm) 3 (> 2 mm) 1 (> 20 mm)
Heat Base:  18.3  Cool Base:  18.3  Method: Integration
Gardiner Family