Gardiner Family

Gardiner Family

Gardiner Family
NOAA style reports

NOAA-style Climate Reports

Select a Year or Month report

Notice: Undefined index: NOAA2017.TXT in E:\xampp\htdocs\gardiner\davis\noaa.php on line 289

Report for 2009 Oct
                   MONTHLY CLIMATOLOGICAL SUMMARY for OCT. 2009

NAME: Kairos   CITY: Maddington   STATE: Western Australia 
ELEV:    20 m  LAT:  32 04' 24" S  LONG: 116 00' 18" E

                   TEMPERATURE (C), RAIN  (mm), WIND SPEED (km/hr)

                                      HEAT  COOL        AVG
    MEAN                              DEG   DEG         WIND                 DOM
DAY TEMP  HIGH   TIME   LOW    TIME   DAYS  DAYS  RAIN  SPEED HIGH   TIME    DIR
------------------------------------------------------------------------------------
 1  13.2  21.3   1:40p   6.4   1:10a   5.3   0.3   0.0   4.2  27.4   2:30p    SW
 2  14.3  21.4  11:50a   6.0   6:00a   4.5   0.5   0.0   4.3  33.8   1:40p     W
 3  15.3  21.1   2:50p   8.0  11:50p   3.4   0.4   2.6   4.8  29.0   2:40p    SW
 4  13.6  21.2   1:20p   5.5   5:40a   5.0   0.4   0.0   4.3  27.4   3:40p    SW
 5  17.9  25.3   2:10p  11.9   6:10a   2.2   1.8   0.0  11.6  53.1   7:40a     E
 6  17.1  24.4   2:20p   9.8   6:10a   2.6   1.4   0.0   6.4  43.5   1:10a     E
 7  17.4  23.2   4:10p  11.3   6:10a   2.0   1.1   0.0   5.3  30.6  12:20a   SSW
 8  16.3  24.7   1:10p   7.9   5:40a   3.5   1.5   0.0   4.0  32.2   4:00p     S
 9  16.2  24.1   1:20p   8.6   5:40a   3.3   1.2   0.0   3.9  29.0   3:00p   SSW
10  15.2  21.2  12:10p   8.5  11:50p   3.4   0.2   0.6   5.6  38.6   5:00p    SW
11  12.3  17.9   2:50p   7.2   5:40a   6.0   0.0   0.2   6.1  40.2  11:00a    SW
12  13.3  19.9   2:10p   8.1   4:00a   5.0   0.1   0.0   5.5  35.4   2:10p    SW
13  14.4  21.3   2:30p   8.9  12:10a   4.2   0.3   0.0   4.7  32.2   3:40p   SSW
14  16.0  25.4   3:30p   7.2   3:30a   3.7   1.4   0.0   4.8  40.2  11:50p   SSW
15  20.4  28.3   2:40p  12.9   6:00a   1.3   3.4   0.0  14.3  49.9  11:50p     E
16  23.2  32.1   2:40p  13.8   5:50a   0.9   5.9   0.0  20.0  54.7   6:30a     E
17  26.8  37.3   3:30p  17.7  12:00m   0.0   8.5   0.0  11.1  53.1   1:00a    NE
18  20.4  26.7   3:40p  15.1   3:10a   0.5   2.6   0.0   6.1  30.6  12:30p   WNW
19  17.3  23.2  12:50p  10.2  11:40p   2.0   1.0   0.0   6.0  30.6   4:50p    SW
20  15.3  23.9   2:10p   8.1   5:50a   3.9   1.0   0.0   6.3  35.4   4:50p   SSW
21  18.3  27.6   2:40p  12.1  12:00m   2.2   2.2   0.0  12.6  57.9   3:50a     E
22  19.1  26.8   1:50p  11.7   5:20a   1.7   2.6   0.0   5.6  37.0  10:10p    SW
23  20.1  28.2   3:20p  14.2   5:40a   1.1   2.9   0.0   9.5  61.2  10:00p   ESE
24  17.9  21.3  11:10a  13.9   4:30a   1.3   0.9   0.2  19.0  74.0   5:10a     E
25  23.1  33.2   5:20p  15.0   6:20a   0.7   5.2   0.0  16.9  72.4   5:10a     E
26  21.0  25.8  11:00a  17.7   5:20a   0.0   2.7   2.2   6.0  46.7  12:50a   NNE
27  21.5  27.7   3:40p  17.3   6:30a   0.1   3.2   0.0   6.1  30.6   3:50p   WNW
28  17.1  21.6  10:30a  13.2  11:00p   1.4   0.2   6.6  10.1  54.7   4:30p   WNW
29  15.5  22.8   2:50p   9.8   6:30a   3.4   0.6   0.4   4.5  30.6   5:40p    SW
30  18.4  29.5   2:50p   9.7   3:40a   2.6   2.7   0.0   6.6  35.4   4:00p   SSW
31  17.3  24.2   2:30p  11.1   4:20a   2.5   1.5   0.0   9.2  41.8   1:20p   SSW
-------------------------------------------------------------------------------------
    17.6  37.3    17     5.5     4    79.9  57.6  12.8   7.9  74.0    24      SW

Max >=  32.0:  3
Max <=   0.0:  0
Min <=   0.0:  0
Min <= -18.0:  0
Max Rain: 6.60 ON 28/10/09
Days of Rain: 7 (> .2 mm) 3 (> 2 mm) 0 (> 20 mm)
Heat Base:  18.3  Cool Base:  18.3  Method: Integration
Gardiner Family