Gardiner Family

Gardiner Family

Gardiner Family
NOAA style reports

NOAA-style Climate Reports


Report for 2009 Sep
                   MONTHLY CLIMATOLOGICAL SUMMARY for SEP. 2009

NAME: Kairos   CITY: Maddington   STATE: Western Australia 
ELEV:    20 m  LAT:  32 04' 24" S  LONG: 116 00' 18" E

                   TEMPERATURE (C), RAIN  (mm), WIND SPEED (km/hr)

                                      HEAT  COOL        AVG
    MEAN                              DEG   DEG         WIND                 DOM
DAY TEMP  HIGH   TIME   LOW    TIME   DAYS  DAYS  RAIN  SPEED HIGH   TIME    DIR
------------------------------------------------------------------------------------
 1  13.7  19.7  12:30p  10.2   4:30a   4.6   0.1  10.2   9.0  46.7  11:30a    SW
 2  11.8  15.6   3:50p   8.7   6:20a   6.5   0.0   0.6   5.6  35.4  12:20p    SW
 3  12.0  17.4   3:30p   7.2  10:40p   6.3   0.0   0.0   2.4  22.5   4:00p    SE
 4  14.3  22.1   1:30p   7.7   6:20a   4.6   0.5  10.6   9.2  43.5  10:40p   ENE
 5  11.8  16.2   2:30p   9.0  10:40p   6.4   0.0   7.2   8.4  51.5   2:30p    SW
 6  12.6  16.9  12:10p   7.7   6:50a   5.8   0.0   1.2   3.7  33.8   2:50p   SSW
 7  13.7  19.3   1:00p   8.6  12:00m   4.7   0.0   6.4   7.6  48.3   4:50p   NNE
 8  12.6  19.2   2:10p   5.1   6:40a   5.7   0.0   0.4   3.1  24.1   4:10p    SE
 9  15.3  19.7   2:10p  11.8   4:50a   3.0   0.0   2.8   5.5  32.2   3:00p    NE
10  15.9  18.3   1:20p  13.2   6:40p   2.4   0.0   9.6  15.8  67.6   6:20p   WNW
11  14.8  18.0   1:30p  11.8   9:30p   3.5   0.0  27.4  13.2  57.9   2:40p   WNW
12  13.1  16.8  12:10p   9.2  11:10p   5.3   0.0   1.4   9.7  49.9   2:50p   WSW
13  13.1  19.2   2:10p   8.9   5:20a   5.3   0.0   1.0   3.2  24.1  12:00p   WSW
14  15.1  19.8   2:10p  11.3  12:10a   3.3   0.1   0.4   8.9  38.6  12:40p     N
15  13.2  17.4  11:20a   7.6  12:00m   5.1   0.0  21.8   5.0  32.2  12:30p    SW
16  12.7  19.2   1:00p   6.1   5:10a   5.7   0.0   0.6   4.2  32.2   4:30p     S
17  15.2  20.1   2:10p  11.9   3:00a   3.2   0.1   3.6  10.6  49.9   2:50p    NW
18  13.7  18.6   1:10p   8.9  11:10p   4.7   0.0   3.6   8.9  54.7   1:10a   WSW
19  12.8  17.6  12:00p   9.8   2:10a   5.5   0.0   0.6   3.1  29.0  12:50p   WSW
20  13.8  18.3   1:30p   9.6   3:00a   4.5   0.0   5.2   7.7  46.7   3:10p   WNW
21  12.3  16.4  10:40a   5.9  12:00m   6.0   0.0   5.2  11.3  61.2   3:30p    SW
22  12.2  18.3   2:40p   4.7   6:10a   6.1   0.0   0.0   4.3  30.6  12:00p   SSE
23  15.7  20.7   2:00p  11.6  12:00m   2.9   0.2   1.8   5.5  33.8   2:00p   WSW
24  13.0  18.9  11:50a   6.3  12:00m   5.3   0.0   0.0   7.9  45.1   4:10p    SW
25  11.4  19.7   3:30p   3.2   6:20a   7.0   0.1   0.0   4.2  30.6   9:30a   ESE
26  13.9  21.7   4:10p   6.9  12:10a   4.9   0.4   0.0  10.5  53.1   6:00a     E
27  17.9  26.3   1:20p  11.0   4:40a   2.5   2.1   0.0   6.3  32.2   2:50p   NNE
28  13.6  18.2   1:50p   9.3  10:50p   4.7   0.0   2.4   6.8  37.0   9:30a    SW
29  10.2  14.7   3:20p   6.1  12:00m   8.1   0.0   3.8   3.2  32.2   1:20p   SSW
30  10.8  18.5   3:30p   3.8   5:40a   7.5   0.0   0.2   4.3  29.0   9:50a   SSW
-------------------------------------------------------------------------------------
    13.4  26.3    27     3.2    25   150.5   3.7 128.0   7.0  67.6    10      SW

Max >=  32.0:  0
Max <=   0.0:  0
Min <=   0.0:  0
Min <= -18.0:  0
Max Rain: 27.41 ON 11/09/09
Days of Rain: 24 (> .2 mm) 14 (> 2 mm) 2 (> 20 mm)
Heat Base:  18.3  Cool Base:  18.3  Method: Integration
Gardiner Family