Gardiner Family

Gardiner Family

Gardiner Family
NOAA style reports

NOAA-style Climate Reports


Report for 2009 Aug
                   MONTHLY CLIMATOLOGICAL SUMMARY for AUG. 2009

NAME: Kairos   CITY: Maddington   STATE: Western Australia 
ELEV:    20 m  LAT:  32 04' 24" S  LONG: 116 00' 18" E

                   TEMPERATURE (C), RAIN  (mm), WIND SPEED (km/hr)

                                      HEAT  COOL        AVG
    MEAN                              DEG   DEG         WIND                 DOM
DAY TEMP  HIGH   TIME   LOW    TIME   DAYS  DAYS  RAIN  SPEED HIGH   TIME    DIR
------------------------------------------------------------------------------------
 1  10.8  20.3   1:20p   3.5   7:20a   7.7   0.2   0.0   1.9  24.1   2:50p    SW
 2  11.8  21.1   1:50p   4.3   7:00a   6.8   0.3   0.2   1.3  19.3  11:40a   SSW
 3  12.2  21.3   2:30p   4.6   7:20a   6.5   0.4   0.0   1.8  22.5  12:20p   SSW
 4  12.0  20.8   3:30p   5.4   6:10a   6.6   0.3   0.2   1.3  17.7   4:30p   SSW
 5  13.9  20.4   3:10p   6.1   7:10a   4.6   0.2   0.8   6.1  37.0   6:20p    NW
 6  14.8  19.9   4:00p   8.1  11:50p   3.6   0.1   8.6   4.2  40.2   5:30a   NNE
 7  12.8  19.7   3:50p   5.8   7:00a   5.6   0.1   0.2   1.3  17.7   5:00p    SW
 8  16.0  21.6   1:10p  13.3  12:10a   2.8   0.4   4.8   3.1  27.4   4:40a     S
 9  16.3  20.7  12:50p  12.9   3:40a   2.3   0.3   0.2   6.1  35.4   9:40a     E
10  15.8  19.6  11:30a  10.3  11:50p   2.5   0.0   4.6   9.5  40.2   2:20p   WSW
11  13.3  17.5  11:00a   8.3   4:10a   5.0   0.0   0.2   3.2  25.7   8:40p   NNE
12  14.6  19.3  12:00p  12.2   6:10a   3.7   0.0  16.6   7.4  38.6   4:40p   NNE
13  15.4  20.3  12:30p  12.4   7:30a   3.0   0.1   9.8  11.1  49.9   5:40p   NNE
14  15.9  20.3  11:30a  12.6  12:00m   2.5   0.1  23.6  12.2  69.2   2:00p     W
15  11.3  15.3   1:30p   8.1  10:40p   7.0   0.0  15.8   9.3  66.0   3:30p    SW
16  12.7  16.9   4:20p   8.1  12:10a   5.6   0.0   8.0   2.4  22.5   1:20a     N
17  14.4  19.9   2:50p  11.3  10:40p   4.0   0.1   4.2   6.4  29.0   3:20p   NNE
18  14.4  18.8   1:00p  12.1   3:30a   3.8   0.0  28.6   6.6  35.4   3:30p     N
19  15.2  19.7   1:40p  12.6   7:10a   3.1   0.0   3.6   5.8  37.0   2:20p   NNE
20  14.0  18.0  11:40a  11.7   9:50p   4.3   0.0  22.2   3.7  33.8  12:10p    SW
21  13.1  17.1  12:50p   9.8   7:20a   5.2   0.0   0.6   5.1  40.2   4:00p   WSW
22  14.9  17.8   2:00p  12.8  12:10a   3.4   0.0   1.2   9.3  48.3   3:50p   WSW
23  13.2  16.9   1:20p  10.7   6:50p   5.1   0.0   5.0   8.9  45.1  11:50a    SW
24  13.3  18.3   2:40p   8.9  12:00m   5.0   0.0   0.2   3.2  27.4   3:00a    SW
25  12.7  19.3   4:20p   7.1   3:40a   5.7   0.1   0.2   3.1  22.5  10:00a     E
26  12.1  20.4   1:50p   4.9   6:40a   6.4   0.2   0.2   2.7  22.5   2:10p   SSW
27  11.7  17.2   2:10p   5.4   5:40a   6.6   0.0   0.0   3.5  27.4  12:30p   SSW
28  11.2  16.4  10:50a   5.8  11:40p   7.1   0.0   3.2   3.9  40.2  11:10a     S
29   8.8  16.4   3:10p   1.4   6:50a   9.5   0.0   0.2   2.7  25.7  11:30a   SSW
30  11.3  17.2   1:20p   5.8  12:10a   7.0   0.0   0.0   1.8  16.1   3:20p    SW
31  11.9  19.6   2:50p   4.4   6:10a   6.4   0.0   2.8   2.6  25.7   2:40p   WSW
-------------------------------------------------------------------------------------
    13.3  21.6     8     1.4    29   158.6   3.3 165.8   4.9  69.2    14      SW

Max >=  32.0:  0
Max <=   0.0:  0
Min <=   0.0:  0
Min <= -18.0:  0
Max Rain: 28.60 ON 18/08/09
Days of Rain: 27 (> .2 mm) 15 (> 2 mm) 3 (> 20 mm)
Heat Base:  18.3  Cool Base:  18.3  Method: Integration
Gardiner Family