Gardiner Family

Gardiner Family

Gardiner Family
NOAA style reports

NOAA-style Climate Reports


Report for 2009 Jul
                   MONTHLY CLIMATOLOGICAL SUMMARY for JUL. 2009

NAME: Kairos   CITY: Maddington   STATE: Western Australia 
ELEV:    20 m  LAT:  32 04' 24" S  LONG: 116 00' 18" E

                   TEMPERATURE (C), RAIN  (mm), WIND SPEED (km/hr)

                                      HEAT  COOL        AVG
    MEAN                              DEG   DEG         WIND                 DOM
DAY TEMP  HIGH   TIME   LOW    TIME   DAYS  DAYS  RAIN  SPEED HIGH   TIME    DIR
------------------------------------------------------------------------------------
 1
 2
 3
 4
 5  17.6  20.7   2:00p  14.3   9:40a   0.7   0.3   0.0   7.4  27.4  11:50p   ENE
 6  15.3  19.0   3:10p   8.9  12:00m   3.1   0.0  10.6   8.0  41.8  12:10p   NNE
 7  13.1  17.6   1:10p   8.3   1:00a   5.2   0.0   0.4   3.4  20.9   1:30p   NNW
 8  14.5  18.5  12:40p  11.7   4:50a   3.8   0.0   3.8   6.6  27.4  12:50p   NNE
 9  14.3  18.9   3:30p  11.1   8:50p   4.0   0.0  17.0   6.6  38.6   4:50a   NNE
10  12.7  16.7  12:10p   9.3  12:00m   5.6   0.0  25.8   3.9  45.1   7:00a    SW
11  11.1  17.8   2:30p   6.5  11:40p   7.2   0.0   0.2   1.8  20.9   2:40p     S
12  11.0  16.6   2:20p   5.5  12:00m   7.3   0.0   0.0   2.7  22.5  12:20p     S
13   9.7  17.5   1:10p   3.2   4:30a   8.6   0.0   0.0   2.1  20.9   1:50p     S
14  10.2  17.3   3:30p   2.9   7:40a   8.1   0.0   0.2   3.9  29.0  10:50a    NE
15  15.4  20.8   2:50p  10.2   3:20a   3.3   0.4  11.8  10.6  57.9   9:40p   NNE
16  14.0  17.3   1:30p  12.2   3:00a   4.3   0.0  11.4   9.2  51.5  11:10a     W
17  14.2  18.7  12:40p  11.1  10:30p   4.1   0.0   2.4   6.9  38.6  11:20a    SW
18  14.9  18.9  11:30a  10.8   1:20a   3.5   0.0  28.4   7.9  46.7   4:10p   NNW
19  12.3  15.3   4:00p   9.8  10:10p   6.0   0.0  32.8   5.8  46.7   6:30p   NNE
20  10.9  14.3   2:00p   8.0   5:50a   7.3   0.0  14.4  11.6  59.5   4:50a     W
21  12.3  16.8   2:00p   8.6  10:20p   6.0   0.0   3.0   5.5  54.7   2:10a    SW
22  12.2  16.7   4:10p   8.4   1:20a   6.1   0.0  16.6   5.3  29.0   2:30p   NNE
23  12.2  16.6   1:30p   7.3  11:40p   6.1   0.0   5.6   3.1  24.1   1:50a     S
24  11.4  16.2   3:00p   7.0   5:20a   6.9   0.0   0.0   3.5  27.4   1:00p   SSW
25  10.1  15.4   1:40p   4.3  12:00m   8.2   0.0   4.2   3.7  29.0  10:50a   SSW
26   9.1  15.7  12:00p   2.2   5:00a   9.2   0.0   0.0   2.4  20.9   1:10p    SW
27   9.7  15.6   1:50p   3.4   4:50a   8.6   0.0   0.0   1.1  12.9   2:50p   WSW
28  10.2  17.8   1:50p   3.6   6:20a   8.1   0.0   0.2   1.9  19.3  12:50p    SW
29  12.3  19.7   3:30p   7.1   2:40a   6.1   0.1   0.0   4.0  27.4   8:10a     S
30  13.7  21.4   1:40p   7.6  12:00m   5.0   0.4   0.0   3.7  32.2   5:50a    SW
31  12.6  21.9   2:10p   5.6   4:00a   6.3   0.6   0.0   1.8  17.7  12:40p     W
-------------------------------------------------------------------------------------
    12.5  21.9    31     2.2    26   158.6   1.8 188.8   5.0  59.5    20     NNE

Max >=  32.0:  0
Max <=   0.0:  0
Min <=   0.0:  0
Min <= -18.0:  0
Max Rain: 32.79 ON 19/07/09
Days of Rain: 18 (> .2 mm) 14 (> 2 mm) 3 (> 20 mm)
Heat Base:  18.3  Cool Base:  18.3  Method: Integration
Gardiner Family