Gardiner Family

Gardiner Family

Gardiner Family
NOAA style reports

NOAA-style Climate Reports


Report for 2009 Jun
                   MONTHLY CLIMATOLOGICAL SUMMARY for JUN. 2009

NAME: Kairos   CITY: Maddington   STATE: Western Australia 
ELEV:    20 m  LAT:  32 04' 24" S  LONG: 116 00' 18" E

                   TEMPERATURE (C), RAIN  (mm), WIND SPEED (km/hr)

                                      HEAT  COOL        AVG
    MEAN                              DEG   DEG         WIND                 DOM
DAY TEMP  HIGH   TIME   LOW    TIME   DAYS  DAYS  RAIN  SPEED HIGH   TIME    DIR
------------------------------------------------------------------------------------
 1  18.2  25.2   1:50p  12.9  12:00m   1.8   1.7   6.8   5.6  38.6   6:30a   ENE
 2  16.8  23.6   2:00p  11.6  12:00m   2.5   0.9   0.8   3.7  22.5   4:00a   ENE
 3  13.8  20.4   1:50p   9.5   4:00a   4.6   0.1   0.2   4.2  40.2   3:40p     S
 4  11.9  19.2   1:50p   6.8   7:30a   6.4   0.0   0.4   2.9  32.2   2:40p   SSW
 5  11.9  20.0   2:00p   5.3   3:50a   6.6   0.1   0.2   2.3  20.9   1:20p    SW
 6  13.0  20.6   1:20p   7.3  11:50p   5.5   0.2   0.2   2.4  22.5   9:30a   SSW
 7  11.1  18.0   2:40p   6.1   7:30a   7.2   0.0   0.2   2.3  20.9  11:30a     S
 8  12.7  21.2   1:40p   5.5   6:30a   5.9   0.3   0.0   2.7  30.6  11:00p   WNW
 9  16.0  22.5   2:20p  10.4   7:10a   3.1   0.8   0.0   7.6  32.2  12:40p   NNE
10  18.1  22.3   1:00p  14.6  11:30p   1.1   0.9   6.6   9.0  32.2  11:50a   NNE
11  13.1  15.3  11:50a   7.6  12:00m   5.3   0.0  25.4   2.7  20.9  12:20p    SW
12  10.4  16.1   2:30p   4.8   7:10a   7.8   0.0   0.2   0.8  14.5  11:20a    SW
13  10.1  17.1   2:10p   5.1  11:50p   8.2   0.0   0.0   2.3  22.5  12:20p     W
14  10.9  19.9   1:40p   3.2   7:20a   7.4   0.1   0.2   1.3  17.7   3:00p     S
15  13.3  20.8   2:40p   7.6   7:20a   5.3   0.3   0.0   2.4  19.3  10:00a    NW
16  11.5  20.8   2:30p   4.6   7:20a   7.1   0.3   0.0   2.4  24.1  11:30a     N
17  12.8  21.3   1:20p   3.2   6:50a   5.9   0.4   0.2   6.0  37.0   2:20p     N
18  15.3  18.8   3:00p  12.8   4:50a   3.0   0.0   8.2   7.2  25.7  11:20p     N
19  13.7  16.4   8:30a   9.8   9:00p   4.6   0.0  11.8   9.7  85.3  11:20a   WSW
20  13.8  18.7   2:30p  10.2  12:10a   4.5   0.0  18.2   7.9  51.5  12:40p     W
21  11.2  15.4   2:00p   4.9  12:00m   7.1   0.0   3.8   4.3  35.4  12:20a   SSW
22  11.1  16.3   1:40p   4.7  12:30a   7.2   0.0   0.0   5.6  30.6  10:10p     E
23  12.1  14.6  12:10p  10.4   1:20a   6.2   0.0   8.2  10.0  38.6   4:50a   ENE
24  13.4  16.8   2:00p  11.4  12:10a   4.9   0.0  18.4   8.0  40.2  10:20p   NNE
25  14.9  20.2   1:30p  10.3  12:00m   3.5   0.1   7.0   5.0  41.8   1:00p     W
26  14.3  16.6  12:40p  10.3  12:10a   4.0   0.0   8.6   6.9  51.5   6:10p   NNE
27  15.5  18.2   1:00p  12.6   7:30a   2.8   0.0   4.4  13.2  62.8   8:10p   WNW
28  15.9  19.2   1:10p  13.3   6:00a   2.4   0.0  16.2  11.9  49.9   5:30p   WNW
29  13.3  16.9   4:20a   8.8  11:00p   5.0   0.0  16.2  15.8  67.6   4:10p     W
30  11.8  15.0   1:40p   8.4   3:10a   6.5   0.0  13.2   5.3  40.2   8:40a    SW
-------------------------------------------------------------------------------------
    13.4  25.2     1     3.2    17   153.4   6.3 175.7   5.7  85.3    19     NNE

Max >=  32.0:  0
Max <=   0.0:  0
Min <=   0.0:  0
Min <= -18.0:  0
Max Rain: 25.40 ON 11/06/09
Days of Rain: 24 (> .2 mm) 15 (> 2 mm) 1 (> 20 mm)
Heat Base:  18.3  Cool Base:  18.3  Method: Integration
Gardiner Family