Gardiner Family

Gardiner Family

Gardiner Family
NOAA style reports

NOAA-style Climate Reports


Report for 2009 May
                   MONTHLY CLIMATOLOGICAL SUMMARY for MAY. 2009

NAME: Kairos   CITY: Maddington   STATE: Western Australia 
ELEV:    20 m  LAT:  32 04' 24" S  LONG: 116 00' 18" E

                   TEMPERATURE (C), RAIN  (mm), WIND SPEED (km/hr)

                                      HEAT  COOL        AVG
    MEAN                              DEG   DEG         WIND                 DOM
DAY TEMP  HIGH   TIME   LOW    TIME   DAYS  DAYS  RAIN  SPEED HIGH   TIME    DIR
------------------------------------------------------------------------------------
 1  17.9  24.7   2:20p  12.6   6:10a   2.0   1.6   0.0  13.4  46.7   7:30a     E
 2  19.7  27.9   3:00p  13.4  11:00p   1.3   2.7   0.0   7.6  43.5   4:30a     E
 3  20.1  27.6   1:10p  12.3   2:10a   1.0   2.8   0.0   2.9  19.3   3:10a    NE
 4  20.2  28.0   2:40p  12.9   4:30a   1.2   3.1   0.0   3.4  25.7   6:10a     E
 5  20.8  27.9   3:00p  12.1  11:50p   0.8   3.3   0.0   5.8  27.4   5:20a     E
 6  19.9  27.1   2:50p  12.1  12:10a   0.9   2.5   0.0   6.9  40.2   4:40a     E
 7  19.4  26.0   2:00p  12.3  12:10a   1.2   2.3   0.0   6.9  33.8   6:30a     E
 8  18.8  25.4   2:20p  12.6  10:40p   1.4   1.9   0.0   6.8  33.8   7:20a     E
 9  18.4  26.1   3:30p  11.9  10:40p   1.8   2.0   0.0   6.3  33.8   1:40a   ENE
10  18.4  22.9   3:30p  14.2   1:20a   1.1   1.2   0.0   2.7  22.5  10:30a   ENE
11  19.8  26.9   2:40p  14.5   1:50a   0.9   2.5   0.0   7.1  54.7  10:00p   SSW
12  18.7  24.8   2:40p  14.0   7:10a   1.3   1.7   0.0  15.9  54.7  12:30a     E
13  17.5  25.3   2:10p  12.3  10:00p   2.2   1.4   0.0   8.7  41.8   2:50a     E
14  17.1  24.6   1:40p   9.8  12:00m   2.6   1.4   0.0   6.4  33.8  12:20a     E
15  16.9  24.9   2:40p   9.2  12:50a   3.1   1.8   0.0   3.2  22.5   4:20p   ENE
16  16.9  24.9   1:40p   8.4   7:10a   3.1   1.7   0.0   3.1  22.5   4:20p     S
17  18.3  26.6   1:20p   9.0  12:00m   2.1   2.2   0.0   4.8  33.8   2:10a     E
18  14.1  23.7   1:30p   5.6   6:20a   5.3   1.1   0.0   2.4  30.6   1:10p   WSW
19  15.9  23.2  12:10p   9.7   5:10a   3.4   0.9   0.0   2.4  20.9  10:30a   WSW
20  19.7  26.5   2:40p  12.4  12:10a   0.9   2.2   2.2   7.7  33.8   2:30p     N
21  17.6  23.6  12:20p  13.4  11:40p   1.4   0.7  18.6  13.4  86.9  12:30p   NNE
22  13.3  17.8  12:30p  10.6   5:50a   5.0   0.0  10.8  11.4  72.4   3:50a     W
23  12.6  17.0   2:00p   6.7  12:00m   5.7   0.0   8.4   5.0  38.6   3:30p   SSW
24  11.1  19.8   3:10p   4.0   7:00a   7.3   0.1   0.0   1.6  19.3  10:50a     S
25  12.1  18.7   3:10p   5.1   5:00a   6.2   0.0   0.0   4.3  32.2  11:20a     E
26  16.4  21.9   2:30p  11.7   6:00a   2.5   0.7   0.0  14.6  46.7   8:50a     E
27  17.2  21.8   2:50p  13.4   7:30a   1.7   0.6   0.0  13.4  45.1   1:40a     E
28  17.6  22.9   2:30p  13.8   5:50a   1.6   0.9   0.0  13.2  46.7   9:10a     E
29  18.1  23.5   3:00p  13.8   7:30a   1.4   1.1   0.0  12.4  43.5   9:40a     E
30  18.9  24.7   1:30p  14.4   7:10a   1.1   1.7   0.0   9.0  38.6   1:10a   ENE
31  19.3  23.7   2:20p  14.8  10:10p   0.6   1.6   0.0   3.4  25.7  12:10a   ESE
-------------------------------------------------------------------------------------
    17.5  28.0     4     4.0    24    72.3  47.8  40.0   7.3  86.9    21       E

Max >=  32.0:  0
Max <=   0.0:  0
Min <=   0.0:  0
Min <= -18.0:  0
Max Rain: 18.59 ON 21/05/09
Days of Rain: 4 (> .2 mm) 4 (> 2 mm) 0 (> 20 mm)
Heat Base:  18.3  Cool Base:  18.3  Method: Integration
Gardiner Family