Gardiner Family

Gardiner Family

Gardiner Family
NOAA style reports

NOAA-style Climate Reports

Select a Year or Month report

Notice: Undefined index: NOAA2017.TXT in E:\xampp\htdocs\gardiner\davis\noaa.php on line 289

Report for 2009 Mar
                   MONTHLY CLIMATOLOGICAL SUMMARY for MAR. 2009

NAME: Kairos   CITY: Maddington   STATE: Western Australia 
ELEV:    20 m  LAT:  32 04' 24" S  LONG: 116 00' 18" E

                   TEMPERATURE (C), RAIN  (mm), WIND SPEED (km/hr)

                                      HEAT  COOL        AVG
    MEAN                              DEG   DEG         WIND                 DOM
DAY TEMP  HIGH   TIME   LOW    TIME   DAYS  DAYS  RAIN  SPEED HIGH   TIME    DIR
------------------------------------------------------------------------------------
 1  27.1  32.9   4:40p  22.0  12:00m   0.0   8.8   0.0  10.3  46.7   6:00a    SW
 2  20.2  24.3   4:30p  14.9  12:00m   0.4   2.3   0.2  12.6  48.3   1:40p    SW
 3  17.6  26.6   5:00p   7.7   6:50a   3.0   2.2   0.0   5.0  33.8  11:10a    SE
 4  22.0  30.7   5:00p  13.7   7:30a   1.0   4.7   0.0   8.4  37.0   1:30a     E
 5  24.9  34.7   4:20p  18.1   7:40a   0.0   6.6   0.0   8.5  46.7   3:20a     E
 6  27.5  35.7   4:20p  17.9   1:50a   0.0   9.2   0.0   7.9  56.3  11:50p     E
 7  23.6  32.0   4:30p  16.9   7:30a   0.1   5.4   0.0  16.7  67.6   8:40a     E
 8  25.4  35.4   4:10p  18.7  12:10a   0.0   7.2   0.0   9.8  48.3   5:30a     E
 9  26.4  35.7   2:10p  17.3   3:10a   0.0   8.1   0.0   5.1  32.2   4:40p   WSW
10  26.8  38.1   2:40p  17.8   1:50a   0.0   8.5   0.0   4.7  35.4   2:30p   WSW
11  22.0  31.5   2:40p  13.8   7:10a   0.8   4.5   0.0   4.5  29.0   3:30p    SW
12  21.6  27.7   3:50p  17.1  11:30p   0.0   3.4   0.0   4.7  27.4   3:50p    SW
13  20.9  29.8   4:30p  14.0   5:50a   1.0   3.7   0.0   6.1  35.4  11:50p   SSW
14  22.7  31.1   3:50p  14.4   7:20a   0.9   5.3   0.0  16.7  57.9   2:20a     E
15  28.2  39.3   5:10p  21.3   7:40a   0.0   9.9   0.0  11.1  54.7   3:10a     E
16  24.3  32.9   2:00p  16.2   7:30a   0.1   6.1   0.0   5.0  30.6   3:40p   WNW
17  20.6  24.9  12:10p  16.3   7:10a   0.2   2.4   0.4   6.4  45.1   1:20p   WSW
18  18.7  24.5   3:00p  13.3  12:00m   1.3   1.7   0.0   5.0  37.0   3:00p    SW
19  18.4  27.1   2:00p  11.8   3:50a   2.1   2.2   0.0   4.7  33.8   3:40p    SW
20  19.1  24.9   1:30p  13.6  12:10a   1.0   1.8   0.8   6.0  37.0   4:30p     W
21  17.9  24.9   3:10p  12.3   5:10a   2.1   1.7   0.2   3.1  25.7   5:40p    SW
22  16.6  24.6   3:20p   8.2   7:30a   3.4   1.7   0.0   3.9  33.8   1:50p   WSW
23  18.8  26.1   2:40p  13.6   2:00a   1.3   1.8   0.6   4.0  37.0   2:00p    SW
24  19.2  25.9   2:10p  13.6   5:40a   1.4   2.3   0.0   3.4  29.0   3:20p    SW
25  20.2  27.8   3:20p  14.2   7:30a   0.8   2.7   0.0   4.0  32.2   4:10p    SW
26  23.6  33.4   4:00p  15.7  12:20a   0.1   5.4   0.0  10.0  49.9   9:00a     E
27  24.8  36.9   2:00p  15.2   7:50a   0.4   6.8   0.0   3.9  29.0  11:20a     W
28  21.6  30.9   3:50p  15.0   7:20a   0.7   3.9   0.0   7.6  51.5  10:40p   SSW
29  20.6  26.3   2:30p  16.7   6:40a   0.3   2.6   0.0   9.2  38.6  12:40a   ESE
30  20.1  26.2   1:00p  16.0  12:00m   0.4   2.2   0.0   6.4  35.4   5:10p   SSW
31  18.8  26.6   2:00p  12.7   6:40a   1.3   1.7   0.0   5.8  37.0   4:50p    SW
-------------------------------------------------------------------------------------
    21.9  39.3    15     7.7     3    24.0 136.7   2.2   7.1  67.6     7      SW

Max >=  32.0: 11
Max <=   0.0:  0
Min <=   0.0:  0
Min <= -18.0:  0
Max Rain: 0.79 ON 20/03/09
Days of Rain: 5 (> .2 mm) 0 (> 2 mm) 0 (> 20 mm)
Heat Base:  18.3  Cool Base:  18.3  Method: Integration
Gardiner Family