Gardiner Family

Gardiner Family

Gardiner Family
NOAA style reports

NOAA-style Climate Reports

Select a Year or Month report

Notice: Undefined index: NOAA2017.TXT in E:\xampp\htdocs\gardiner\davis\noaa.php on line 289

Report for 2009 Feb
                   MONTHLY CLIMATOLOGICAL SUMMARY for FEB. 2009

NAME: Kairos   CITY: Maddington   STATE: Western Australia 
ELEV:    20 m  LAT:  32 04' 24" S  LONG: 116 00' 18" E

                   TEMPERATURE (C), RAIN  (mm), WIND SPEED (km/hr)

                                      HEAT  COOL        AVG
    MEAN                              DEG   DEG         WIND                 DOM
DAY TEMP  HIGH   TIME   LOW    TIME   DAYS  DAYS  RAIN  SPEED HIGH   TIME    DIR
------------------------------------------------------------------------------------
 1  29.6  38.7   4:00p  24.0   7:00a   0.0  11.2   0.0   5.8  37.0   4:20p    SW
 2  30.2  40.7   1:10p  21.8   5:50a   0.0  11.9   0.0   5.8  33.8   2:40p    SW
 3  26.1  35.5   2:10p  18.4   6:00a   0.0   7.8   0.0   4.8  29.0   1:40p    SW
 4  24.9  33.5   3:30p  19.9   7:10a   0.0   6.7   0.0   8.2  46.7   4:10p    SW
 5  23.9  33.6   3:10p  17.2   7:10a   0.1   5.8   0.0   9.7  43.5   4:30p    SW
 6  20.2  27.7   1:40p  14.7   6:20a   0.8   2.8   0.0  10.3  45.1   5:20p   SSW
 7  20.4  28.6   3:30p  13.6   5:30a   1.1   3.3   0.0   6.4  35.4  10:00a   SSW
 8  24.1  33.3   5:10p  15.8   5:40a   0.4   6.3   0.0  16.9  62.8   8:30a     E
 9  26.3  34.9   4:20p  17.7   6:50a   0.0   8.1   0.0  17.2  67.6   9:10a     E
10  28.2  36.9   5:00p  19.7   6:50a   0.0   9.9   0.0  15.8  61.2   8:20a     E
11  31.1  39.6   4:30p  22.8  12:00m   0.0  12.7   0.0   9.7  38.6   5:00a   ENE
12  30.2  40.3   1:10p  22.8  12:10a   0.0  11.9   0.0  10.8  41.8   1:30p    SW
13  23.4  30.1   3:20p  19.9  11:50p   0.0   5.2   0.0   9.3  51.5  10:50a     S
14  24.4  28.6   6:20p  18.2   1:20a   0.0   6.1   0.4  16.3  67.6   5:40a     E
15  24.2  33.6   1:50p  15.8   6:40a   0.3   6.2   0.0   4.3  29.0   3:10p    SW
16  22.2  28.4   2:50p  17.2   3:40a   0.1   3.9   0.0   7.2  35.4   3:20p    SW
17  23.6  32.8   4:10p  15.8   4:00a   0.5   5.7   0.0   8.0  57.9  11:50p   SSW
18  24.4  32.4   5:30p  17.3   7:00a   0.1   6.2   0.0  15.0  62.8   1:20a     E
19  25.3  34.3   3:50p  17.1   6:40a   0.1   7.1   0.0  13.8  51.5   4:30a     E
20  27.9  36.8   5:00p  18.7   7:10a   0.0   9.7   0.0  16.1  54.7   7:50a     E
21  30.2  39.8   2:20p  23.4  12:00m   0.0  11.9   0.0  11.9  45.1   1:50a     E
22  25.1  33.7   3:10p  19.2   7:30a   0.0   6.7   0.0   8.2  56.3  11:30p   SSW
23  24.6  35.4   5:00p  17.1   6:50a   0.2   6.5   0.0  16.6  66.0   5:00a     E
24  21.1  25.4   1:10p  15.8  12:00m   0.2   2.9   0.0   5.1  33.8   3:00p   WSW
25  16.8  22.4  11:00a  12.1  12:00m   1.9   0.4  12.0   4.5  40.2   7:50p     W
26  16.8  24.1   4:20p   9.8   7:20a   2.9   1.4   0.2   4.3  27.4   5:50p     S
27  21.6  31.4   3:50p  15.0   1:10a   1.0   4.3   0.0  10.1  48.3   8:40a     E
28  26.2  36.6   3:50p  15.9   2:00a   0.2   8.0   0.0  11.4  51.5   4:20a     E
-------------------------------------------------------------------------------------
    24.7  40.7     2     9.8    26     9.8 190.4  12.6  10.1  67.6     9       E

Max >=  32.0: 19
Max <=   0.0:  0
Min <=   0.0:  0
Min <= -18.0:  0
Max Rain: 11.99 ON 25/02/09
Days of Rain: 3 (> .2 mm) 1 (> 2 mm) 0 (> 20 mm)
Heat Base:  18.3  Cool Base:  18.3  Method: Integration
Gardiner Family