Gardiner Family

Gardiner Family

Gardiner Family
NOAA style reports

NOAA-style Climate Reports

Select a Year or Month report

Notice: Undefined index: NOAA2017.TXT in E:\xampp\htdocs\gardiner\davis\noaa.php on line 289

Report for 2009 Jan
                   MONTHLY CLIMATOLOGICAL SUMMARY for JAN. 2009

NAME: Kairos   CITY: Maddington   STATE: Western Australia 
ELEV:    20 m  LAT:  32 04' 24" S  LONG: 116 00' 18" E

                   TEMPERATURE (C), RAIN  (mm), WIND SPEED (km/hr)

                                      HEAT  COOL        AVG
    MEAN                              DEG   DEG         WIND                 DOM
DAY TEMP  HIGH   TIME   LOW    TIME   DAYS  DAYS  RAIN  SPEED HIGH   TIME    DIR
------------------------------------------------------------------------------------
 1  27.4  39.5   4:30p  18.4   5:45a   0.0   9.1   0.0  14.3  62.8  12:15a     E
 2  29.5  38.8  12:15p  21.8   5:30a   0.0  11.2   0.0   9.7  48.3   1:30a    SW
 3  27.1  36.7   2:30p  19.7   4:30a   0.0   8.8   0.0   6.0  33.8   5:00p     S
 4  27.3  37.7   4:30p  18.7   6:00a   0.0   9.0   0.0   5.5  25.7   1:00a   SSW
 5  28.7  38.1   2:00p  22.3   6:00a   0.0  10.4   0.0  10.9  45.1   3:15a     E
 6  28.5  38.0   4:00p  19.8   5:45a   0.0   9.7   0.0   7.1  45.1  11:45p   SSW
 7  26.9  36.9   4:15p  18.8   6:45a   0.0   8.6   0.0  11.7  54.7   2:15a     E
 8  28.7  38.4   5:00p  19.7   7:00a   0.0  10.4   0.0   9.7  54.7   3:15a     E
 9  28.4  38.7   3:50p  19.8   7:00a   0.0  10.2   0.0   8.0  40.2   1:00a   SSW
10  28.1  36.7   1:50p  21.0   6:30a   0.0   9.8   0.0   6.9  41.8   2:00p    SW
11  28.9  39.8   3:20p  20.8  12:00m   0.0  10.7   0.0  11.1  53.1   4:40a     E
12  21.5  29.0   1:10p  14.8   6:30a   0.5   3.7   0.0   8.5  53.1   4:20p    SW
13  19.9  28.1   3:20p  12.0   6:40a   1.3   2.9   0.0   6.4  41.8   4:20p    SW
14  23.4  32.9   4:20p  14.4   4:30a   0.7   5.8   0.0   6.4  45.1  11:50p   SSW
15  28.9  39.8   4:20p  19.1   6:30a   0.0  10.6   0.0  18.3  67.6   1:30a     E
16  32.4  42.6   1:20p  21.4  12:00m   0.0  14.1   0.0  14.8  51.5   7:40a   ENE
17  24.9  34.1   3:40p  17.1   7:10a   0.1   6.7   0.0   4.7  35.4  12:00m    SW
18  26.3  33.5   5:00p  21.1  12:00m   0.0   8.0   0.0   7.2  46.7  10:10p    SE
19  22.3  30.3   4:30p  15.7   5:20a   0.3   4.4   3.6   9.0  59.5   5:40a     E
20  22.6  31.2   2:50p  15.3   7:10a   0.4   4.6   0.0   8.4  37.0   3:30p    SW
21  21.2  29.2   1:20p  14.6   5:30a   0.7   3.6   0.0   7.1  38.6   3:30p    SW
22  22.5  29.6   2:40p  18.1   7:10a   0.0   4.2   0.0   7.1  33.8   5:20p    SW
23  23.2  29.7   3:50p  17.2  12:00m   0.0   4.9   0.0   7.7  30.6   3:10p    SW
24  23.5  33.2   1:40p  14.3   6:10a   0.9   6.1   0.0   5.3  33.8   3:10p    SW
25  27.5  40.6   3:40p  16.7   3:10a   0.1   9.3   0.0   6.0  38.6   4:10p    SW
26  24.3  32.8   1:30p  17.9   7:10a   0.0   6.0   0.0   5.3  32.2   5:50p    SW
27  25.9  35.2   4:30p  16.8   6:10a   0.1   7.7   0.0   6.4  35.4   6:50p   SSW
28  24.9  31.8   3:40p  21.2   5:40a   0.0   6.7   0.0   6.4  35.4   5:10p     S
29  22.2  25.9   5:00p  18.9   7:00a   0.0   3.8   1.2   5.5  22.5   2:40a     S
30  24.3  32.0   4:50p  18.5   7:10a   0.0   5.9   0.0   3.2  20.9   5:00p   SSW
31  28.3  36.8   5:40p  22.1   5:00a   0.0  10.0   0.0   8.4  45.1   7:10a     E
-------------------------------------------------------------------------------------
    25.8  42.6    16    12.0    13     5.0 237.0   4.8   8.2  67.6    15      SW

Max >=  32.0: 22
Max <=   0.0:  0
Min <=   0.0:  0
Min <= -18.0:  0
Max Rain: 3.61 ON 19/01/09
Days of Rain: 2 (> .2 mm) 1 (> 2 mm) 0 (> 20 mm)
Heat Base:  18.3  Cool Base:  18.3  Method: Integration
Gardiner Family