Gardiner Family

Gardiner Family

Gardiner Family
NOAA style reports

NOAA-style Climate Reports

Select a Year or Month report

Notice: Undefined index: NOAA2017.TXT in E:\xampp\htdocs\gardiner\davis\noaa.php on line 289

Report for 2008 Dec
                   MONTHLY CLIMATOLOGICAL SUMMARY for DEC. 2008

NAME: Kairos   CITY: Maddington   STATE: Western Australia 
ELEV:    20 m  LAT:  32 04' 24" S  LONG: 116 00' 18" E

                   TEMPERATURE (C), RAIN  (mm), WIND SPEED (km/hr)

                                      HEAT  COOL        AVG
    MEAN                              DEG   DEG         WIND                 DOM
DAY TEMP  HIGH   TIME   LOW    TIME   DAYS  DAYS  RAIN  SPEED HIGH   TIME    DIR
------------------------------------------------------------------------------------
 1  19.9  30.1   2:30p  12.3   1:45a   1.7   3.4   0.0   6.0  30.6   7:30a   SSW
 2  23.4  34.9   3:15p  13.4   1:45a   0.8   5.9   0.4   3.9  24.1   6:30a    SW
 3  19.5  23.9  12:15p  16.0   3:30a   0.3   1.5   2.2   7.7  38.6  12:45p   WSW
 4  19.2  25.7   2:00p  15.4  11:00p   0.9   1.8   2.4   6.9  35.4   1:00p     W
 5  18.7  25.7   3:15p  12.1  12:00m   1.6   2.0   0.0   6.3  38.6   3:00p    SW
 6  20.0  30.1   2:30p  11.7   1:00a   1.5   3.2   0.0   8.2  38.6   7:45a     E
 7  20.7  30.2  12:45p  12.9   3:30a   1.3   3.7   0.0   6.9  32.2   3:15p    SW
 8  18.4  24.3  12:15p  12.7   5:30a   1.5   1.6   0.0   7.7  38.6   4:00p    SW
 9  17.6  25.2  12:30p  10.7   5:45a   2.4   1.7   0.0   5.0  37.0   2:00p    SW
10  15.5  23.0   3:15p  10.7   3:00a   3.1   0.2  13.8   2.7  24.1  11:00a    SW
11  18.4  28.2   1:45p   9.9   5:30a   2.2   2.3   0.0   6.6  38.6   5:45p    SW
12  19.9  28.0   1:15p  12.6   5:45a   1.5   3.2   0.0   5.5  35.4   1:45p     S
13  23.9  34.3   1:45p  13.8   1:30a   0.7   6.4   0.0   5.5  32.2   5:30p    SW
14  28.4  39.4   3:00p  18.9  12:00m   0.0  10.1   0.0  11.6  46.7   5:45a     E
15  23.1  30.7   1:30p  18.3   2:30a   0.0   4.8   0.0   6.6  33.8   3:00p    SW
16  21.7  30.3   2:00p  16.0   5:30a   0.2   3.6   0.0   6.8  41.8   3:00p     S
17  20.8  29.2   1:15p  14.7   5:45a   0.8   3.3   0.0   7.6  35.4   4:00p    SW
18  22.9  34.1   2:45p  15.8   5:30a   0.5   5.1   0.0   9.8  45.1   5:45a     E
19  22.6  32.4   1:00p  13.6   4:45a   1.0   5.3   0.0   5.0  29.0   5:45p    SW
20  20.1  24.4   2:30p  17.2  11:00p   0.1   1.9   0.8  11.3  49.9   1:00p   WSW
21  19.4  26.5   2:00p  13.6  12:00m   1.0   2.2   0.0   6.6  35.4   2:30p    SW
22  21.1  30.9   1:45p  12.8   1:45a   1.3   4.1   0.0   7.4  33.8   2:45p   SSW
23  20.3  29.6  12:15p  12.2   5:15a   1.4   3.4   0.0   8.0  41.8   2:00p    SW
24  21.4  31.7  12:45p  13.3   3:00a   1.0   4.1   0.0   7.2  35.4   1:30p    SW
25  21.1  31.6  12:45p  12.7   5:30a   1.3   4.1   0.0   8.9  41.8   5:45p    SW
26  21.2  31.6   1:00p  13.0   5:15a   1.2   4.1   0.0   8.2  37.0   4:30p    SW
27  22.5  33.0   1:45p  12.7   5:45a   1.2   5.5   0.0   6.6  35.4   4:45p    SW
28  25.1  36.8   3:00p  16.5   4:15a   0.2   6.9   0.0   5.6  27.4   3:00p   SSW
29  28.7  39.5   3:30p  18.6  12:15a   0.0  10.4   0.0  10.9  53.1  11:30p     E
30  30.0  41.2   3:00p  21.0   5:30a   0.0  11.7   0.0  12.1  51.5   2:45a     E
31  29.3  39.2   2:30p  21.2   5:45a   0.0  11.0   0.0  10.0  53.1  10:00p     E
-------------------------------------------------------------------------------------
    21.8  41.2    30     9.9    11    31.0 138.6  19.6   7.4  53.1    29      SW

Max >=  32.0: 10
Max <=   0.0:  0
Min <=   0.0:  0
Min <= -18.0:  0
Max Rain: 13.79 ON 10/12/08
Days of Rain: 5 (> .2 mm) 3 (> 2 mm) 0 (> 20 mm)
Heat Base:  18.3  Cool Base:  18.3  Method: Integration
Gardiner Family