Gardiner Family

Gardiner Family

Gardiner Family
NOAA style reports

NOAA-style Climate Reports


Report for 2008 Nov
                   MONTHLY CLIMATOLOGICAL SUMMARY for NOV. 2008

NAME: Kairos   CITY: Maddington   STATE: Western Australia 
ELEV:    20 m  LAT:  32 04' 24" S  LONG: 116 00' 18" E

                   TEMPERATURE (C), RAIN  (mm), WIND SPEED (km/hr)

                                      HEAT  COOL        AVG
    MEAN                              DEG   DEG         WIND                 DOM
DAY TEMP  HIGH   TIME   LOW    TIME   DAYS  DAYS  RAIN  SPEED HIGH   TIME    DIR
------------------------------------------------------------------------------------
 1  17.1  26.3   2:45p  11.2  12:00m   2.8   1.6   0.0   9.3  40.2   4:15a     E
 2  19.3  27.5  11:30a  10.6   1:15a   1.7   2.7   0.0   9.8  33.8   3:45p    SW
 3  15.8  20.8   3:00p  13.3   5:30a   2.6   0.2   8.4   7.1  41.8   3:15p     W
 4  16.4  22.3   2:00p  12.8   1:45a   2.5   0.6   5.4   9.7  46.7  11:45a   WSW
 5  13.9  19.2  11:00a   9.3  12:00m   4.4   0.0   9.2   7.1  41.8   9:45a    SW
 6  13.8  20.3   2:15p   7.2   4:15a   4.7   0.2   4.6   8.4  45.1   4:00p    SW
 7  14.4  21.7   3:00p   6.9   5:00a   4.4   0.5   0.0   4.2  27.4   9:00a     S
 8  17.6  27.4   1:00p   8.8   5:15a   3.0   2.3   0.0   5.0  32.2   5:00p   SSW
 9  20.9  30.8   1:00p  12.3   1:45a   1.6   4.2   0.0   4.2  24.1   1:15p    SW
10  21.3  29.2   1:15p  15.7  12:00m   0.5   3.4   0.0   7.4  43.5   3:00a   WSW
11  18.9  23.4   2:45p  15.1   2:00a   0.8   1.4   0.0   3.5  24.1   7:30p     S
12  17.6  24.6   2:15p  12.4   5:45a   2.0   1.2   0.0   6.0  32.2   5:00p   SSW
13  18.0  25.3   2:15p  12.2   4:15a   2.0   1.7   0.0   7.4  41.8  12:00m   ESE
14  18.1  25.3   3:45p  12.1   5:15a   1.8   1.7   0.0  13.0  46.7   2:15a   ESE
15  18.9  26.0   3:45p  12.4   5:15a   1.7   2.3   0.0  16.7  53.1  11:45p   ESE
16  19.2  26.8   4:15p  12.8   5:30a   1.6   2.4   0.0  16.6  53.1   1:15a     E
17  20.3  27.9   2:45p  13.9   4:45a   1.1   3.1   0.0  12.7  45.1   3:30a     E
18  19.4  28.6   2:30p  13.0  12:00m   1.5   2.6   0.0  10.9  40.2   2:00a     E
19  22.2  32.3   1:30p  11.9   1:15a   1.0   4.9   0.2   6.6  37.0   3:45a    SW
20  19.1  25.8   1:00p  14.3   5:00a   1.2   2.0   1.0   5.6  35.4   1:15p     W
21  18.8  25.8   2:15p  13.4   5:45a   1.7   2.1   0.8   4.5  29.0   3:15p   NNE
22  17.7  24.2  10:00a  13.4   5:00a   1.7   1.1   7.4   4.2  41.8   1:15p   WNW
23  17.9  22.9   3:30p  14.5   4:45a   1.4   1.0   9.4   7.6  38.6   4:30p    SW
24  17.7  23.4   2:15p  13.6   2:30a   1.7   1.1   6.6   7.1  33.8  11:00a   WSW
25  17.6  25.8   3:00p  11.4   5:30a   2.2   1.5   0.2   4.2  29.0   3:45p    SW
26  17.4  23.7   2:00p  12.3   4:15a   2.0   1.1   1.0   6.3  38.6  12:00p   WSW
27  18.4  24.6   1:00p  13.6  12:00m   1.7   1.8   0.2   7.4  38.6   1:15p    SW
28  18.3  26.3   1:15p  10.7   5:00a   2.4   2.5   0.0   4.5  29.0   3:00p    SW
29  18.7  26.7   2:15p   9.9   5:30a   2.1   2.5   0.0   6.1  32.2   1:45p    SW
30  19.2  28.2   1:45p  12.7   5:45a   1.6   2.5   0.0   7.4  37.0   3:00p   SSW
-------------------------------------------------------------------------------------
    18.1  32.3    19     6.9     7    61.4  56.3  54.4   7.7  53.1    15      SW

Max >=  32.0:  1
Max <=   0.0:  0
Min <=   0.0:  0
Min <= -18.0:  0
Max Rain: 9.40 ON 23/11/08
Days of Rain: 13 (> .2 mm) 7 (> 2 mm) 0 (> 20 mm)
Heat Base:  18.3  Cool Base:  18.3  Method: Integration
Gardiner Family