Gardiner Family

Gardiner Family

Gardiner Family
NOAA style reports

NOAA-style Climate Reports

Select a Year or Month report

Notice: Undefined index: NOAA2017.TXT in E:\xampp\htdocs\gardiner\davis\noaa.php on line 289

Report for 2008 Oct
                   MONTHLY CLIMATOLOGICAL SUMMARY for OCT. 2008

NAME: Kairos   CITY: Maddington   STATE: Western Australia 
ELEV:    20 m  LAT:  32 04' 24" S  LONG: 116 00' 18" E

                   TEMPERATURE (C), RAIN  (mm), WIND SPEED (km/hr)

                                      HEAT  COOL        AVG
    MEAN                              DEG   DEG         WIND                 DOM
DAY TEMP  HIGH   TIME   LOW    TIME   DAYS  DAYS  RAIN  SPEED HIGH   TIME    DIR
------------------------------------------------------------------------------------
 1  16.9  21.3   1:45p  14.1  12:15a   1.7   0.4   6.2   6.6  37.0   1:00p   WNW
 2  14.4  20.4   2:45p   7.3  12:00m   4.0   0.2   2.2   6.0  32.2  10:15a   SSW
 3  13.1  20.4   3:15p   5.3   6:00a   5.4   0.2   0.0   3.4  29.0   3:15p    SW
 4  12.4  20.4  11:45a   7.3  12:00m   6.0   0.1   4.8   7.4  51.5   4:30p    SW
 5  12.3  21.8   1:45p   4.3   4:15a   6.3   0.3   0.0   3.5  30.6   8:30a     S
 6  14.1  21.9   2:45p   7.5   2:30a   4.6   0.4   0.0   5.6  29.0   4:30a    SE
 7  15.7  24.3   2:30p   7.8  12:15a   3.8   1.2   0.0   6.8  37.0   7:45a     E
 8  17.6  27.9   3:00p   9.7   1:00a   3.1   2.4   0.0   6.3  38.6   7:00a     E
 9  16.0  25.8   2:30p   6.9   6:00a   4.1   1.9   0.0   4.8  29.0  11:00a    SW
10  17.9  27.6   2:15p  10.9  12:15a   2.7   2.3   0.0   7.7  41.8   2:45a     E
11  15.4  21.8   2:15p   8.6   5:15a   3.4   0.6   0.0   4.8  27.4   3:45p   WSW
12  15.2  21.9   1:45p   8.8  12:00m   3.6   0.5   0.6   6.0  32.2   2:00p    SW
13  15.4  24.6   3:45p   7.1   4:00a   4.0   1.1   0.0   4.8  35.4  12:00m     E
14  21.5  29.4   3:30p  13.3   5:45a   1.3   4.5   0.0  13.8  48.3  11:15p     E
15  22.8  33.0  12:15p  16.7  11:15p   0.1   4.6   0.0  13.5  53.1   1:30a     E
16  18.7  23.7   2:45p  15.0  11:45p   0.6   1.0   0.0   6.1  29.0   3:30p    SW
17  17.4  24.4   1:00p  10.9   4:00a   2.2   1.3   0.0   4.8  35.4   2:45p    SW
18  19.8  28.8   3:00p  12.9  11:45p   1.4   2.8   0.6   4.5  29.0   4:30p    SW
19  24.1  33.0   2:30p  13.1  12:15a   0.9   6.6   0.0  11.9  49.9   3:00a     E
20  26.3  34.4   3:00p  19.5  11:15p   0.0   8.1   0.0  13.4  46.7   8:15a     E
21  24.6  34.1   1:30p  18.1  10:15p   0.0   6.3   0.0   3.9  30.6   2:00p    SW
22  22.0  31.9   1:00p  15.5   4:15a   0.4   4.1   0.6   4.2  40.2   3:00p    SW
23  24.1  29.8   4:45p  19.8  12:45a   0.0   5.7   0.0  10.5  53.1  10:15a     E
24  18.8  23.2   3:15p  14.0  10:00p   0.5   1.0  28.6   9.2  41.8   2:30p    NW
25  16.1  22.9   1:30p   9.8  12:00m   3.0   0.7  21.2   6.0  33.8   1:00a    SW
26  15.3  24.3   1:15p   7.9   5:00a   4.2   1.2   0.0   3.7  30.6   4:00p    SW
27  17.7  26.3   2:45p   9.7   3:00a   2.6   2.0   0.0   5.0  53.1  11:45p    SW
28  17.8  23.7   3:15p  15.4  11:45p   1.1   0.5  15.0   9.7  64.4   2:15a    SW
29  17.9  22.6  12:45p  13.9  12:00m   1.3   0.9   1.0  10.1  43.5   1:15p    SW
30  16.0  22.4   1:45p   9.6   4:45a   3.0   0.7   0.0   7.1  41.8   1:30p    SW
31  16.2  23.4   2:30p   7.9   5:45a   3.2   1.1   0.0   7.2  38.6   9:15a   ESE
-------------------------------------------------------------------------------------
    17.9  34.4    20     4.3     5    78.6  64.6  80.8   7.0  64.4    28      SW

Max >=  32.0:  4
Max <=   0.0:  0
Min <=   0.0:  0
Min <= -18.0:  0
Max Rain: 28.60 ON 24/10/08
Days of Rain: 10 (> .2 mm) 6 (> 2 mm) 2 (> 20 mm)
Heat Base:  18.3  Cool Base:  18.3  Method: Integration
Gardiner Family