Gardiner Family

Gardiner Family

Gardiner Family
NOAA style reports

NOAA-style Climate Reports

Select a Year or Month report

Notice: Undefined index: NOAA2017.TXT in E:\xampp\htdocs\gardiner\davis\noaa.php on line 289

Report for 2008 Sep
                   MONTHLY CLIMATOLOGICAL SUMMARY for SEP. 2008

NAME: Kairos   CITY: Maddington   STATE: Western Australia 
ELEV:    20 m  LAT:  32 04' 24" S  LONG: 116 00' 18" E

                   TEMPERATURE (C), RAIN  (mm), WIND SPEED (km/hr)

                                      HEAT  COOL        AVG
    MEAN                              DEG   DEG         WIND                 DOM
DAY TEMP  HIGH   TIME   LOW    TIME   DAYS  DAYS  RAIN  SPEED HIGH   TIME    DIR
------------------------------------------------------------------------------------
 1  13.4  19.1   4:15p   8.1  12:00m   4.9   0.0   1.6   1.9  17.7   1:30p     N
 2  14.3  24.1   2:30p   5.7   5:45a   5.0   1.0   0.0   3.2  22.5   8:00a   ENE
 3  16.7  27.2   2:00p   9.3  11:45p   3.5   1.9   0.0   4.7  35.4   8:30a     E
 4  13.8  21.7   1:45p   6.6   5:30a   4.9   0.4   1.6   4.5  35.4   3:15p     S
 5  16.1  23.8  12:45p  10.8  10:15p   3.3   1.2   0.0   7.2  37.0  12:00m    SW
 6  14.4  20.6   3:15p   8.6   7:15a   4.1   0.3   0.0   6.6  33.8  12:15a   ESE
 7  13.2  21.9   3:15p   7.1  11:45p   5.4   0.3   0.0   7.1  29.0   8:30a     E
 8  13.9  22.9   3:30p   6.0   5:45a   5.3   0.9   0.0   3.2  24.1   3:15p   NNE
 9  13.6  23.5   2:30p   5.1   6:15a   5.8   1.1   0.0   3.2  25.7   3:15p    SW
10  12.9  18.3   2:30p   7.0   3:15a   5.4   0.0   1.0   3.7  30.6   2:15p     W
11  15.9  20.3  12:00p  13.3   6:30a   2.4   0.1   1.6   8.0  48.3   2:00p     W
12  16.3  21.2  12:45p  13.4  12:00m   2.3   0.3   5.2  10.0  48.3  12:45p     W
13  14.2  19.1   2:30p   9.3   5:45a   4.2   0.0   6.0   8.5  45.1  11:00a    SW
14  15.1  20.6   2:45p   9.1  10:30p   3.3   0.1   0.6  11.7  48.3   3:15p   WSW
15  13.1  20.3   2:45p   6.3   6:45a   5.4   0.2   0.0   2.9  20.9  10:00a     W
16  14.7  24.2   2:00p   5.8   6:30a   4.9   1.3   0.2   2.6  24.1   1:45p     W
17  15.1  19.6   2:15p  10.4  12:00m   3.2   0.0   4.8   6.6  41.8   1:15p    SW
18  15.9  20.4   2:45p  10.0   1:00a   2.5   0.1   6.0   9.8  57.9  11:30a     W
19  16.0  21.0   2:00p  12.5   9:30p   2.4   0.1   0.0   8.5  41.8   9:45a   WSW
20  15.8  21.6  11:15a  10.6   6:30a   2.9   0.5   1.2   4.8  30.6   1:30p   WSW
21  12.5  17.8   9:00a   4.4  12:00m   5.8   0.0   9.6   8.0  56.3  11:15a     S
22  10.2  19.0   1:45p   1.7   6:15a   8.2   0.0   0.0   3.2  33.8   9:30a     E
23  16.1  23.3   3:00p   5.7   3:00a   3.7   1.5   0.0   8.9  43.5  10:30a   NNE
24  20.0  26.8  12:00p  11.0   6:15a   0.9   2.6   0.0  10.1  48.3   2:00p   NNW
25  14.9  18.6  12:15a  12.4  11:45p   3.4   0.0  40.4   3.7  29.0   4:00a    SW
26  13.8  19.9   2:00p  10.2  12:00m   4.5   0.0   0.0   5.0  30.6   8:00a     S
27  13.9  18.4  12:00p   7.9   3:45a   4.4   0.0   0.0   3.7  27.4   1:45p   WSW
28  16.3  24.3   1:30p  10.3  12:00m   3.1   1.1   0.0   3.9  25.7   3:45p    NE
29  16.4  27.1   2:00p   8.1   6:15a   3.7   1.9   0.0   3.7  25.7  11:30a    SW
30  15.5  21.1   2:00p  11.7   6:15a   3.0   0.3   7.0   6.0  45.1  11:30a   WSW
-------------------------------------------------------------------------------------
    14.8  27.2     3     1.7    22   122.1  17.2  86.8   5.8  57.9    18      SW

Max >=  32.0:  0
Max <=   0.0:  0
Min <=   0.0:  0
Min <= -18.0:  0
Max Rain: 40.41 ON 25/09/08
Days of Rain: 14 (> .2 mm) 7 (> 2 mm) 1 (> 20 mm)
Heat Base:  18.3  Cool Base:  18.3  Method: Integration
Gardiner Family