Gardiner Family

Gardiner Family

Gardiner Family
NOAA style reports

NOAA-style Climate Reports

Select a Year or Month report

Notice: Undefined index: NOAA2017.TXT in E:\xampp\htdocs\gardiner\davis\noaa.php on line 289

Report for 2008 Aug
                   MONTHLY CLIMATOLOGICAL SUMMARY for AUG. 2008

NAME: Kairos   CITY: Maddington   STATE: Western Australia 
ELEV:    20 m  LAT:  32 04' 24" S  LONG: 116 00' 18" E

                   TEMPERATURE (C), RAIN  (mm), WIND SPEED (km/hr)

                                      HEAT  COOL        AVG
    MEAN                              DEG   DEG         WIND                 DOM
DAY TEMP  HIGH   TIME   LOW    TIME   DAYS  DAYS  RAIN  SPEED HIGH   TIME    DIR
------------------------------------------------------------------------------------
 1  11.2  16.2  12:30p   6.3   2:00a   7.1   0.0   6.6   5.6  25.7  10:30a     N
 2  13.2  17.6  12:30p   9.6  10:00p   5.1   0.0   9.6   6.4  37.0   2:15p    SW
 3  11.4  18.4  12:45p   5.2   7:00a   6.9   0.0   0.0   2.7  25.7   1:45p   SSW
 4  10.4  19.1   2:15p   3.6   6:30a   7.9   0.0   0.0   2.1  27.4  10:00a   ENE
 5  11.6  20.8   1:45p   3.4   6:30a   6.9   0.3   0.0   1.9  17.7  11:30a     E
 6  11.8  21.1   2:30p   5.2   3:30a   6.8   0.4   0.0   2.6  25.7  12:15p    SW
 7  11.5  17.7   2:45p   5.1   4:45a   6.8   0.0   0.0   4.5  27.4   6:30p     E
 8  11.9  17.7   1:30p   6.6  10:45p   6.4   0.0   0.0  10.1  38.6   9:30a     E
 9  12.9  18.1   2:30p   8.8   7:00a   5.4   0.0   0.0  18.0  48.3  11:15a     E
10  13.5  18.5   3:00p   9.6   7:00a   4.8   0.0   0.0  18.5  53.1   9:00a     E
11  14.2  21.1   1:30p   9.1   4:45a   4.4   0.4   0.0   8.9  38.6   2:30a     E
12  12.4  18.1  12:30p   7.1  10:15p   5.9   0.0   0.0   8.7  33.8   6:45a     E
13  12.7  19.6   1:30p   6.2  11:45p   5.7   0.1   0.0   8.7  37.0   1:15a     E
14  14.6  20.8   2:30p   7.4  12:15a   4.1   0.4   0.0  10.3  35.4   7:45a     E
15  14.5  23.0   2:45p   6.9  11:45p   4.7   0.9   0.0   7.1  32.2   6:00a     E
16  15.9  23.7   2:15p   8.9  10:45p   3.6   1.2   0.0   5.0  25.7  12:15p   ENE
17  15.7  23.8   2:15p   6.9  12:00m   3.9   1.3   0.0   5.8  27.4   5:30a   ENE
18  13.0  23.3   1:45p   4.2   6:00a   6.2   0.9   0.0   4.3  30.6   9:30a     N
19  11.7  17.4   3:15p   5.9   5:00a   6.6   0.0   2.4   2.3  30.6   9:00p   SSW
20  11.8  17.6   1:45p   6.2   7:00a   6.5   0.0   0.0   7.7  37.0   9:45a   ESE
21  12.3  17.1   2:45p   8.9   6:15a   6.0   0.0   0.0   7.9  38.6   9:30a     E
22  12.5  18.9   2:45p   5.3   6:00a   5.8   0.0   0.0   6.9  35.4  10:00p   ENE
23  13.7  21.8   2:30p   6.8  11:30p   5.0   0.5   0.0   5.8  27.4  12:30a    NE
24  13.3  22.2   2:45p   6.4   6:30a   5.3   0.3   0.0   2.6  22.5   4:45p    SW
25  12.2  21.9   3:15p   5.1   5:45a   6.4   0.3   0.0   2.4  24.1   4:30p    SE
26  15.1  21.8   3:15p   9.7   6:45a   3.7   0.5   0.0  11.3  40.2  11:00p     E
27  16.7  24.1   1:45p  11.7  10:15p   2.8   1.2   0.0   9.2  46.7   5:00a     E
28  14.4  22.2  11:30a   7.0   5:45a   4.5   0.6   0.0   2.3  17.7  11:30a   SSW
29  12.7  20.8   2:00p   5.6  12:00m   5.8   0.1   1.4   5.1  38.6   3:30p   SSW
30  10.4  18.4   1:00p   3.1   5:15a   7.9   0.0   0.0   3.5  33.8   1:45p    SW
31  12.8  18.2   3:45p   7.3   2:45a   5.4   0.0   0.6   3.5  27.4   3:30p    NE
-------------------------------------------------------------------------------------
    13.0  24.1    27     3.1    30   174.4   9.3  20.6   6.5  53.1    10       E

Max >=  32.0:  0
Max <=   0.0:  0
Min <=   0.0:  0
Min <= -18.0:  0
Max Rain: 9.60 ON 02/08/08
Days of Rain: 5 (> .2 mm) 3 (> 2 mm) 0 (> 20 mm)
Heat Base:  18.3  Cool Base:  18.3  Method: Integration
Gardiner Family